{"id":41,"date":"2020-01-09T12:45:03","date_gmt":"2020-01-09T11:45:03","guid":{"rendered":"http:\/\/blogsaverroes.juntadeandalucia.es\/pre\/nuevoceip2v2\/?page_id=41"},"modified":"2024-12-19T13:01:27","modified_gmt":"2024-12-19T12:01:27","slug":"el-centro","status":"publish","type":"page","link":"https:\/\/blogsaverroes.juntadeandalucia.es\/ceiplosmolinos\/el-centro\/","title":{"rendered":"El centro"},"content":{"rendered":"<p><img loading=\"lazy\" decoding=\"async\" class=\"aligncenter\" src=\"https:\/\/encrypted-tbn0.gstatic.com\/images?q=tbn:ANd9GcTygE7CrEOZln0rLFdFyVHOa0tuu3AsHs6Mfw&amp;s\" alt=\"AMPA Poeta Juanma - CEIP Los Molinos | Valverde del Camino\" width=\"398\" height=\"247\"><\/p>\n<p class=\"Default\" style=\"text-align: justify\">El colegio de Educaci\u00f3n Infantil y Primaria &#8220;Los Molinos&#8221; debe su nombre, hist\u00f3ricamente, al hecho de la proliferaci\u00f3n en siglos pasados de los Molinos Harineros que surgieron en estas elevaciones y al amparo de los vientos dominantes del Oc\u00e9ano Atl\u00e1ntico, y est\u00e1 ubicado en una zona urbana, en la calle Tharsis n\u00famero 4 de Valverde del Camino en la provincia de Huelva. Nuestro centro abri\u00f3 sus puertas a la comunidad educativa de Valverde del Camino el 6 de octubre de 1986. Desde entonces muchos ni\u00f1os y ni\u00f1as han invadido de risas y alegr\u00edas hasta el \u00faltimo rinc\u00f3n del mismo. Si tuvi\u00e9semos que definirlo con una \u00fanica palabra, esa ser\u00eda &#8220;CERCANO&#8221;. Nuestro objetivo principal es conseguir que todo el que pertenezca a nuestra comunidad educativa, se sienta como en una gran familia. Nuestro centro est\u00e1 situado en una zona perif\u00e9rica del Suroeste de Valverde del Camino, en la que se pone de manifiesto el caracter\u00edstico relieve del And\u00e9valo Onubense, con cerros suaves y ondulados propios de las \u00faltimas estribaciones de Sierra Morena antes de alcanzar la campi\u00f1a.<\/p>\n","protected":false},"excerpt":{"rendered":"<p>El colegio de Educaci\u00f3n Infantil y Primaria &#8220;Los Molinos&#8221; debe su nombre, hist\u00f3ricamente, al hecho de la proliferaci\u00f3n en siglos pasados de los Molinos Harineros que surgieron en estas elevaciones y al amparo de los vientos dominantes del Oc\u00e9ano Atl\u00e1ntico,&#46;&#46;&#46;<\/p>\n","protected":false},"author":7051,"featured_media":0,"parent":0,"menu_order":0,"comment_status":"closed","ping_status":"closed","template":"","meta":{"ngg_post_thumbnail":0,"footnotes":""},"aioseo_notices":[],"_links":{"self":[{"href":"https:\/\/blogsaverroes.juntadeandalucia.es\/ceiplosmolinos\/wp-json\/wp\/v2\/pages\/41"}],"collection":[{"href":"https:\/\/blogsaverroes.juntadeandalucia.es\/ceiplosmolinos\/wp-json\/wp\/v2\/pages"}],"about":[{"href":"https:\/\/blogsaverroes.juntadeandalucia.es\/ceiplosmolinos\/wp-json\/wp\/v2\/types\/page"}],"author":[{"embeddable":true,"href":"https:\/\/blogsaverroes.juntadeandalucia.es\/ceiplosmolinos\/wp-json\/wp\/v2\/users\/7051"}],"replies":[{"embeddable":true,"href":"https:\/\/blogsaverroes.juntadeandalucia.es\/ceiplosmolinos\/wp-json\/wp\/v2\/comments?post=41"}],"version-history":[{"count":4,"href":"https:\/\/blogsaverroes.juntadeandalucia.es\/ceiplosmolinos\/wp-json\/wp\/v2\/pages\/41\/revisions"}],"predecessor-version":[{"id":591,"href":"https:\/\/blogsaverroes.juntadeandalucia.es\/ceiplosmolinos\/wp-json\/wp\/v2\/pages\/41\/revisions\/591"}],"wp:attachment":[{"href":"https:\/\/blogsaverroes.juntadeandalucia.es\/ceiplosmolinos\/wp-json\/wp\/v2\/media?parent=41"}],"curies":[{"name":"wp","href":"https:\/\/api.w.org\/{rel}","templated":true}]}}