{"id":2651,"date":"2021-05-18T14:47:50","date_gmt":"2021-05-18T14:47:50","guid":{"rendered":"http:\/\/blogsaverroes.juntadeandalucia.es\/ceiplosperales\/?page_id=2651"},"modified":"2021-05-18T14:47:50","modified_gmt":"2021-05-18T14:47:50","slug":"matriculacion-curso-2021-2022-2","status":"publish","type":"page","link":"https:\/\/blogsaverroes.juntadeandalucia.es\/ceiplosperales\/matriculacion-curso-2021-2022-2\/","title":{"rendered":"Matriculaci\u00f3n curso 2021-2022"},"content":{"rendered":"<p>&nbsp;<\/p>\n<p>&nbsp;<\/p>\n<p><a href=\"https:\/\/blogsaverroes.juntadeandalucia.es\/ceiplosperales\/files\/2021\/05\/tras-el-logo-de-la-junta-un-disenador-catalan-y-una-productora-pata-negra-1.jpg\"><img loading=\"lazy\" decoding=\"async\" class=\"wp-image-2647 aligncenter\" src=\"https:\/\/blogsaverroes.juntadeandalucia.es\/ceiplosperales\/files\/2021\/05\/tras-el-logo-de-la-junta-un-disenador-catalan-y-una-productora-pata-negra-1.jpg\" alt=\"\" width=\"212\" height=\"160\" srcset=\"https:\/\/blogsaverroes.juntadeandalucia.es\/ceiplosperales\/files\/2021\/05\/tras-el-logo-de-la-junta-un-disenador-catalan-y-una-productora-pata-negra-1.jpg 557w, https:\/\/blogsaverroes.juntadeandalucia.es\/ceiplosperales\/files\/2021\/05\/tras-el-logo-de-la-junta-un-disenador-catalan-y-una-productora-pata-negra-1-300x225.jpg 300w, https:\/\/blogsaverroes.juntadeandalucia.es\/ceiplosperales\/files\/2021\/05\/tras-el-logo-de-la-junta-un-disenador-catalan-y-una-productora-pata-negra-1-332x249.jpg 332w\" sizes=\"(max-width: 212px) 100vw, 212px\" \/><\/a><\/p>\n<p>En esta p\u00e1gina encontrar\u00e9is toda la informaci\u00f3n relativa a la matriculaci\u00f3n para el curso 2021\/2022-<\/p>\n<p>La matriculaci\u00f3n ser\u00e1 desde el d\u00eda 1 al 10 de junio y el horario de atenci\u00f3n es:<\/p>\n<ul>\n<li>Lunes<\/li>\n<li>MI\u00e9rcoles<\/li>\n<li>Vi\u00e9rnes<\/li>\n<\/ul>\n<p>Estos d\u00edas se atender\u00e1 para recoger y entregar documentaci\u00f3n de 9 a 13 horas. Adem\u00e1s se dejan dos enlaces, para que pod\u00e1is descargaros la documentaci\u00f3n o hacerla de forma telem\u00e1tica.<\/p>\n<p><a href=\"https:\/\/www.juntadeandalucia.es\/educacion\/portals\/web\/escolarizacion\/infantil-a-bachillerato\/impresos\">https:\/\/www.juntadeandalucia.es\/educacion\/portals\/web\/escolarizacion\/infantil-a-bachillerato\/impresos<\/a><\/p>\n<p><a href=\"https:\/\/www.juntadeandalucia.es\/educacion\/secretariavirtual\/\">https:\/\/www.juntadeandalucia.es\/educacion\/secretariavirtual\/<\/a><\/p>\n<p>&nbsp;<\/p>\n<p>&nbsp;<\/p>\n<p>&nbsp;<\/p>\n","protected":false},"excerpt":{"rendered":"<p>&nbsp; &nbsp; En esta p\u00e1gina encontrar\u00e9is toda la informaci\u00f3n relativa a la matriculaci\u00f3n para el curso 2021\/2022- La matriculaci\u00f3n ser\u00e1 desde el d\u00eda 1 al&hellip;<\/p>\n","protected":false},"author":3579,"featured_media":0,"parent":0,"menu_order":0,"comment_status":"closed","ping_status":"closed","template":"","meta":{"ngg_post_thumbnail":0,"footnotes":"","_mc_calendar":[]},"aioseo_notices":[],"_links":{"self":[{"href":"https:\/\/blogsaverroes.juntadeandalucia.es\/ceiplosperales\/wp-json\/wp\/v2\/pages\/2651"}],"collection":[{"href":"https:\/\/blogsaverroes.juntadeandalucia.es\/ceiplosperales\/wp-json\/wp\/v2\/pages"}],"about":[{"href":"https:\/\/blogsaverroes.juntadeandalucia.es\/ceiplosperales\/wp-json\/wp\/v2\/types\/page"}],"author":[{"embeddable":true,"href":"https:\/\/blogsaverroes.juntadeandalucia.es\/ceiplosperales\/wp-json\/wp\/v2\/users\/3579"}],"replies":[{"embeddable":true,"href":"https:\/\/blogsaverroes.juntadeandalucia.es\/ceiplosperales\/wp-json\/wp\/v2\/comments?post=2651"}],"version-history":[{"count":1,"href":"https:\/\/blogsaverroes.juntadeandalucia.es\/ceiplosperales\/wp-json\/wp\/v2\/pages\/2651\/revisions"}],"predecessor-version":[{"id":2652,"href":"https:\/\/blogsaverroes.juntadeandalucia.es\/ceiplosperales\/wp-json\/wp\/v2\/pages\/2651\/revisions\/2652"}],"wp:attachment":[{"href":"https:\/\/blogsaverroes.juntadeandalucia.es\/ceiplosperales\/wp-json\/wp\/v2\/media?parent=2651"}],"curies":[{"name":"wp","href":"https:\/\/api.w.org\/{rel}","templated":true}]}}

Matriculación curso 2021-2022

<p>&nbsp;</p>
<p>&nbsp;</p>
<p><a href="https://blogsaverroes.juntadeandalucia.es/ceiplosperales/files/2021/05/tras-el-logo-de-la-junta-un-disenador-catalan-y-una-productora-pata-negra-1.jpg"><img loading="lazy" decoding="async" class="wp-image-2647 aligncenter" src="https://blogsaverroes.juntadeandalucia.es/ceiplosperales/files/2021/05/tras-el-logo-de-la-junta-un-disenador-catalan-y-una-productora-pata-negra-1.jpg" alt="" width="212" height="160" srcset="https://blogsaverroes.juntadeandalucia.es/ceiplosperales/files/2021/05/tras-el-logo-de-la-junta-un-disenador-catalan-y-una-productora-pata-negra-1.jpg 557w, https://blogsaverroes.juntadeandalucia.es/ceiplosperales/files/2021/05/tras-el-logo-de-la-junta-un-disenador-catalan-y-una-productora-pata-negra-1-300x225.jpg 300w, https://blogsaverroes.juntadeandalucia.es/ceiplosperales/files/2021/05/tras-el-logo-de-la-junta-un-disenador-catalan-y-una-productora-pata-negra-1-332x249.jpg 332w" sizes="(max-width: 212px) 100vw, 212px" /></a></p>
<p>En esta página encontraréis toda la información relativa a la matriculación para el curso 2021/2022-</p>
<p>La matriculación será desde el día 1 al 10 de junio y el horario de atención es:</p>
<ul>
<li>Lunes</li>
<li>MIércoles</li>
<li>Viérnes</li>
</ul>
<p>Estos días se atenderá para recoger y entregar documentación de 9 a 13 horas. Además se dejan dos enlaces, para que podáis descargaros la documentación o hacerla de forma telemática.</p>
<p><a href="https://www.juntadeandalucia.es/educacion/portals/web/escolarizacion/infantil-a-bachillerato/impresos">https://www.juntadeandalucia.es/educacion/portals/web/escolarizacion/infantil-a-bachillerato/impresos</a></p>
<p><a href="https://www.juntadeandalucia.es/educacion/secretariavirtual/">https://www.juntadeandalucia.es/educacion/secretariavirtual/</a></p>
<p>&nbsp;</p>
<p>&nbsp;</p>
<p>&nbsp;</p>

<p>&nbsp; &nbsp; En esta página encontraréis toda la información relativa a la matriculación para el curso 2021/2022- La matriculación será desde el día 1 al&hellip;</p>
