{"id":432,"date":"2015-03-20T07:07:25","date_gmt":"2015-03-20T07:07:25","guid":{"rendered":"http:\/\/blogsaverroes.juntadeandalucia.es\/pre\/ceip\/?page_id=432"},"modified":"2024-05-06T09:02:14","modified_gmt":"2024-05-06T09:02:14","slug":"ed-primaria-2o-ciclo","status":"publish","type":"page","link":"https:\/\/blogsaverroes.juntadeandalucia.es\/ceiplosperales\/ed-primaria-2o-ciclo\/","title":{"rendered":"Ed. Primaria. 2\u00ba ciclo"},"content":{"rendered":"<p><a href=\"http:\/\/blogsaverroes.juntadeandalucia.es\/ceiplosperales\/files\/2015\/03\/2\u00ba-CICLO-1.png\"><img loading=\"lazy\" decoding=\"async\" class=\"alignnone size-medium wp-image-2234\" src=\"http:\/\/blogsaverroes.juntadeandalucia.es\/ceiplosperales\/files\/2015\/03\/2\u00ba-CICLO-1-300x232.png\" alt=\"\" width=\"300\" height=\"232\" srcset=\"https:\/\/blogsaverroes.juntadeandalucia.es\/ceiplosperales\/files\/2015\/03\/2\u00ba-CICLO-1-300x232.png 300w, https:\/\/blogsaverroes.juntadeandalucia.es\/ceiplosperales\/files\/2015\/03\/2\u00ba-CICLO-1-24x19.png 24w, https:\/\/blogsaverroes.juntadeandalucia.es\/ceiplosperales\/files\/2015\/03\/2\u00ba-CICLO-1-36x28.png 36w, https:\/\/blogsaverroes.juntadeandalucia.es\/ceiplosperales\/files\/2015\/03\/2\u00ba-CICLO-1-48x37.png 48w, https:\/\/blogsaverroes.juntadeandalucia.es\/ceiplosperales\/files\/2015\/03\/2\u00ba-CICLO-1.png 310w\" sizes=\"(max-width: 300px) 100vw, 300px\" \/><\/a><\/p>\n<p style=\"text-align: justify\">El 2\u00ba Ciclo de Educaci\u00f3n Primaria est\u00e1 configurado por dos l\u00edneas con los siguientes grupos clase y respectivos tutores:<\/p>\n<ul style=\"text-align: justify\">\n<li>TUTOR\u00cdA DE 3\u00ba A.- Emilio Pinto \u00c1lvarez<\/li>\n<li>TUTOR\u00cdA DE 3\u00ba B.- Socorro Mu\u00f1oz Coronel<\/li>\n<li>TUTOR\u00cdA DE 4\u00ba A.- Alfonso&nbsp; Mantero Manzano<\/li>\n<li>TUTOR\u00cdA DE 4\u00ba B.- Adelaida Camacho Ojeda<\/li>\n<\/ul>\n<p style=\"text-align: justify\">Adem\u00e1s, se hayan adscritas a este Ciclo:&nbsp; Mercedes Delgado Fern\u00e1ndez (maestra de PT) y Manuel Rodr\u00edguez Calvo ( maestro de Religi\u00f3n).<\/p>\n<p>&nbsp;<\/p>\n","protected":false},"excerpt":{"rendered":"<p>El 2\u00ba Ciclo de Educaci\u00f3n Primaria est\u00e1 configurado por dos l\u00edneas con los siguientes grupos clase y respectivos tutores: TUTOR\u00cdA DE 3\u00ba A.- Emilio Pinto&hellip;<\/p>\n","protected":false},"author":1,"featured_media":0,"parent":0,"menu_order":0,"comment_status":"open","ping_status":"open","template":"","meta":{"ngg_post_thumbnail":0,"footnotes":"","_mc_calendar":[]},"aioseo_notices":[],"_links":{"self":[{"href":"https:\/\/blogsaverroes.juntadeandalucia.es\/ceiplosperales\/wp-json\/wp\/v2\/pages\/432"}],"collection":[{"href":"https:\/\/blogsaverroes.juntadeandalucia.es\/ceiplosperales\/wp-json\/wp\/v2\/pages"}],"about":[{"href":"https:\/\/blogsaverroes.juntadeandalucia.es\/ceiplosperales\/wp-json\/wp\/v2\/types\/page"}],"author":[{"embeddable":true,"href":"https:\/\/blogsaverroes.juntadeandalucia.es\/ceiplosperales\/wp-json\/wp\/v2\/users\/1"}],"replies":[{"embeddable":true,"href":"https:\/\/blogsaverroes.juntadeandalucia.es\/ceiplosperales\/wp-json\/wp\/v2\/comments?post=432"}],"version-history":[{"count":16,"href":"https:\/\/blogsaverroes.juntadeandalucia.es\/ceiplosperales\/wp-json\/wp\/v2\/pages\/432\/revisions"}],"predecessor-version":[{"id":3233,"href":"https:\/\/blogsaverroes.juntadeandalucia.es\/ceiplosperales\/wp-json\/wp\/v2\/pages\/432\/revisions\/3233"}],"wp:attachment":[{"href":"https:\/\/blogsaverroes.juntadeandalucia.es\/ceiplosperales\/wp-json\/wp\/v2\/media?parent=432"}],"curies":[{"name":"wp","href":"https:\/\/api.w.org\/{rel}","templated":true}]}}

Ed. Primaria. 2º ciclo

<p><a href="http://blogsaverroes.juntadeandalucia.es/ceiplosperales/files/2015/03/2º-CICLO-1.png"><img loading="lazy" decoding="async" class="alignnone size-medium wp-image-2234" src="http://blogsaverroes.juntadeandalucia.es/ceiplosperales/files/2015/03/2º-CICLO-1-300x232.png" alt="" width="300" height="232" srcset="https://blogsaverroes.juntadeandalucia.es/ceiplosperales/files/2015/03/2º-CICLO-1-300x232.png 300w, https://blogsaverroes.juntadeandalucia.es/ceiplosperales/files/2015/03/2º-CICLO-1-24x19.png 24w, https://blogsaverroes.juntadeandalucia.es/ceiplosperales/files/2015/03/2º-CICLO-1-36x28.png 36w, https://blogsaverroes.juntadeandalucia.es/ceiplosperales/files/2015/03/2º-CICLO-1-48x37.png 48w, https://blogsaverroes.juntadeandalucia.es/ceiplosperales/files/2015/03/2º-CICLO-1.png 310w" sizes="(max-width: 300px) 100vw, 300px" /></a></p>
<p style="text-align: justify">El 2º Ciclo de Educación Primaria está configurado por dos líneas con los siguientes grupos clase y respectivos tutores:</p>
<ul style="text-align: justify">
<li>TUTORÍA DE 3º A.- Emilio Pinto Álvarez</li>
<li>TUTORÍA DE 3º B.- Socorro Muñoz Coronel</li>
<li>TUTORÍA DE 4º A.- Alfonso&nbsp; Mantero Manzano</li>
<li>TUTORÍA DE 4º B.- Adelaida Camacho Ojeda</li>
</ul>
<p style="text-align: justify">Además, se hayan adscritas a este Ciclo:&nbsp; Mercedes Delgado Fernández (maestra de PT) y Manuel Rodríguez Calvo ( maestro de Religión).</p>
<p>&nbsp;</p>

<p>El 2º Ciclo de Educación Primaria está configurado por dos líneas con los siguientes grupos clase y respectivos tutores: TUTORÍA DE 3º A.- Emilio Pinto&hellip;</p>
