{"id":436,"date":"2015-03-20T07:08:17","date_gmt":"2015-03-20T07:08:17","guid":{"rendered":"http:\/\/blogsaverroes.juntadeandalucia.es\/pre\/ceip\/?page_id=436"},"modified":"2024-05-06T09:05:51","modified_gmt":"2024-05-06T09:05:51","slug":"ed-primaria-3o-ciclo","status":"publish","type":"page","link":"https:\/\/blogsaverroes.juntadeandalucia.es\/ceiplosperales\/ed-primaria-3o-ciclo\/","title":{"rendered":"Ed. Primaria. 3\u00ba ciclo"},"content":{"rendered":"<p><a href=\"http:\/\/blogsaverroes.juntadeandalucia.es\/ceiplosperales\/files\/2015\/03\/3er-CICLO-1.png\"><img loading=\"lazy\" decoding=\"async\" class=\"alignnone size-medium wp-image-2238\" src=\"http:\/\/blogsaverroes.juntadeandalucia.es\/ceiplosperales\/files\/2015\/03\/3er-CICLO-1-300x232.png\" alt=\"\" width=\"300\" height=\"232\" srcset=\"https:\/\/blogsaverroes.juntadeandalucia.es\/ceiplosperales\/files\/2015\/03\/3er-CICLO-1-300x232.png 300w, https:\/\/blogsaverroes.juntadeandalucia.es\/ceiplosperales\/files\/2015\/03\/3er-CICLO-1-24x19.png 24w, https:\/\/blogsaverroes.juntadeandalucia.es\/ceiplosperales\/files\/2015\/03\/3er-CICLO-1-36x28.png 36w, https:\/\/blogsaverroes.juntadeandalucia.es\/ceiplosperales\/files\/2015\/03\/3er-CICLO-1-48x37.png 48w, https:\/\/blogsaverroes.juntadeandalucia.es\/ceiplosperales\/files\/2015\/03\/3er-CICLO-1.png 310w\" sizes=\"(max-width: 300px) 100vw, 300px\" \/><\/a><\/p>\n<p style=\"text-align: justify\">El 3er. Ciclo de Educaci\u00f3n Primaria est\u00e1 configurado por dos l\u00edneas con los siguientes grupos clase y respectivos tutores:<\/p>\n<ul style=\"text-align: justify\">\n<li>TUTOR\u00cdA DE 5\u00ba A.- Mar\u00eda Isabel Padilla S\u00e1nchez<\/li>\n<li>TUTOR\u00cdA DE 5\u00ba B.- Luis Miguel Fern\u00e1ndez Rodr\u00edguez<\/li>\n<li>TUTOR\u00cdA DE 5\u00ba C.- Elena Casta\u00f1o Perea<\/li>\n<li>TUTOR\u00cdA DE 6\u00ba A.-&nbsp; Paloma (adem\u00e1s, especialista de Franc\u00e9s)<\/li>\n<li>TUTOR\u00cdA DE 6\u00ba B.- Juan Luis Carrell\u00e1n Soto ( Coordinador de ciclo)<\/li>\n<\/ul>\n<p style=\"text-align: justify\">Adem\u00e1s, se hayan adscritos a este Ciclo: Antonio Lagares (Especialista de Educaci\u00f3n F\u00edsica) y&nbsp; Antonia Mar\u00eda Pic\u00f3n Hern\u00e1ndez&nbsp; (Profesora de ATAL).<\/p>\n","protected":false},"excerpt":{"rendered":"<p>El 3er. Ciclo de Educaci\u00f3n Primaria est\u00e1 configurado por dos l\u00edneas con los siguientes grupos clase y respectivos tutores: TUTOR\u00cdA DE 5\u00ba A.- Mar\u00eda Isabel&hellip;<\/p>\n","protected":false},"author":1,"featured_media":0,"parent":0,"menu_order":0,"comment_status":"open","ping_status":"open","template":"","meta":{"ngg_post_thumbnail":0,"footnotes":"","_mc_calendar":[]},"aioseo_notices":[],"_links":{"self":[{"href":"https:\/\/blogsaverroes.juntadeandalucia.es\/ceiplosperales\/wp-json\/wp\/v2\/pages\/436"}],"collection":[{"href":"https:\/\/blogsaverroes.juntadeandalucia.es\/ceiplosperales\/wp-json\/wp\/v2\/pages"}],"about":[{"href":"https:\/\/blogsaverroes.juntadeandalucia.es\/ceiplosperales\/wp-json\/wp\/v2\/types\/page"}],"author":[{"embeddable":true,"href":"https:\/\/blogsaverroes.juntadeandalucia.es\/ceiplosperales\/wp-json\/wp\/v2\/users\/1"}],"replies":[{"embeddable":true,"href":"https:\/\/blogsaverroes.juntadeandalucia.es\/ceiplosperales\/wp-json\/wp\/v2\/comments?post=436"}],"version-history":[{"count":13,"href":"https:\/\/blogsaverroes.juntadeandalucia.es\/ceiplosperales\/wp-json\/wp\/v2\/pages\/436\/revisions"}],"predecessor-version":[{"id":3235,"href":"https:\/\/blogsaverroes.juntadeandalucia.es\/ceiplosperales\/wp-json\/wp\/v2\/pages\/436\/revisions\/3235"}],"wp:attachment":[{"href":"https:\/\/blogsaverroes.juntadeandalucia.es\/ceiplosperales\/wp-json\/wp\/v2\/media?parent=436"}],"curies":[{"name":"wp","href":"https:\/\/api.w.org\/{rel}","templated":true}]}}

Ed. Primaria. 3º ciclo

<p><a href="http://blogsaverroes.juntadeandalucia.es/ceiplosperales/files/2015/03/3er-CICLO-1.png"><img loading="lazy" decoding="async" class="alignnone size-medium wp-image-2238" src="http://blogsaverroes.juntadeandalucia.es/ceiplosperales/files/2015/03/3er-CICLO-1-300x232.png" alt="" width="300" height="232" srcset="https://blogsaverroes.juntadeandalucia.es/ceiplosperales/files/2015/03/3er-CICLO-1-300x232.png 300w, https://blogsaverroes.juntadeandalucia.es/ceiplosperales/files/2015/03/3er-CICLO-1-24x19.png 24w, https://blogsaverroes.juntadeandalucia.es/ceiplosperales/files/2015/03/3er-CICLO-1-36x28.png 36w, https://blogsaverroes.juntadeandalucia.es/ceiplosperales/files/2015/03/3er-CICLO-1-48x37.png 48w, https://blogsaverroes.juntadeandalucia.es/ceiplosperales/files/2015/03/3er-CICLO-1.png 310w" sizes="(max-width: 300px) 100vw, 300px" /></a></p>
<p style="text-align: justify">El 3er. Ciclo de Educación Primaria está configurado por dos líneas con los siguientes grupos clase y respectivos tutores:</p>
<ul style="text-align: justify">
<li>TUTORÍA DE 5º A.- María Isabel Padilla Sánchez</li>
<li>TUTORÍA DE 5º B.- Luis Miguel Fernández Rodríguez</li>
<li>TUTORÍA DE 5º C.- Elena Castaño Perea</li>
<li>TUTORÍA DE 6º A.-&nbsp; Paloma (además, especialista de Francés)</li>
<li>TUTORÍA DE 6º B.- Juan Luis Carrellán Soto ( Coordinador de ciclo)</li>
</ul>
<p style="text-align: justify">Además, se hayan adscritos a este Ciclo: Antonio Lagares (Especialista de Educación Física) y&nbsp; Antonia María Picón Hernández&nbsp; (Profesora de ATAL).</p>

<p>El 3er. Ciclo de Educación Primaria está configurado por dos líneas con los siguientes grupos clase y respectivos tutores: TUTORÍA DE 5º A.- María Isabel&hellip;</p>
