{"id":33,"date":"2020-01-09T12:42:06","date_gmt":"2020-01-09T11:42:06","guid":{"rendered":"http:\/\/blogsaverroes.juntadeandalucia.es\/pre\/nuevoceip2v2\/?page_id=33"},"modified":"2025-01-18T12:42:46","modified_gmt":"2025-01-18T11:42:46","slug":"aula-matinal","status":"publish","type":"page","link":"https:\/\/blogsaverroes.juntadeandalucia.es\/ceiplospinosrute\/aula-matinal\/","title":{"rendered":"Aula matinal"},"content":{"rendered":"<p><img loading=\"lazy\" decoding=\"async\" class=\"wp-image-28 aligncenter\" src=\"https:\/\/blogsaverroes.juntadeandalucia.es\/ceiplospinosrute\/files\/2020\/01\/cabecera-interior-2-1-300x63.jpg\" alt=\"\" width=\"586\" height=\"123\"><\/p>\n<p><img loading=\"lazy\" decoding=\"async\" class=\"wp-image-2316 aligncenter\" src=\"https:\/\/blogsaverroes.juntadeandalucia.es\/ceiplospinosrute\/files\/2024\/03\/plan-de-apertura-300x214.jpg\" alt=\"\" width=\"390\" height=\"278\"><\/p>\n<p><span style=\"font-size: 14pt\">El servicio de Aula Matinal se consigui\u00f3 para nuestro colegio en el curso escolar 2020\/21 y desde entonces y de manera ininterrumpida, seguimos prestando atenci\u00f3n a todos los usuarios del mismo.<\/span><\/p>\n<p><span style=\"font-size: 14pt\">El aula matinal es un servicio que el centro ofrece a todo nuestro alumnado y que permite la flexibilidad horaria a las familias que por necesidades de trabajo u otros motivos tienen que dejar a sus hijos\/as en el colegio antes de las 9 de la ma\u00f1ana. El horario de atenci\u00f3n va de las 7:30 hasta las 9:00 de la ma\u00f1ana. Dentro de esta aula los ni\u00f1os\/as est\u00e1n al cargo de monitores y monitoras que complementan la labor educativa antes de la jornada escolar, realizando diversas actividades de tipo l\u00fadico-formativo y de fomento de la convivencia.<\/span><\/p>\n<p><span style=\"font-size: 14pt\">Como ya sab\u00e9is, este servicio necesita de un<strong> m\u00ednimo de 10 usuarios\/as<\/strong> para permanecer abierto y la solicitud del mismo se hace a la vez que la matriculaci\u00f3n anual, <strong>a partir del 1 de junio<\/strong>. Una vez solicitado, se puede pedir la bonificaci\u00f3n del servicio consiguiendo la gratuidad en muchos casos o la reducci\u00f3n del coste en otros, en funci\u00f3n de la renta familiar y otros factores.<\/span><\/p>\n<p><span style=\"font-size: 14pt\">Actualmente tenemos concedidas <strong>30 plazas<\/strong> para el aula matinal de nuestro colegio y como siempre, os animamos a seguir trabajando para que este servicio siga operativo en el futuro en nuestro centro.<\/span><\/p>\n<p>&nbsp;<\/p>\n","protected":false},"excerpt":{"rendered":"<p>El servicio de Aula Matinal se consigui\u00f3 para nuestro colegio en el curso escolar 2020\/21 y desde entonces y de manera ininterrumpida, seguimos prestando atenci\u00f3n a todos los usuarios del mismo. El aula matinal es un servicio que el centro ofrece a todo nuestro alumnado y que permite la flexibilidad horaria a las familias que [&hellip;]<\/p>\n","protected":false},"author":7051,"featured_media":0,"parent":0,"menu_order":0,"comment_status":"closed","ping_status":"closed","template":"","meta":{"_et_pb_use_builder":"off","_et_pb_old_content":"","_et_gb_content_width":"","ngg_post_thumbnail":0,"footnotes":""},"aioseo_notices":[],"_links":{"self":[{"href":"https:\/\/blogsaverroes.juntadeandalucia.es\/ceiplospinosrute\/wp-json\/wp\/v2\/pages\/33"}],"collection":[{"href":"https:\/\/blogsaverroes.juntadeandalucia.es\/ceiplospinosrute\/wp-json\/wp\/v2\/pages"}],"about":[{"href":"https:\/\/blogsaverroes.juntadeandalucia.es\/ceiplospinosrute\/wp-json\/wp\/v2\/types\/page"}],"author":[{"embeddable":true,"href":"https:\/\/blogsaverroes.juntadeandalucia.es\/ceiplospinosrute\/wp-json\/wp\/v2\/users\/7051"}],"replies":[{"embeddable":true,"href":"https:\/\/blogsaverroes.juntadeandalucia.es\/ceiplospinosrute\/wp-json\/wp\/v2\/comments?post=33"}],"version-history":[{"count":4,"href":"https:\/\/blogsaverroes.juntadeandalucia.es\/ceiplospinosrute\/wp-json\/wp\/v2\/pages\/33\/revisions"}],"predecessor-version":[{"id":4174,"href":"https:\/\/blogsaverroes.juntadeandalucia.es\/ceiplospinosrute\/wp-json\/wp\/v2\/pages\/33\/revisions\/4174"}],"wp:attachment":[{"href":"https:\/\/blogsaverroes.juntadeandalucia.es\/ceiplospinosrute\/wp-json\/wp\/v2\/media?parent=33"}],"curies":[{"name":"wp","href":"https:\/\/api.w.org\/{rel}","templated":true}]}}