{"id":43,"date":"2020-01-09T12:45:55","date_gmt":"2020-01-09T11:45:55","guid":{"rendered":"http:\/\/blogsaverroes.juntadeandalucia.es\/pre\/nuevoceip2v2\/?page_id=43"},"modified":"2024-04-01T08:58:38","modified_gmt":"2024-04-01T07:58:38","slug":"idiomas","status":"publish","type":"page","link":"https:\/\/blogsaverroes.juntadeandalucia.es\/ceiplospinosrute\/idiomas\/","title":{"rendered":"Idiomas"},"content":{"rendered":"<p style=\"text-align: justify\">La r\u00e1pida evoluci\u00f3n de las sociedades actuales y sus m\u00faltiples interconexiones exigen el desarrollo de aquellas competencias que ayuden a los individuos a practicar una ciudadan\u00eda independiente, activa y comprometida con la realidad contempor\u00e1nea, cada vez m\u00e1s global, intercultural y pluriling\u00fce. Tal y como se\u00f1ala el Marco de Europeo Referencia de las Lenguas, en las actuales sociedades, culturalmente diversas, los procesos democr\u00e1ticos requieren del di\u00e1logo intercultural. Por lo tanto,<strong>&nbsp;la comunicaci\u00f3n en distintas lenguas resulta clave en el desarrollo de esa cultura democr\u00e1tica<\/strong>. En la idea de un Espacio Europeo de Educaci\u00f3n, la comunicaci\u00f3n en m\u00e1s de una lengua evita que la educaci\u00f3n y la formaci\u00f3n se vean obstaculizadas por las fronteras, y favorece la internacionalizaci\u00f3n y la movilidad, adem\u00e1s de permitir el descubrimiento de otras culturas, ampliando las perspectivas del alumnado.<\/p>\n<p style=\"text-align: justify\">En <strong>Nuestro Centro<\/strong> se imparten dos lenguas extranjeras. La primera lengua extranjera, ingl\u00e9s, y la segunda lengua extranjera, franc\u00e9s.&nbsp;<\/p>\n<p style=\"text-align: justify\">La <strong>primera lengua extranjera<\/strong> se imparte desde el primer ciclo de educaci\u00f3n primaria hasta el tercer ciclo. En todos los cursos se imparten 3 sesiones semanales.&nbsp;<\/p>\n<p style=\"text-align: justify\">La <strong>segunda lengua extranjera<\/strong> se imparte en el tercer ciclo de educaci\u00f3n primaria. Se imparte una sesi\u00f3n semanal.&nbsp;<\/p>\n<p><img loading=\"lazy\" decoding=\"async\" class=\"size-medium wp-image-2519 aligncenter\" style=\"font-weight: bold\" src=\"https:\/\/blogsaverroes.juntadeandalucia.es\/ceiplospinosrute\/files\/2024\/04\/istockphoto-648477278-612x612-1-300x200.jpg\" alt=\"\" width=\"300\" height=\"200\"><\/p>\n<p><img loading=\"lazy\" decoding=\"async\" class=\"size-medium wp-image-2520 aligncenter\" style=\"font-weight: bold\" src=\"https:\/\/blogsaverroes.juntadeandalucia.es\/ceiplospinosrute\/files\/2024\/04\/torre-eiffel_6e9796fd_278483323_240214093442_1280x853-300x200.jpg\" alt=\"\" width=\"300\" height=\"200\"><\/p>\n<p>&nbsp;<\/p>\n<p>&nbsp;<\/p>\n<p>&nbsp;<\/p>\n<p>&nbsp;<\/p>\n<p style=\"text-align: justify\">&nbsp;<\/p>\n<p>&nbsp;<\/p>\n","protected":false},"excerpt":{"rendered":"<p>La r\u00e1pida evoluci\u00f3n de las sociedades actuales y sus m\u00faltiples interconexiones exigen el desarrollo de aquellas competencias que ayuden a los individuos a practicar una ciudadan\u00eda independiente, activa y comprometida con la realidad contempor\u00e1nea, cada vez m\u00e1s global, intercultural y pluriling\u00fce. Tal y como se\u00f1ala el Marco de Europeo Referencia de las Lenguas, en las [&hellip;]<\/p>\n","protected":false},"author":7051,"featured_media":0,"parent":0,"menu_order":0,"comment_status":"closed","ping_status":"closed","template":"","meta":{"_et_pb_use_builder":"off","_et_pb_old_content":"","_et_gb_content_width":"","ngg_post_thumbnail":0,"footnotes":""},"aioseo_notices":[],"_links":{"self":[{"href":"https:\/\/blogsaverroes.juntadeandalucia.es\/ceiplospinosrute\/wp-json\/wp\/v2\/pages\/43"}],"collection":[{"href":"https:\/\/blogsaverroes.juntadeandalucia.es\/ceiplospinosrute\/wp-json\/wp\/v2\/pages"}],"about":[{"href":"https:\/\/blogsaverroes.juntadeandalucia.es\/ceiplospinosrute\/wp-json\/wp\/v2\/types\/page"}],"author":[{"embeddable":true,"href":"https:\/\/blogsaverroes.juntadeandalucia.es\/ceiplospinosrute\/wp-json\/wp\/v2\/users\/7051"}],"replies":[{"embeddable":true,"href":"https:\/\/blogsaverroes.juntadeandalucia.es\/ceiplospinosrute\/wp-json\/wp\/v2\/comments?post=43"}],"version-history":[{"count":7,"href":"https:\/\/blogsaverroes.juntadeandalucia.es\/ceiplospinosrute\/wp-json\/wp\/v2\/pages\/43\/revisions"}],"predecessor-version":[{"id":2524,"href":"https:\/\/blogsaverroes.juntadeandalucia.es\/ceiplospinosrute\/wp-json\/wp\/v2\/pages\/43\/revisions\/2524"}],"wp:attachment":[{"href":"https:\/\/blogsaverroes.juntadeandalucia.es\/ceiplospinosrute\/wp-json\/wp\/v2\/media?parent=43"}],"curies":[{"name":"wp","href":"https:\/\/api.w.org\/{rel}","templated":true}]}}

<p style="text-align: justify">La rápida evolución de las sociedades actuales y sus múltiples interconexiones exigen el desarrollo de aquellas competencias que ayuden a los individuos a practicar una ciudadanía independiente, activa y comprometida con la realidad contemporánea, cada vez más global, intercultural y plurilingüe. Tal y como señala el Marco de Europeo Referencia de las Lenguas, en las actuales sociedades, culturalmente diversas, los procesos democráticos requieren del diálogo intercultural. Por lo tanto,<strong>&nbsp;la comunicación en distintas lenguas resulta clave en el desarrollo de esa cultura democrática</strong>. En la idea de un Espacio Europeo de Educación, la comunicación en más de una lengua evita que la educación y la formación se vean obstaculizadas por las fronteras, y favorece la internacionalización y la movilidad, además de permitir el descubrimiento de otras culturas, ampliando las perspectivas del alumnado.</p>
<p style="text-align: justify">En <strong>Nuestro Centro</strong> se imparten dos lenguas extranjeras. La primera lengua extranjera, inglés, y la segunda lengua extranjera, francés.&nbsp;</p>
<p style="text-align: justify">La <strong>primera lengua extranjera</strong> se imparte desde el primer ciclo de educación primaria hasta el tercer ciclo. En todos los cursos se imparten 3 sesiones semanales.&nbsp;</p>
<p style="text-align: justify">La <strong>segunda lengua extranjera</strong> se imparte en el tercer ciclo de educación primaria. Se imparte una sesión semanal.&nbsp;</p>
<p><img loading="lazy" decoding="async" class="size-medium wp-image-2519 aligncenter" style="font-weight: bold" src="https://blogsaverroes.juntadeandalucia.es/ceiplospinosrute/files/2024/04/istockphoto-648477278-612x612-1-300x200.jpg" alt="" width="300" height="200"></p>
<p><img loading="lazy" decoding="async" class="size-medium wp-image-2520 aligncenter" style="font-weight: bold" src="https://blogsaverroes.juntadeandalucia.es/ceiplospinosrute/files/2024/04/torre-eiffel_6e9796fd_278483323_240214093442_1280x853-300x200.jpg" alt="" width="300" height="200"></p>
<p>&nbsp;</p>
<p>&nbsp;</p>
<p>&nbsp;</p>
<p>&nbsp;</p>
<p style="text-align: justify">&nbsp;</p>
<p>&nbsp;</p>

<p>La rápida evolución de las sociedades actuales y sus múltiples interconexiones exigen el desarrollo de aquellas competencias que ayuden a los individuos a practicar una ciudadanía independiente, activa y comprometida con la realidad contemporánea, cada vez más global, intercultural y plurilingüe. Tal y como señala el Marco de Europeo Referencia de las Lenguas, en las [&hellip;]</p>
