{"id":1210,"date":"2023-09-03T19:24:18","date_gmt":"2023-09-03T18:24:18","guid":{"rendered":"https:\/\/blogsaverroes.juntadeandalucia.es\/ceiplosrios\/?page_id=1210"},"modified":"2023-09-03T19:24:47","modified_gmt":"2023-09-03T18:24:47","slug":"etwinning","status":"publish","type":"page","link":"https:\/\/blogsaverroes.juntadeandalucia.es\/ceiplosrios\/etwinning\/","title":{"rendered":"Etwinning"},"content":{"rendered":"<p>&nbsp;<\/p>\n<div class=\"separator\" style=\"clear: both;text-align: center\"><a style=\"margin-left: 1em;margin-right: 1em\" href=\"http:\/\/1.bp.blogspot.com\/-_By7VU4OHvw\/TrmbOxBhDSI\/AAAAAAAAAos\/ThHoenkKPBU\/s1600\/eTwinningLogoFlat.png\"><img loading=\"lazy\" decoding=\"async\" src=\"https:\/\/1.bp.blogspot.com\/-_By7VU4OHvw\/TrmbOxBhDSI\/AAAAAAAAAos\/ThHoenkKPBU\/s320\/eTwinningLogoFlat.png\" width=\"320\" height=\"127\" border=\"0\"><\/a><\/div>\n<div class=\"MsoNormal\" style=\"text-align: justify\"><span style=\"font-family: 'comic sans ms', sans-serif\"><span style=\"font-size: 14pt\"><strong><span style=\"color: #000080\">eTwinning<\/span><\/strong><\/span> es una acci\u00f3n educativa promovida por la Comisi\u00f3n Europea&nbsp; que, como medida de acompa\u00f1amiento del programa Comenius, ofrece a los centros escolares europeos la posibilidad de llevar a cabo proyectos de hermanamiento a trav\u00e9s de Internet aprovechando todas las posibilidades que ofrecen las Tecnolog\u00edas de la Informaci\u00f3n y la Comunicaci\u00f3n (TIC).<\/span><\/div>\n<div>&nbsp;<\/div>\n<div class=\"MsoNormal\" style=\"text-align: justify\"><span lang=\"ES\" style=\"font-family: 'comic sans ms', sans-serif\">Nuestro centro educativo&nbsp;&nbsp;QUIERE&nbsp;hermanarse&nbsp;con el objetivo de trabajar juntos en&nbsp;proyectos&nbsp; de un modo trasversal y curricular al mismo tiempo.<\/span><\/div>\n<div class=\"MsoNormal\" style=\"text-align: justify\"><span lang=\"ES\" style=\"font-family: 'comic sans ms', sans-serif\">El contacto entre los socios se establece a trav\u00e9s de Internet y de las TIC, utilizando como veh\u00edculo de comunicaci\u00f3n el ingl\u00e9s.&nbsp; Uno de los objetivos de eTwinning es mejorar la habilidad del profesorado en el uso de las TIC y potenciar la participaci\u00f3n de toda la comunidad educativa, ofreciendo un Espacio de Hermanamiento seguro con herramientas de comunicaci\u00f3n como correo interno, foros, salas de chat, p\u00e1gina Web del hermanamiento, etc. <\/span><\/div>\n<div class=\"MsoNormal\" style=\"text-align: justify\"><span lang=\"ES\" style=\"font-family: 'comic sans ms', sans-serif\"><a href=\"http:\/\/www.etwinning.net\/\"><span style=\"color: #073763\">http:\/\/www.etwinning.net\/<\/span><\/a><\/span><\/div>\n<div class=\"MsoNormal\" style=\"text-align: justify\">&nbsp;<\/div>\n<div class=\"MsoNormal\" style=\"text-align: center\"><span lang=\"ES\"><span style=\"font-size: small\"><span style=\"color: red\"><strong>F\u00d3RMATE EN:<\/strong><\/span><\/span><br \/>\n<b><a href=\"http:\/\/etwinning.es\/formacion\/?lang=es\"><span style=\"color: #073763\">http:\/\/etwinning.es\/formacion\/?lang=es<\/span><\/a><\/b><\/span><\/div>\n<p>&nbsp;<\/p>\n<div class=\"MsoNormal\" style=\"text-align: center\" align=\"center\">&nbsp;<\/div>\n<p><span lang=\"ES\">&nbsp;<\/span><\/p>\n<div class=\"MsoNormal\" style=\"text-align: center\"><iframe loading=\"lazy\" src=\"https:\/\/www.youtube.com\/embed\/SViD4W_Xez0?rel=0&amp;controls=0&amp;showinfo=0\" width=\"350\" height=\"315\" frameborder=\"0\"><\/iframe><\/div>\n<p><span lang=\"ES\">&nbsp;<\/span><\/p>\n<div class=\"MsoNormal\" style=\"text-align: justify\">&nbsp;<\/div>\n","protected":false},"excerpt":{"rendered":"<p>&nbsp; eTwinning es una acci\u00f3n educativa promovida por la Comisi\u00f3n Europea&nbsp; que, como medida de acompa\u00f1amiento del programa Comenius, ofrece a los centros escolares europeos la posibilidad de llevar a cabo proyectos de hermanamiento a trav\u00e9s de Internet aprovechando todas las posibilidades que ofrecen las Tecnolog\u00edas de la Informaci\u00f3n y la Comunicaci\u00f3n (TIC). &nbsp; Nuestro centro educativo&nbsp;&nbsp;QUIERE&nbsp;hermanarse&nbsp;con el objetivo de trabajar juntos en&nbsp;proyectos&nbsp; de un modo trasversal y curricular al mismo tiempo. El contacto entre&#46;&#46;&#46;<\/p>\n","protected":false},"author":1169,"featured_media":0,"parent":0,"menu_order":0,"comment_status":"closed","ping_status":"closed","template":"","meta":{"ngg_post_thumbnail":0,"footnotes":""},"aioseo_notices":[],"_links":{"self":[{"href":"https:\/\/blogsaverroes.juntadeandalucia.es\/ceiplosrios\/wp-json\/wp\/v2\/pages\/1210"}],"collection":[{"href":"https:\/\/blogsaverroes.juntadeandalucia.es\/ceiplosrios\/wp-json\/wp\/v2\/pages"}],"about":[{"href":"https:\/\/blogsaverroes.juntadeandalucia.es\/ceiplosrios\/wp-json\/wp\/v2\/types\/page"}],"author":[{"embeddable":true,"href":"https:\/\/blogsaverroes.juntadeandalucia.es\/ceiplosrios\/wp-json\/wp\/v2\/users\/1169"}],"replies":[{"embeddable":true,"href":"https:\/\/blogsaverroes.juntadeandalucia.es\/ceiplosrios\/wp-json\/wp\/v2\/comments?post=1210"}],"version-history":[{"count":1,"href":"https:\/\/blogsaverroes.juntadeandalucia.es\/ceiplosrios\/wp-json\/wp\/v2\/pages\/1210\/revisions"}],"predecessor-version":[{"id":1211,"href":"https:\/\/blogsaverroes.juntadeandalucia.es\/ceiplosrios\/wp-json\/wp\/v2\/pages\/1210\/revisions\/1211"}],"wp:attachment":[{"href":"https:\/\/blogsaverroes.juntadeandalucia.es\/ceiplosrios\/wp-json\/wp\/v2\/media?parent=1210"}],"curies":[{"name":"wp","href":"https:\/\/api.w.org\/{rel}","templated":true}]}}