{"id":2587,"date":"2018-05-22T17:02:20","date_gmt":"2018-05-22T17:02:20","guid":{"rendered":"https:\/\/blogsaverroes.juntadeandalucia.es\/ceiplossauces\/?page_id=2587"},"modified":"2024-05-29T15:10:18","modified_gmt":"2024-05-29T15:10:18","slug":"matriculacion","status":"publish","type":"page","link":"https:\/\/blogsaverroes.juntadeandalucia.es\/ceiplossauces\/matriculacion\/","title":{"rendered":"Matriculaci\u00f3n 2024\/25 para el alumnado del Centro"},"content":{"rendered":"<h2 style=\"text-align: center\"><strong>MATRICULACI\u00d3N PARA TODO EL ALUMNADO&nbsp;<\/strong><\/h2>\n<h2 style=\"text-align: center\"><strong>QUE YA PERTENECE AL CENTRO<\/strong><\/h2>\n<h3>&nbsp;<\/h3>\n<h3>La matriculaci\u00f3n se realiza todos los a\u00f1os por parte de todo el alumnado. Educaci\u00f3n Infantil, Educaci\u00f3n Primaria y Educaci\u00f3n Especial:&nbsp; &nbsp;del 1 al 10 de junio.<\/h3>\n<p>Se abre del 1 al 10 de junio el periodo de MATRICULACI\u00d3N para los alumn@s que ESTE A\u00d1O HAYAN CURSADO Infantil 3,4 5 a\u00f1os y Primaria 1,2,3,4 y 5.&nbsp;<\/p>\n<div>&nbsp;<\/div>\n<div style=\"width: 100%\">\n<div style=\"padding-bottom: 56.25%;padding-top: 0;height: 0\"><iframe loading=\"lazy\" src=\"https:\/\/view.genial.ly\/60b2178f191a770d3055ddc0\" width=\"1200\" height=\"675\" frameborder=\"0\" scrolling=\"yes\"><\/iframe><\/div>\n<\/div>\n<h3>&nbsp;<\/h3>\n<h3>&nbsp;<\/h3>\n<p>&nbsp;<\/p>\n<p>&nbsp;<\/p>\n<p>&nbsp;<\/p>\n<p>&nbsp;<\/p>\n<p>&nbsp;<\/p>\n<p>&nbsp;<\/p>\n<p>&nbsp;<\/p>\n<h3>&nbsp;<\/h3>\n<h3>&nbsp;<\/h3>\n<h3><a href=\"https:\/\/view.genial.ly\/60b2178f191a770d3055ddc0\/presentation-matriculacion-curso-2023-2024\">Presentaci\u00f3n con la Informaci\u00f3n referente al proceso de Matriculaci\u00f3n 2023\/2024<\/a><\/h3>\n<p>&nbsp;<\/p>\n<p><strong>C\u00f3digo del centro: 41004022<\/strong><\/p>\n<h2><strong>Sobre de Matr\u00edcula Electr\u00f3nica<\/strong><\/h2>\n<p>Se puede optar por la tramitaci\u00f3n electr\u00f3nica del procedimiento (activo a partir del d\u00eda 1)<\/p>\n<p><strong><a href=\"https:\/\/www.juntadeandalucia.es\/educacion\/secretariavirtual\/solicitudes\/\" target=\"_blank\" rel=\"noopener noreferrer\"><em>(Sobre de matr\u00edcula)<\/em><\/a><\/strong><\/p>\n<div id=\"attachment_12879\" class=\"wp-caption aligncenter\">\n<p><a href=\"https:\/\/youtu.be\/VCcL3E5x7lk\" target=\"_blank\" rel=\"noopener noreferrer\"><img loading=\"lazy\" decoding=\"async\" class=\"wp-image-12879 size-full\" src=\"https:\/\/blogsaverroes.juntadeandalucia.es\/ceipreinafabiola\/files\/2019\/11\/sobre_matricula_electronico_v2-logo.jpg\" alt=\"V\u00eddeo tutorial\" width=\"170\" height=\"114\" aria-describedby=\"caption-attachment-12879\"><\/a><\/p>\n<p id=\"caption-attachment-12879\" class=\"wp-caption-text\"><a href=\"http:\/\/www.juntadeandalucia.es\/educacion\/portals\/web\/escolarizacion\/infantil-a-bachillerato\/sobre-matricula\" target=\"_blank\" rel=\"noopener noreferrer\">V\u00eddeo tutorial<\/a><\/p>\n<\/div>\n<h2>Clave iANDE<\/h2>\n<p><a href=\"https:\/\/blogsaverroes.juntadeandalucia.es\/ceipreinafabiola\/2020\/05\/29\/clave-iande\/\" target=\"_blank\" rel=\"noopener noreferrer\">Informaci\u00f3n clave iANDE<\/a><\/p>\n<p>&nbsp;<\/p>\n<p><img loading=\"lazy\" decoding=\"async\" class=\"aligncenter size-full wp-image-13374\" src=\"https:\/\/blogsaverroes.juntadeandalucia.es\/ceipreinafabiola\/files\/2020\/05\/iande.jpg\" alt=\"\" width=\"450\" height=\"300\"><\/p>\n<h2>Impresos<\/h2>\n<ul>\n<li style=\"list-style-type: none\">\n<ul>\n<li><a href=\"https:\/\/www.juntadeandalucia.es\/educacion\/portales\/documents\/100629\/669349\/4_Anexo%20IV_002536_4.pdf\/2857e311-abaf-10f1-c03a-b980ff594de5?version=1.0\">Matr\u00edcula de Infantil<\/a>&nbsp;\/<a href=\"https:\/\/www.juntadeandalucia.es\/educacion\/portales\/documents\/100629\/669349\/6_Anexo%20VI_002538_4.pdf\/f1ed4477-b8d8-c190-5578-7125d1ab2074?version=1.0\">&nbsp;Matr\u00edcula Aula Espec\u00edfica&nbsp;<\/a>\/&nbsp;<a href=\"https:\/\/www.juntadeandalucia.es\/educacion\/portales\/documents\/100629\/669349\/5_Anexo%20V_002537_4.pdf\/acd7344a-e127-4e2c-5be7-b1f12b0a07c2?version=1.1\">Matr\u00edcula de Primaria<\/a>&nbsp;(obligatorio)<\/li>\n<li><a href=\"https:\/\/portals.ced.junta-andalucia.es\/educacion\/portals\/delegate\/content\/6c4342f7-1581-4c26-bc7e-2e49b4b64cee\/Anexo%20II.-%20Servicio%20de%20Aula%20Matinal,%20Comedor%20Escolar%20y%20actividades%20Extraescolares\" target=\"_blank\" rel=\"noopener noreferrer\">Solicitud de Servicios Complementarios (Aula Matinal, comedor, Act, extraescolares)<\/a>&nbsp;(opcional)<\/li>\n<li><a href=\"https:\/\/blogsaverroes.juntadeandalucia.es\/ceipreinafabiola\/plan-apertura\/\" target=\"_blank\" rel=\"noopener noreferrer\">Informaci\u00f3n Servicios Complementarios<\/a><a href=\"https:\/\/portals.ced.junta-andalucia.es\/educacion\/portals\/delegate\/content\/6c4342f7-1581-4c26-bc7e-2e49b4b64cee\/Anexo%20II.-%20Servicio%20de%20Aula%20Matinal,%20Comedor%20Escolar%20y%20actividades%20Extraescolares\" target=\"_blank\" rel=\"noopener\">juntadeandalucia.es\/\u2026\/7326903b-efb6-506f-57bd-2f93eff2e05b<\/a><\/li>\n<li><a href=\"https:\/\/drive.google.com\/file\/d\/14skwheVktferKanRoh3Jppt1NTGonJ51\/view?usp=sharing\" target=\"_blank\" rel=\"noopener noreferrer\">Solicitud Aula de Mediod\u00eda (opcional)<\/a><\/li>\n<li><a href=\"https:\/\/www.juntadeandalucia.es\/educacion\/portales\/documents\/100629\/669355\/Anexo%20Religio%C2%BFn.pdf\/c9b72559-ae2b-45b4-746c-8c63fda85020?version=1.1\" target=\"_blank\" rel=\"noopener noreferrer\">Solicitud Religi\u00f3n<\/a>&nbsp;(s\u00f3lo si el alumno cambia de opci\u00f3n religi\u00f3n \/valores)<\/li>\n<li><a href=\"https:\/\/www.juntadeandalucia.es\/educacion\/portales\/documents\/100629\/669355\/Cuestionario%20Fondo%20Social%20Europeo.pdf\/4dfb30ce-13d3-68d6-4fb8-bcd530857aa8?version=1.0\" target=\"_blank\" rel=\"noopener\">Cuestionario Fondo Social Europeo<\/a>&nbsp;(obligatorio)<\/li>\n<li><a href=\"https:\/\/www.juntadeandalucia.es\/educacion\/portales\/documents\/100629\/669355\/Anexo%20Proteccio%C2%BFn%20de%20datos.pdf\/d64d32c3-910f-2371-24a6-b852df3234d1?version=1.1\" target=\"_blank\" rel=\"noopener\">Anexo Protecci\u00f3n de datos<\/a>&nbsp;(obligatorio)<\/li>\n<\/ul>\n<\/li>\n<\/ul>\n<p>&nbsp;<\/p>\n<p><strong><u>Importante:<\/u>&nbsp;<\/strong>Si solicita el servicio de Aula Matinal o Comedor Escolar y quiere acreditar la actividad laboral de los padres del alumnado ser\u00e1 necesario adjuntar:<\/p>\n<p><em>(Documentos v\u00e1lidos con fecha posterior al d\u00eda&nbsp;<strong>1 de junio<\/strong>)<\/em><\/p>\n<ul>\n<li><strong>Informe de la Vida Laboral.<\/strong><\/li>\n<li><strong>Certificaci\u00f3n de la empresa (horario de trabajo y duraci\u00f3n de la jornada).<\/strong><\/li>\n<\/ul>\n<p>En caso de ser aut\u00f3nomos:<\/p>\n<ul>\n<li><strong>Informe de Vida Laboral.<\/strong><\/li>\n<li><strong>Certificaci\u00f3n de Alta en el Impuesto de Actividades Econ\u00f3micas o Alta en el censo de empresarios o Copia Autenticada de la licencia de apertura o Alta en la Seguridad Social.<\/strong><\/li>\n<li><strong>Declaraci\u00f3n responsable de horario laboral.<\/strong><\/li>\n<\/ul>\n","protected":false},"excerpt":{"rendered":"<p>MATRICULACI\u00d3N PARA TODO EL ALUMNADO&nbsp; QUE YA PERTENECE AL CENTRO &nbsp; La matriculaci\u00f3n se realiza todos los a\u00f1os por parte de todo el alumnado. Educaci\u00f3n&hellip;<\/p>\n","protected":false},"author":5137,"featured_media":0,"parent":0,"menu_order":0,"comment_status":"closed","ping_status":"closed","template":"","meta":{"ngg_post_thumbnail":0,"footnotes":"","_mc_calendar":[]},"aioseo_notices":[],"_links":{"self":[{"href":"https:\/\/blogsaverroes.juntadeandalucia.es\/ceiplossauces\/wp-json\/wp\/v2\/pages\/2587"}],"collection":[{"href":"https:\/\/blogsaverroes.juntadeandalucia.es\/ceiplossauces\/wp-json\/wp\/v2\/pages"}],"about":[{"href":"https:\/\/blogsaverroes.juntadeandalucia.es\/ceiplossauces\/wp-json\/wp\/v2\/types\/page"}],"author":[{"embeddable":true,"href":"https:\/\/blogsaverroes.juntadeandalucia.es\/ceiplossauces\/wp-json\/wp\/v2\/users\/5137"}],"replies":[{"embeddable":true,"href":"https:\/\/blogsaverroes.juntadeandalucia.es\/ceiplossauces\/wp-json\/wp\/v2\/comments?post=2587"}],"version-history":[{"count":20,"href":"https:\/\/blogsaverroes.juntadeandalucia.es\/ceiplossauces\/wp-json\/wp\/v2\/pages\/2587\/revisions"}],"predecessor-version":[{"id":3499,"href":"https:\/\/blogsaverroes.juntadeandalucia.es\/ceiplossauces\/wp-json\/wp\/v2\/pages\/2587\/revisions\/3499"}],"wp:attachment":[{"href":"https:\/\/blogsaverroes.juntadeandalucia.es\/ceiplossauces\/wp-json\/wp\/v2\/media?parent=2587"}],"curies":[{"name":"wp","href":"https:\/\/api.w.org\/{rel}","templated":true}]}}