{"id":2789,"date":"2020-06-01T16:07:57","date_gmt":"2020-06-01T16:07:57","guid":{"rendered":"https:\/\/blogsaverroes.juntadeandalucia.es\/ceiplossauces\/?page_id=2789"},"modified":"2020-11-25T00:17:56","modified_gmt":"2020-11-25T00:17:56","slug":"secretaria","status":"publish","type":"page","link":"https:\/\/blogsaverroes.juntadeandalucia.es\/ceiplossauces\/secretaria\/","title":{"rendered":"Secretar\u00eda virtual"},"content":{"rendered":"<h2 style=\"text-align: center\"><a href=\"https:\/\/calendly.com\/lossauces\/30min\">Cita previa con Equipo directivo<\/a><\/h2>\n<p><a href=\"https:\/\/calendly.com\/lossauces\/30min\"><img loading=\"lazy\" decoding=\"async\" class=\"wp-image-13481 aligncenter\" style=\"color: #0000ee;text-decoration: underline\" src=\"https:\/\/blogsaverroes.juntadeandalucia.es\/ceipreinafabiola\/files\/2020\/08\/cita-previa.jpg\" alt=\"\" width=\"302\" height=\"186\"><\/a><\/p>\n<p>&nbsp;<\/p>\n<h2 style=\"text-align: center\"><a href=\"https:\/\/calendly.com\/lossauces\/cita-secretaria\" target=\"_blank\" rel=\"noopener noreferrer\">Cita previa con Secretar\u00eda (para tr\u00e1mites administrativos)<\/a><a href=\"https:\/\/calendly.com\/lossauces\/cita-secretaria\" target=\"_blank\" rel=\"noopener noreferrer\"><img loading=\"lazy\" decoding=\"async\" class=\"wp-image-13277 aligncenter\" title=\"https:\/\/calendly.com\/fabiola-edu\/matriculacion-c-e-i-p-reina-fabiola?month=2020-06\" src=\"https:\/\/blogsaverroes.juntadeandalucia.es\/ceipreinafabiola\/files\/2020\/05\/cita-previa.jpg\" alt=\"\" width=\"192\" height=\"192\"><\/a><\/h2>\n<p>&nbsp;<\/p>\n<p>&nbsp;<\/p>\n<h1 style=\"text-align: center\">SECRETAR\u00cdA<\/h1>\n<p>Desde esta secci\u00f3n podr\u00e1 descargar los diferentes documentos que precise para sus relaciones con el Centro.<\/p>\n<p>Toda la documentaci\u00f3n (salvo excepciones) para su correcta tramitaci\u00f3n, deber\u00e1 ser entregada en la Secretar\u00eda del colegio para su correspondiente registro de entrada, en horario de 9,30 h. a 11.30 h.<\/p>\n<p>Todos los documentos que aqu\u00ed puede descargar, los podr\u00e1&nbsp; encontrar en las diferentes secciones de la web.<\/p>\n<header class=\"entry-header cf\">\n<h1 class=\"entry-title\">&nbsp;<\/h1>\n<\/header>\n<div class=\"entry-byline cf\">&nbsp;<\/div>\n<div class=\"entry-content cf\">\n<table>\n<tbody>\n<tr>\n<td style=\"width: 373.576px\">&nbsp;<\/td>\n<td style=\"width: 262.465px\">&nbsp;<\/td>\n<\/tr>\n<tr>\n<td style=\"width: 373.576px\">&nbsp;<\/td>\n<td style=\"width: 262.465px\">&nbsp;<\/td>\n<\/tr>\n<\/tbody>\n<\/table>\n<\/div>\n<table>\n<tbody>\n<tr style=\"height: 101.448px\">\n<td style=\"height: 101.448px\">\n<table>\n<tbody>\n<tr>\n<td>\n<h2><a href=\"https:\/\/blogsaverroes.juntadeandalucia.es\/ceiplossauces\/aula-matinal\/\">AULA MATINAL<\/a><\/h2>\n<\/td>\n<\/tr>\n<\/tbody>\n<\/table>\n<\/td>\n<td style=\"height: 101.448px\">\n<table>\n<tbody>\n<tr>\n<td>\n<h2><a href=\"https:\/\/blogsaverroes.juntadeandalucia.es\/ceiplossauces\/comedor-escolar\/\">COMEDOR<\/a><\/h2>\n<h2><a href=\"https:\/\/blogsaverroes.juntadeandalucia.es\/ceiplossauces\/comedor-escolar\/\">ESCOLAR<\/a><\/h2>\n<\/td>\n<\/tr>\n<\/tbody>\n<\/table>\n<\/td>\n<td style=\"height: 101.448px\">\n<table>\n<tbody>\n<tr>\n<td>\n<h2><a href=\"https:\/\/blogsaverroes.juntadeandalucia.es\/ceiplossauces\/actividades-extraescolares\/\">ACTIVIDADES<\/a><\/h2>\n<h2><a href=\"https:\/\/blogsaverroes.juntadeandalucia.es\/ceiplossauces\/actividades-extraescolares\/\">EXTRAESCOLARES<\/a><\/h2>\n<\/td>\n<\/tr>\n<\/tbody>\n<\/table>\n<\/td>\n<\/tr>\n<\/tbody>\n<\/table>\n<p>&nbsp;<\/p>\n<p>&nbsp;<\/p>\n","protected":false},"excerpt":{"rendered":"<p>Cita previa con Equipo directivo &nbsp; Cita previa con Secretar\u00eda (para tr\u00e1mites administrativos) &nbsp; &nbsp; SECRETAR\u00cdA Desde esta secci\u00f3n podr\u00e1 descargar los diferentes documentos que&hellip;<\/p>\n","protected":false},"author":5137,"featured_media":0,"parent":0,"menu_order":0,"comment_status":"closed","ping_status":"closed","template":"","meta":{"ngg_post_thumbnail":0,"footnotes":"","_mc_calendar":[]},"aioseo_notices":[],"_links":{"self":[{"href":"https:\/\/blogsaverroes.juntadeandalucia.es\/ceiplossauces\/wp-json\/wp\/v2\/pages\/2789"}],"collection":[{"href":"https:\/\/blogsaverroes.juntadeandalucia.es\/ceiplossauces\/wp-json\/wp\/v2\/pages"}],"about":[{"href":"https:\/\/blogsaverroes.juntadeandalucia.es\/ceiplossauces\/wp-json\/wp\/v2\/types\/page"}],"author":[{"embeddable":true,"href":"https:\/\/blogsaverroes.juntadeandalucia.es\/ceiplossauces\/wp-json\/wp\/v2\/users\/5137"}],"replies":[{"embeddable":true,"href":"https:\/\/blogsaverroes.juntadeandalucia.es\/ceiplossauces\/wp-json\/wp\/v2\/comments?post=2789"}],"version-history":[{"count":15,"href":"https:\/\/blogsaverroes.juntadeandalucia.es\/ceiplossauces\/wp-json\/wp\/v2\/pages\/2789\/revisions"}],"predecessor-version":[{"id":3149,"href":"https:\/\/blogsaverroes.juntadeandalucia.es\/ceiplossauces\/wp-json\/wp\/v2\/pages\/2789\/revisions\/3149"}],"wp:attachment":[{"href":"https:\/\/blogsaverroes.juntadeandalucia.es\/ceiplossauces\/wp-json\/wp\/v2\/media?parent=2789"}],"curies":[{"name":"wp","href":"https:\/\/api.w.org\/{rel}","templated":true}]}}