{"id":27,"date":"2024-11-09T12:40:13","date_gmt":"2024-11-09T11:40:13","guid":{"rendered":"http:\/\/blogsaverroes.juntadeandalucia.es\/pre\/nuevoceip2v2\/?page_id=27"},"modified":"2024-11-15T11:59:15","modified_gmt":"2024-11-15T10:59:15","slug":"actividades-extraescolares","status":"publish","type":"page","link":"https:\/\/blogsaverroes.juntadeandalucia.es\/ceiplossilos\/actividades-extraescolares\/","title":{"rendered":"Actividades extraescolares"},"content":{"rendered":"<p>Para hacer posible la realizaci\u00f3n de estas actividades fuera del horario lectivo, los centros pueden abrir sus instalaciones hasta las 18.00 todos los d\u00edas lectivos con excepci\u00f3n de los viernes, en los que el cierre se establece a las 16.00. Se pueden ofrecer actividades extraescolares que aborden aspectos formativos de inter\u00e9s para el alumnado: idiomas, tecnolog\u00edas de la informaci\u00f3n y comunicaci\u00f3n, talleres de lectura y escritura, actividades de estudio dirigido, actividades formativas y de ocio, deportivas, art\u00edsticas, etc.<\/p>\n<p>Las actividades extraescolares tienen un car\u00e1cter voluntario para el alumnado y en ning\u00fan caso forman parte del proceso de evaluaci\u00f3n del alumnado. La atenci\u00f3n a este tipo de alumnado se realiza con personal que cuenta con la formaci\u00f3n y cualificaci\u00f3n adecuada a las actividades a desarrollar.<\/p>\n<p class=\"western\" align=\"center\"><span style=\"font-size: 18pt;color: #3366ff\"><strong>PROPUESTA DE ACTIVIDADES EXTRAESCOLARES<\/strong><\/span><\/p>\n<p class=\"western\" align=\"center\"><span style=\"font-size: 18pt;color: #3366ff\"><strong>CURSO ESCOLAR 2021-2022<\/strong><\/span><\/p>\n<ul>\n<li class=\"western\">\n<h3><span style=\"color: #3366ff\">Ingl\u00e9s<\/span>&nbsp; &#8211; Martes y jueves de 16:00 a 17:00<\/h3>\n<\/li>\n<li>\n<h3><span style=\"color: #3366ff\">Refuerzo educativo<\/span>&nbsp; &nbsp;&#8211; Lunes y mi\u00e9rcoles de 17:00 a 18:00<\/h3>\n<\/li>\n<li>\n<h3><span style=\"color: #3366ff\">Cocina<\/span>&nbsp; &#8211; Martes y jueves de 17:00 a 18:00<\/h3>\n<\/li>\n<li class=\"western\">\n<h3><span style=\"color: #3366ff\">Taller multidisciplinar<\/span>: baile, manualidades, juegos, zumba&#8230;&nbsp; &nbsp; &nbsp;Lunes y mi\u00e9rcoles de 16:00 a 17:00<\/h3>\n<\/li>\n<\/ul>\n<hr \/>\n<p><strong>ESTAS ACTIVIDADES REQUIEREN UN M\u00cdNIMO DE 10 ALUMNOS POR GRUPO PARA PONERLAS EN MARCHA.<\/strong><\/p>\n<h3><strong>Solicitudes<\/strong><\/h3>\n<p>Las actividades extraescolares se solicitan en el mes de&nbsp;<strong>junio<\/strong>&nbsp;en la matriculaci\u00f3n del alumnado y la solicitud de bonificaciones al precio p\u00fablico de dicho servicio se realiza a principios del mes de&nbsp;<strong>septiembre<\/strong>&nbsp;para posibilitar que los ingresos de referencia para el c\u00e1lculo de la bonificaci\u00f3n sea el del a\u00f1o inmediatamente anterior, y adecuarse en lo posible a la capacidad econ\u00f3mica real de las familias.<\/p>\n<p>Tambi\u00e9n puede solicitarse en cualquier momento del curso previa inscripci\u00f3n y domiciliaci\u00f3n bancaria.<\/p>\n<p>Desc\u00e1rgate los formularios, rell\u00e9nalos y entr\u00e9galos en la secretar\u00eda del Colegio:<\/p>\n<ul>\n<li><strong>Solicitud de inscripci\u00f3n: <a href=\"https:\/\/www.juntadeandalucia.es\/educacion\/portals\/delegate\/content\/6c4342f7-1581-4c26-bc7e-2e49b4b64cee\/Anexo%20II.-%20Servicio%20de%20Aula%20Matinal,%20Comedor%20Escolar%20y%20actividades%20Extraescolares\" target=\"_blank\" rel=\"noopener noreferrer\">Anexo_II<\/a><\/strong><\/li>\n<li><strong>Solicitud de bonificaci\u00f3n:&nbsp;<a href=\"https:\/\/www.juntadeandalucia.es\/educacion\/portals\/delegate\/content\/fcc8b9c5-53ad-46ca-9098-80d7b3c81097\/Anexo%20V.-%20Gratuidad\/bonificaci%C3%B3n%20del%20precio%20p%C3%BAblico%20por%20los%20servicios%20complementarios%20de%20Aula%20Matinal,%20Comedor%20Escolar%20y%20Actividades%20Extraescolares\" target=\"_blank\" rel=\"noopener noreferrer\">Anexo_V<\/a><\/strong><\/li>\n<li><strong>Solicitud de baja en el servicio:&nbsp;<a href=\"http:\/\/blogsaverroes.juntadeandalucia.es\/ceprjosenogales\/files\/2015\/03\/solicitud_baja_paf.pdf\" target=\"_blank\" rel=\"noopener noreferrer\">Anexo baja<\/a><\/strong><\/li>\n<\/ul>\n<h3><strong>Precios p\u00fablicos de los servicios de Actividades Extraescolares en los centros docentes p\u00fablicos de Andaluc\u00eda. Acuerdo de 30 de julio de 2024 del Consejo de Gobierno (BOJA 02\/08\/24) Curso 24\/25.<\/strong><\/h3>\n<h4>Precio del servicio (impuestos incluidos).<\/h4>\n<ul>\n<li>Precio mensual: <em><strong>17,51 euros por cada actividad.<\/strong><\/em><\/li>\n<\/ul>\n<h3><strong>Empresa<\/strong><\/h3>\n<p>La empresa encargada del Aula matinal en nuestro Colegio es:<\/p>\n<p><img decoding=\"async\" class=\"alignnone wp-image-2230\" src=\"https:\/\/blogsaverroes.juntadeandalucia.es\/ceiplossilos\/files\/2024\/11\/Logo_-coperaula.png\" alt=\"\" width=\"83\" height=\"81\"\/><img decoding=\"async\" class=\"alignnone size-full wp-image-2229\" src=\"https:\/\/blogsaverroes.juntadeandalucia.es\/ceiplossilos\/files\/2024\/11\/coperaula.png\" alt=\"\" width=\"267\" height=\"54\"\/><\/p>\n<ul>\n<li><span class=\"ff1\"><span class=\"fs12 cf1\">C \/ Rasc\u00f3n 33 Local<\/span><\/span><\/li>\n<li><span class=\"ff1\"><span class=\"fs12 cf1\">21001 Huelva<\/span><\/span><\/li>\n<li><span class=\"ff1\"><span class=\"fs12 cf1\"><strong>Tel\u00e9fono:<\/strong><b>&nbsp;<\/b>959 81 92 23 \u2013 959 81 92 24<br \/>\n<\/span><\/span><\/li>\n<li><span class=\"ff1\"><span class=\"fs12 cf1\"><strong>Fax:<\/strong>&nbsp;959 81 92 25<\/span><\/span><\/li>\n<li><span class=\"ff1\"><span class=\"fs12 cf1\"><strong>email:<\/strong>&nbsp;administracion@coperaula.com<\/span><\/span><\/li>\n<\/ul>\n<h3><strong>Normativa<\/strong><\/h3>\n<div class=\"portlet-content\">\n<div class=\" portlet-content-container\">\n<div class=\"portlet-body\">\n<div class=\"contenido_portlet \">\n<div class=\"portlet_normativas\">\n<div class=\"listadoNormativas normativas-selected\">\n<div class=\"wrapper-listado\">\n<ul class=\"listado\">\n<li class=\"item item_listado clearfix item\">\n<div class=\"inner-item\">\n<div class=\"wrapper_fecha\">\n<p class=\"fecha\"><span class=\"fecha-dia\">15<\/span>&nbsp;de&nbsp;<span class=\"fecha-mes\">mayo<\/span>&nbsp;de&nbsp;<span class=\"fecha-anyo\">2017<\/span><\/p>\n<\/div>\n<p class=\"titulo\"><a title=\"Resoluci\u00f3n de 15 de mayo de 2017, de la Direcci\u00f3n General de Planificaci\u00f3n y Centros, por la que se establece el calendario de actuaciones en el procedimiento de admisi\u00f3n del alumnado en los servicios complementarios de aula matinal, comedor escolar y actividades extraescolares para el curso escolar 2017\/18.\" href=\"http:\/\/portals.ced.junta-andalucia.es\/educacion\/portals\/web\/ced\/servicios-complementarios\/-\/normativas\/detalle\/resolucion-de-15-de-mayo-de-2017-de-la-direccion-general-de-planificacion-y-centros-por-la-que-se-establece-el\">Resoluci\u00f3n de 15 de mayo de 2017, de la Direcci\u00f3n General de Planificaci\u00f3n y Centros, por la que se establece el calendario de actuaciones en el procedimiento de admisi\u00f3n del alumnado en los servicios complementarios de aula matinal, comedor escolar y actividades extraescolares para el curso escolar 2017\/18.<\/a><\/p>\n<\/div>\n<\/li>\n<li class=\"item item_listado clearfix item\">\n<div class=\"inner-item\">\n<div class=\"wrapper_fecha\">\n<p class=\"fecha\"><span class=\"fecha-dia\">17<\/span>&nbsp;de&nbsp;<span class=\"fecha-mes\">abril<\/span>&nbsp;de&nbsp;<span class=\"fecha-anyo\">2017<\/span><\/p>\n<\/div>\n<p class=\"titulo\"><a title=\"Orden de 17 abril de 2017, por la que se regula la organizaci\u00f3n y el funcionamiento de los servicios complementarios de aula matinal, comedor escolar y actividades extraescolares, as\u00ed como el uso de las instalaciones de los centros docentes p\u00fablicos de la Comunidad Aut\u00f3noma de Andaluc\u00eda fuera del horario escolar.\" href=\"http:\/\/portals.ced.junta-andalucia.es\/educacion\/portals\/web\/ced\/servicios-complementarios\/-\/normativas\/detalle\/orden-de-17-abril-de-2017-por-la-que-se-regula-la-organizacion-y-el-funcionamiento-de-los-servicios-complementarios-de\">Orden de 17 abril de 2017, por la que se regula la organizaci\u00f3n y el funcionamiento de los servicios complementarios de aula matinal, comedor escolar y actividades extraescolares, as\u00ed como el uso de las instalaciones de los centros docentes p\u00fablicos de la Comunidad Aut\u00f3noma de Andaluc\u00eda fuera del horario escolar.<\/a><\/p>\n<\/div>\n<\/li>\n<li class=\"item item_listado clearfix item\">\n<div class=\"inner-item\">\n<div class=\"wrapper_fecha\">\n<p class=\"fecha\"><span class=\"fecha-dia\">16<\/span>&nbsp;de&nbsp;<span class=\"fecha-mes\">enero<\/span>&nbsp;de&nbsp;<span class=\"fecha-anyo\">2017<\/span><\/p>\n<\/div>\n<p class=\"titulo\"><a title=\"Decreto 6\/2017, de 16 de enero, por el que se regulan los servicios complementarios de aula matinal, comedor escolar y actividades extraescolares, as\u00ed como el uso de las instalaciones de los centros docentes p\u00fablicos de la Comunidad Aut\u00f3noma de Andaluc\u00eda fuera del horario escolar.\" href=\"http:\/\/portals.ced.junta-andalucia.es\/educacion\/portals\/web\/ced\/servicios-complementarios\/-\/normativas\/detalle\/decreto-6-2017-de-16-de-enero-por-el-que-se-regulan-los-servicios-complementarios-de-aula-matinal-comedor-escolar-y\">Decreto 6\/2017, de 16 de enero, por el que se regulan los servicios complementarios de aula matinal, comedor escolar y actividades extraescolares, as\u00ed como el uso de las instalaciones de los centros docentes p\u00fablicos de la Comunidad Aut\u00f3noma de Andaluc\u00eda fuera del horario escolar.<\/a><\/p>\n<\/div>\n<\/li>\n<\/ul>\n<\/div>\n<\/div>\n<\/div>\n<\/div>\n<\/div>\n<\/div>\n<\/div>\n","protected":false},"excerpt":{"rendered":"<p>Para hacer posible la realizaci\u00f3n de estas actividades fuera del horario lectivo, los centros pueden abrir sus instalaciones hasta las 18.00 todos los d\u00edas lectivos&hellip;<\/p>\n","protected":false},"author":7051,"featured_media":0,"parent":0,"menu_order":0,"comment_status":"closed","ping_status":"closed","template":"","meta":{"ngg_post_thumbnail":0,"footnotes":""},"aioseo_notices":[],"_links":{"self":[{"href":"https:\/\/blogsaverroes.juntadeandalucia.es\/ceiplossilos\/wp-json\/wp\/v2\/pages\/27"}],"collection":[{"href":"https:\/\/blogsaverroes.juntadeandalucia.es\/ceiplossilos\/wp-json\/wp\/v2\/pages"}],"about":[{"href":"https:\/\/blogsaverroes.juntadeandalucia.es\/ceiplossilos\/wp-json\/wp\/v2\/types\/page"}],"author":[{"embeddable":true,"href":"https:\/\/blogsaverroes.juntadeandalucia.es\/ceiplossilos\/wp-json\/wp\/v2\/users\/7051"}],"replies":[{"embeddable":true,"href":"https:\/\/blogsaverroes.juntadeandalucia.es\/ceiplossilos\/wp-json\/wp\/v2\/comments?post=27"}],"version-history":[{"count":11,"href":"https:\/\/blogsaverroes.juntadeandalucia.es\/ceiplossilos\/wp-json\/wp\/v2\/pages\/27\/revisions"}],"predecessor-version":[{"id":2283,"href":"https:\/\/blogsaverroes.juntadeandalucia.es\/ceiplossilos\/wp-json\/wp\/v2\/pages\/27\/revisions\/2283"}],"wp:attachment":[{"href":"https:\/\/blogsaverroes.juntadeandalucia.es\/ceiplossilos\/wp-json\/wp\/v2\/media?parent=27"}],"curies":[{"name":"wp","href":"https:\/\/api.w.org\/{rel}","templated":true}]}}