{"id":30,"date":"2020-01-09T12:41:20","date_gmt":"2020-01-09T11:41:20","guid":{"rendered":"http:\/\/blogsaverroes.juntadeandalucia.es\/pre\/nuevoceip2v2\/?page_id=30"},"modified":"2023-09-12T18:52:09","modified_gmt":"2023-09-12T17:52:09","slug":"ampa","status":"publish","type":"page","link":"https:\/\/blogsaverroes.juntadeandalucia.es\/ceiplossilos\/ampa\/","title":{"rendered":"AMPA"},"content":{"rendered":"<p><span style=\"font-family: Oswald, sans-serif;font-size: 36px;font-weight: 300;letter-spacing: 1px\">\u00bfQu\u00e9 es el AMPA?<\/span><\/p>\n<p><img fetchpriority=\"high\" decoding=\"async\" class=\" wp-image-554 alignright\" src=\"https:\/\/blogsaverroes.juntadeandalucia.es\/ceiplossilos\/files\/2021\/04\/logo-ampa-nuevo-300x161.jpg\" alt=\"\" width=\"400\" height=\"215\" srcset=\"https:\/\/blogsaverroes.juntadeandalucia.es\/ceiplossilos\/files\/2021\/04\/logo-ampa-nuevo-300x161.jpg 300w, https:\/\/blogsaverroes.juntadeandalucia.es\/ceiplossilos\/files\/2021\/04\/logo-ampa-nuevo-1024x551.jpg 1024w, https:\/\/blogsaverroes.juntadeandalucia.es\/ceiplossilos\/files\/2021\/04\/logo-ampa-nuevo-768x413.jpg 768w, https:\/\/blogsaverroes.juntadeandalucia.es\/ceiplossilos\/files\/2021\/04\/logo-ampa-nuevo-700x377.jpg 700w, https:\/\/blogsaverroes.juntadeandalucia.es\/ceiplossilos\/files\/2021\/04\/logo-ampa-nuevo-332x179.jpg 332w, https:\/\/blogsaverroes.juntadeandalucia.es\/ceiplossilos\/files\/2021\/04\/logo-ampa-nuevo.jpg 1210w\" sizes=\"(max-width: 400px) 100vw, 400px\" \/><\/p>\n<div class=\"entry-content\">\n<p>El <strong>AMPA<\/strong>&nbsp; <strong>SAUCO<\/strong> es una asociaci\u00f3n sin \u00e1nimo de lucro formada por los padres y madres de todo el alumnado del Colegio.<\/p>\n<p>Es un punto de encuentro y de trabajo independiente, abierto y plural.<\/p>\n<p>Desde el AMPA podemos contribuir a la mejora de la calidad de la educaci\u00f3n, la convivencia del centro y de las instalaciones.<\/p>\n<h3>\u00bfpor qu\u00e9 es importante vuestra participaci\u00f3n?<\/h3>\n<p>En el colegio existen espacios de participaci\u00f3n, siendo el AMPA &nbsp;el \u00fanico espacio de participaci\u00f3n aut\u00f3nomo de padres y madres. El AMPA es importante porque:<\/p>\n<ul>\n<li>Somos corresponsables de la educaci\u00f3n que nuestros hijos\/as reciben en el colegio.<\/li>\n<li>Es un espacio para aportar iniciativas y trabajar con la direcci\u00f3n del Centro, sin depender de esta.<\/li>\n<\/ul>\n<h3>\u00bfC\u00f3mo puedes participar?<\/h3>\n<p>Participar en el AMPA es muy f\u00e1cil y cada uno decide el nivel de implicaci\u00f3n.<\/p>\n<ul>\n<li>Podemos asociarnos en cualquier momento, aunque se entrega a las familias una ficha de inscripci\u00f3n con la matr\u00edcula en la que se indica la cuota anual por cada familia (la cuota es por familia no por ni\u00f1o\/a)<\/li>\n<li>Podemos tambi\u00e9n participar a trav\u00e9s de las asambleas, incorpor\u00e1ndote a las reuniones&nbsp;abiertas que se convoquen.<\/li>\n<li>Podemos colaborar en los diferentes grupos de trabajo o&nbsp;en actividades puntuales que se organizan desde el AMPA a lo largo del curso.<\/li>\n<li>Podemos proponer iniciativas, plantear temas de debate, organizar actividades, etc., &nbsp;dirigi\u00e9ndote a cualquier miembro de la junta directiva o a trav\u00e9s del blog.<\/li>\n<\/ul>\n<p>Como ves, hay muchas formas de participar y es muy importante que m\u00e1s padres y madres pasemos a la participa-ACCI\u00d3N,&nbsp;&nbsp;de forma activa y colectiva.<\/p>\n<h3>\u00bfPara qu\u00e9 sirve?<\/h3>\n<ul>\n<li>Para defender y velar por el derecho a una educaci\u00f3n de calidad, democr\u00e1tica, atendiendo a las necesidades de todos los ni\u00f1os\/as &nbsp;y cr\u00edtica.<\/li>\n<li>Para promover la participaci\u00f3n de padres y madres en la vida del centro, defendiendo los intereses del alumnado y de toda la comunidad educativa.<\/li>\n<li>Para buscar soluciones de forma colectiva a temas relacionados con la ense\u00f1anza y educaci\u00f3n de nuestros hijos\/as.<\/li>\n<li>Para crear espacios de encuentro y trabajo en el resto de la comunidad educativa y con el entorno.<\/li>\n<li>Para crear espacios de reflexi\u00f3n y participaci\u00f3n compartida sobre la educaci\u00f3n de nuestros hijos\/as<br \/>\nPara participar en la gesti\u00f3n del colegio.<\/li>\n<\/ul>\n<h3>\u00bfC\u00f3mo se financia?<\/h3>\n<p>El AMPA &nbsp;se financia a trav\u00e9s de las cuotas de socios\/as.<br \/>\nLa cuota de socios\/as es el \u00fanico pago que realizan las familias y que gestiona el AMPA para el beneficio exclusivo de la comunidad educativa y en definitiva de la educaci\u00f3n que reciben&nbsp; nuestros hijos\/as en el centro.<\/p>\n<header class=\"entry-header\">\n<h1 class=\"entry-title\">Organigrama A.M.P.A.<\/h1>\n<\/header>\n<div class=\"entry-content\">\n<p><strong>PRESIDENTA:<\/strong><\/p>\n<p>D\u00f1a <span style=\"font-family: 'Open Sans', sans-serif;font-size: 15px;font-style: normal;font-weight: 400\">Marta Mota Garc\u00eda<\/span><\/p>\n<p><strong>VICEPRESIDENTA:<\/strong><\/p>\n<p>D\u00f1a <span style=\"font-family: 'Open Sans', sans-serif;font-size: 15px;font-style: normal;font-weight: 400\">Desir\u00e9 Garc\u00eda Serrano.<\/span><\/p>\n<p><strong style=\"font-family: 'Open Sans', sans-serif;font-size: 15px;font-style: normal\">TESORERA:<\/strong><\/p>\n<p style=\"font-family: 'Open Sans', sans-serif;font-size: 15px;font-style: normal;font-weight: 400\"><span style=\"font-family: 'Open Sans', sans-serif;font-size: 15px;font-style: normal;font-weight: 400\">D\u00f1a <\/span><span style=\"font-family: 'Open Sans', sans-serif;font-size: 15px;font-style: normal;font-weight: 400\">Emma Castilla P\u00e9rez&nbsp;<\/span><\/p>\n<p><strong>SECRETARIA<\/strong><\/p>\n<p>D\u00f1a <span style=\"font-family: 'Open Sans', sans-serif;font-size: 15px;font-style: normal;font-weight: 400\">Susana Gonz\u00e1lez Vargas<\/span><\/p>\n<p><strong>VOCALES<\/strong><\/p>\n<p>D\u00f1a <span style=\"font-family: 'Open Sans', sans-serif;font-size: 15px;font-style: normal;font-weight: 400\">Mar\u00eda Palacios Mart\u00edn<\/span><\/p>\n<p>D\u00f1a<span style=\"font-family: 'Open Sans', sans-serif;font-size: 15px;font-style: normal;font-weight: 400\">&nbsp;<\/span><span style=\"font-family: 'Open Sans', sans-serif;font-size: 15px;font-style: normal;font-weight: 400\">Elena Llanos Fern\u00e1ndez<\/span><\/p>\n<p>D\u00f1a Roc\u00edo Rodr\u00edguez Romero<\/p>\n<p><strong><a href=\"https:\/\/drive.google.com\/file\/d\/1akdgaec37dk8wmifPXfQs6gWhTEAZmvW\/view?usp=sharing\"><span style=\"font-size: 24pt\">IMPRESO DE INSCRIPCI\u00d3N<\/span><\/a><\/strong><\/p>\n<p><a href=\"https:\/\/blogsaverroes.juntadeandalucia.es\/ceiplossilos\/files\/2023\/09\/Inscripci\u00f3n-AMPA-23-24.pdf\">Inscripci\u00f3n AMPA 23-24<\/a><\/p>\n<table style=\"width: 96.9543%;height: 103px\">\n<tbody>\n<tr>\n<td style=\"width: 82.548%\" width=\"472\">&nbsp;<\/td>\n<td style=\"width: 17.2775%\">&nbsp;<\/td>\n<\/tr>\n<tr>\n<td style=\"width: 82.548%\">&nbsp;<\/td>\n<td style=\"width: 17.2775%\">&nbsp;<\/td>\n<\/tr>\n<\/tbody>\n<\/table>\n<\/div>\n<\/div>\n","protected":false},"excerpt":{"rendered":"<p>\u00bfQu\u00e9 es el AMPA? El AMPA&nbsp; SAUCO es una asociaci\u00f3n sin \u00e1nimo de lucro formada por los padres y madres de todo el alumnado del&hellip;<\/p>\n","protected":false},"author":7051,"featured_media":0,"parent":0,"menu_order":0,"comment_status":"closed","ping_status":"closed","template":"","meta":{"ngg_post_thumbnail":0,"footnotes":""},"aioseo_notices":[],"_links":{"self":[{"href":"https:\/\/blogsaverroes.juntadeandalucia.es\/ceiplossilos\/wp-json\/wp\/v2\/pages\/30"}],"collection":[{"href":"https:\/\/blogsaverroes.juntadeandalucia.es\/ceiplossilos\/wp-json\/wp\/v2\/pages"}],"about":[{"href":"https:\/\/blogsaverroes.juntadeandalucia.es\/ceiplossilos\/wp-json\/wp\/v2\/types\/page"}],"author":[{"embeddable":true,"href":"https:\/\/blogsaverroes.juntadeandalucia.es\/ceiplossilos\/wp-json\/wp\/v2\/users\/7051"}],"replies":[{"embeddable":true,"href":"https:\/\/blogsaverroes.juntadeandalucia.es\/ceiplossilos\/wp-json\/wp\/v2\/comments?post=30"}],"version-history":[{"count":9,"href":"https:\/\/blogsaverroes.juntadeandalucia.es\/ceiplossilos\/wp-json\/wp\/v2\/pages\/30\/revisions"}],"predecessor-version":[{"id":1654,"href":"https:\/\/blogsaverroes.juntadeandalucia.es\/ceiplossilos\/wp-json\/wp\/v2\/pages\/30\/revisions\/1654"}],"wp:attachment":[{"href":"https:\/\/blogsaverroes.juntadeandalucia.es\/ceiplossilos\/wp-json\/wp\/v2\/media?parent=30"}],"curies":[{"name":"wp","href":"https:\/\/api.w.org\/{rel}","templated":true}]}}