{"id":3631,"date":"2025-10-08T11:26:49","date_gmt":"2025-10-08T10:26:49","guid":{"rendered":"https:\/\/blogsaverroes.juntadeandalucia.es\/ceiplossilos\/?page_id=3631"},"modified":"2025-10-08T11:40:11","modified_gmt":"2025-10-08T10:40:11","slug":"condiciones-de-uso","status":"publish","type":"page","link":"https:\/\/blogsaverroes.juntadeandalucia.es\/ceiplossilos\/condiciones-de-uso\/","title":{"rendered":"Condiciones de uso"},"content":{"rendered":"<h1 class=\"entry-title main_title\"><span style=\"color: #000000\"><span style=\"font-size: 16px\">Estas son condiciones generales regulan el uso del servicio de blogs, que BlogsAverroes para <\/span><strong style=\"font-size: 16px\">la web del CEIP San Los Silos de Jabugo<\/strong><span style=\"font-size: 16px\">, portal educativo de la Consejer\u00eda de Desarrollo Educativo y Formaci\u00f3n Profesional de la Junta de Andaluc\u00eda, pone a disposici\u00f3n del profesorado como herramienta de apoyo a la ense\u00f1anza y aprendizaje para el alumnado.<\/span><\/span><\/h1>\n<div class=\"entry-content\">\n<div class=\"et_pb_section et_pb_section_1 et_pb_with_background et_section_regular section_has_divider et_pb_top_divider\">\n<div class=\"et_pb_row et_pb_row_1\">\n<div class=\"et_pb_column et_pb_column_4_4 et_pb_column_1 et_pb_css_mix_blend_mode_passthrough et-last-child\">\n<div class=\"et_pb_module et_pb_text et_pb_text_1 ba_in_contenido et_pb_text_align_left et_pb_bg_layout_light\">\n<div class=\"et_pb_text_inner\">\n<h4><span style=\"color: #000000\"><strong>1. ACEPTACI\u00d3N DE NORMAS<\/strong><\/span><\/h4>\n<p><span style=\"color: #000000\"><strong>1.1 Condici\u00f3n de usuario<\/strong>. La utilizaci\u00f3n de este servicio atribuye la condici\u00f3n de usuario del servicio y expresa la aceptaci\u00f3n plena y sin reservas del usuario de todas y cada una de las condiciones generales en la versi\u00f3n publicada por&nbsp;<strong>BlogsAverroes del CEIP Los Silos<\/strong>&nbsp;en el momento mismo en el que el usuario accede al servicio. En consecuencia, el usuario debe leer atentamente estas condiciones en cada una de las ocasiones en las que se proponga utilizar el servicio.<\/span><br \/>\n<span style=\"color: #000000\"><strong>1.2 Modificaci\u00f3n de normas<\/strong>. Las presentes condiciones de utilizaci\u00f3n de&nbsp;<strong>BlogsAverroes del CEIP Los Silos<\/strong>&nbsp;regulan la prestaci\u00f3n de este servicio y su utilizaci\u00f3n por los usuarios.&nbsp;<strong>BlogsAverroes del CEIP Los Silos<\/strong>&nbsp;se reserva el derecho a modificar unilateral, en cualquier momento y sin previo aviso, la presentaci\u00f3n, configuraci\u00f3n y contenido del servicio, as\u00ed como tambi\u00e9n las condiciones requeridas para utilizarlo.<\/span><\/p>\n<h4><span style=\"color: #000000\"><strong>2. FINALIDAD EDUCATIVA<\/strong><\/span><\/h4>\n<p><span style=\"color: #000000\"><strong>2.1 Prop\u00f3sito general<\/strong>. El prop\u00f3sito de&nbsp;<strong>BlogsAverroes<\/strong>&nbsp;<strong>del CEIP Los Silos<\/strong>&nbsp;es proporcionar a los usuarios\/as un espacio para la publicaci\u00f3n y discusi\u00f3n de contenidos estrictamente educativos en la web utilizando el formato de weblog, blog o diario personal, tambi\u00e9n conocido como bit\u00e1cora.<\/span><br \/>\n<span style=\"color: #000000\"><strong>2.2 Apoyo educativo<\/strong>. Esta herramienta electr\u00f3nica servir\u00e1 de apoyo a la ense\u00f1anza y aprendizaje desarrollados en el \u00e1mbito de la comunidad educativa.<\/span><br \/>\n<span style=\"color: #000000\"><strong>2.3 Portal de blogs<\/strong>&nbsp;<strong>del CEIP Los Silos<\/strong>&nbsp;se declara como un portal de blogs educativos y espacios de centros, donde alumnado, profesorado y familias podr\u00e1n libremente participar leyendo, publicando contenidos o enviando comentarios sobre otros ya existentes.<\/span><\/p>\n<h4><span style=\"color: #000000\"><strong>3. CONDICIONES DE ACCESO Y UTILIZACI\u00d3N<\/strong><\/span><\/h4>\n<p><span style=\"color: #000000\"><strong>3.1 Profesorado<\/strong>. Cualquier profesor o profesora con identidad digital en <strong>CEIP Los Silos<\/strong>&nbsp;y previamente autentificado podr\u00e1 crear su propio blog. No se establece l\u00edmite en el n\u00famero de bit\u00e1coras que puede crear cada docente aunque se recomienda un uso prudente y restringido a las necesidades surgidas en el estricto desarrollo de sus labores docentes.<\/span><br \/>\n<span style=\"color: #000000\"><strong>3.2 Alumnado<\/strong>. El alumnado no podr\u00e1 crear blogs aunque puede ser invitado a participar con diferentes roles en uno previamente creado por su profesor\/a o en la web del centro. En este caso, la publicaci\u00f3n de contenidos por parte del alumnado estar\u00e1 siempre supervisada por la persona que administre dichos sitios web.<\/span><br \/>\n<span style=\"color: #000000\"><strong>3.3 Opciones del blog<\/strong>. El profesor\/a con perfil de administrador en su blog determinar\u00e1 sus distintas opciones de privacidad y seguridad con independencia del resto de blogs. Esta configuraci\u00f3n afectar\u00e1 a su gesti\u00f3n y funcionamiento: moderaci\u00f3n o no de los comentarios enviados por usuarios visitantes; lectura p\u00fablica o privada (solo para usuarios autentificados o suscritos) de todos o bien de algunos art\u00edculos y p\u00e1ginas; asignaci\u00f3n de permisos de edici\u00f3n a los usuarios (alumnado y profesorado) adscritos al blog con sus diferentes roles: suscriptor, colaborador, autor, editor o administrador, etc.<\/span><br \/>\n<span style=\"color: #000000\"><strong>3.4 Entorno colaborativo<\/strong>. La herramienta posibilita la gesti\u00f3n colaborativa de contenidos por parte de distintos usuarios en una misma bit\u00e1cora. Esto favorecer\u00e1 el desarrollo de grupos de trabajo de alumnado y\/o profesorado del mismo u otro centro.<\/span><br \/>\n<span style=\"color: #000000\"><strong>3.5 Credenciales BlogsAverroes del CEIP Los Silos<\/strong>. El acceso a la gesti\u00f3n de contenidos solo ser\u00e1 posible mediante autentificaci\u00f3n utilizando las credenciales de&nbsp;<strong>BlogsAverroes del CEIP Los Silos<\/strong>: usuario y contrase\u00f1a. No ser\u00e1 necesario el registro de datos personales. No se permitir\u00e1 el acceso autentificado a usuarios que no dispongan de identidad digital en<strong> CEIP Los Silos<\/strong>.<\/span><br \/>\n<span style=\"color: #000000\"><strong>3.6 Cookies<\/strong>.&nbsp;<strong>BlogsAverroes del CEIP Los Silos<\/strong>&nbsp;utiliza cookies para la gesti\u00f3n autentificada de contenidos. Ser\u00e1 necesario que el usuario configure su navegador para permitir la instalaci\u00f3n de las cookies enviadas por&nbsp;<strong>BlogsAverroes<\/strong>&nbsp;aconsej\u00e1ndose pulsar en el bot\u00f3n \u201cdesconectar\u201d para finalizar la sesi\u00f3n y eliminarlas antes de cerrar el navegador.<\/span><br \/>\n<span style=\"color: #000000\"><strong>3.7 Caducidad<\/strong>.&nbsp;<strong>BlogsAverroes<\/strong>&nbsp;<strong>del CEIP Los Silos <\/strong>se reserva el derecho a suprimir, en cualquier momento y sin previo aviso, las bit\u00e1coras con contenidos de prueba, carentes de significado o utilidad as\u00ed como aquellas que no hayan sido actualizadas o renovadas en un periodo igual o superior a 6 meses.<\/span><br \/>\n<span style=\"color: #000000\"><strong>3.8 Respeto<\/strong>. El\/la usuario\/a de &nbsp;se compromete a respetar el sistema de hardware y software que soporta este servicio, a no difundir en la red virus inform\u00e1ticos, y a no tratar de acceder y, en su caso, utilizar las cuentas de gesti\u00f3n de contenidos de otros usuarios.<\/span><br \/>\n<span style=\"color: #000000\"><strong>3.9 Publicidad y spam<\/strong>. Est\u00e1 totalmente prohibida la publicaci\u00f3n de contenidos o enlaces comerciales, publicitarios, promocionales as\u00ed como correos masivos. Se proh\u00edbe el env\u00edo masivo, repetitivo e intencionado de un mismo comentario a uno o varios art\u00edculos de&nbsp;<strong>BlogsAverroes del CEIP Los Silos<\/strong>.<\/span><br \/>\n<span style=\"color: #000000\"><strong>3.10 Contenidos inadecuados<\/strong>. Asimismo se proh\u00edben terminantemente los contenidos racistas, amenazadores, abusivos, difamatorios, obscenos, trasgresores, sexuales o ilegales o contenidos que permitan el enlace con dichos materiales o los promocionen directa o indirectamente.&nbsp;<strong>BlogsAverroes del CEIP Los Silos<\/strong>&nbsp;pone a disposici\u00f3n de los Usuarios una direcci\u00f3n de correo electr\u00f3nico (<strong>blogsaverroes.ced@juntadeandalucia.es&nbsp;<\/strong>o en el&nbsp;<strong>21002151.edu@juntadeandalucia.es<\/strong>) para que cualquier persona afectada por la actividad de otros usuarios pueda comunicar el origen de los actos e informaciones que considere il\u00edcitos o que atenten contra los derechos propios o de terceros.<\/span><br \/>\n<span style=\"color: #000000\"><strong>3.11 Prop\u00f3sito educativo<\/strong>.&nbsp;<strong>BlogsAverroes<\/strong>&nbsp;<strong>del CEIP Los Silos <\/strong>se reserva el derecho a denegar, impedir y retirar los contenidos publicados, en cualquier momento y sin previo aviso, a aquellos usuarios cuyas bit\u00e1coras creadas y alojadas en<strong> la web del CEIP Los Silos<\/strong>&nbsp;no cumplan un prop\u00f3sito educativo expl\u00edcito.<\/span><br \/>\n<span style=\"color: #000000\"><strong>3.12 Autor\u00eda<\/strong>. Ning\u00fan art\u00edculo, p\u00e1gina, comentario, imagen, audio, v\u00eddeo, enlace, etc. que se publique en cualquiera de las bit\u00e1coras alojadas en&nbsp;<strong>BlogsAverroes del CEIP Los Silos<\/strong>&nbsp;se considerar\u00e1 an\u00f3nimo.&nbsp;<strong>BlogsAverroes<\/strong>&nbsp;<strong>del CEIP Los Silos <\/strong>cuenta con un fichero de registro donde quedan almacenados todos los contenidos publicados conforme al art\u00edculo 4 de la Ley 56\/2007, de 28 de diciembre, de Medidas de Impulso de la Sociedad de la Informaci\u00f3n, por lo que no se debe dar por supuesto la impunidad de ciertas acciones.<\/span><\/p>\n<h4><span style=\"color: #000000\"><strong>4. RESPONSABILIDAD<\/strong><\/span><\/h4>\n<p><span style=\"color: #000000\"><strong>4.1 Aceptaci\u00f3n<\/strong>. El usuario es consciente y acepta voluntariamente que el uso de este servicio de blogs tiene lugar, en todo caso, bajo su \u00fanica y exclusiva responsabilidad.<\/span><br \/>\n<span style=\"color: #000000\"><strong>4.2 Da\u00f1os y perjuicios<\/strong>.&nbsp;<strong>BlogsAverroes<\/strong>&nbsp;<strong>del CEIP Los Silos <\/strong>no ser\u00e1 responsable de los da\u00f1os y perjuicios derivados de infracciones de cualquier usuario que afecten a los derechos de otro usuario o de terceros, incluyendo los derechos fundamentales, de copyright, marca, patentes, informaci\u00f3n confidencial y cualquier otro derecho de propiedad intelectual e industrial.<\/span><br \/>\n<span style=\"color: #000000\"><strong>4.3 Autorizaci\u00f3n<\/strong>. El contenido del <strong>CEIP Los Silos<\/strong>&nbsp;no deber\u00e1 en ning\u00fan caso ser reproducido en otro medio sin la autorizaci\u00f3n previa de sus responsables.<\/span><br \/>\n<span style=\"color: #000000\"><strong>4.4 Respuesta ante da\u00f1os<\/strong>. El usuario responder\u00e1 de los da\u00f1os y perjuicios de toda naturaleza que&nbsp;<strong>BlogsAverroes del CEIP Los Silos<\/strong>&nbsp;pueda sufrir como consecuencia del incumplimiento de cualesquiera de las obligaciones a las que queda sometido por virtud de estas condiciones generales o de la Ley en relaci\u00f3n con la utilizaci\u00f3n del servicio.<\/span><br \/>\n<span style=\"color: #000000\"><strong>4.5 Garant\u00eda de veracidad<\/strong>.&nbsp;<strong>El CEIP Los Silos<\/strong> no se har\u00e1 responsable, verificar\u00e1, aprobar\u00e1 ni responder\u00e1 de ninguna forma de los contenidos u opiniones publicados o referenciados a t\u00edtulo personal por los usuarios del servicio de blogs. Se hace constar que tanto los art\u00edculos o enlaces creados por el usuario \u00f3 usuarios administradores de contenidos de cada blog como los comentarios enviados por los lectores visitantes con o sin la moderaci\u00f3n de estos primeros, ser\u00e1n publicados directamente sin ning\u00fan tipo de moderaci\u00f3n intermedia por parte del <strong>CEIP Los Silos<\/strong>. Por ello,&nbsp;<strong>BlogsAverroes del CEIP Los Silos<\/strong>&nbsp;no garantiza la veracidad o exactitud de ninguna informaci\u00f3n publicada.<\/span><br \/>\n<span style=\"color: #000000\">En el caso de que cualquier usuario\/a o un tercero consideren que alguno de los contenidos de la p\u00e1gina web propiedad de&nbsp;<strong>BlogsAverroes<\/strong>&nbsp;vulnera sus derechos de propiedad intelectual o industrial, deber\u00e1 remitir una comunicaci\u00f3n a&nbsp;<strong>blogsaverroes.ced@juntadeandalucia.es<\/strong>&nbsp;o en el&nbsp;<strong>21002151.edu@juntadeandalucia.es<\/strong>&nbsp;con la siguiente informaci\u00f3n:<\/span><br \/>\n<span style=\"color: #000000\">1. Datos identificativos y medio de contacto del reclamante o su representante legal.<\/span><br \/>\n<span style=\"color: #000000\">2. Documentaci\u00f3n que acredite su condici\u00f3n de titular de los derechos supuestamente infringidos.<\/span><br \/>\n<span style=\"color: #000000\">3. Relato detallado de los derechos supuestamente infringidos por&nbsp;<strong>BlogsAverroes del CEIP Los Silos<\/strong>, as\u00ed como la localizaci\u00f3n exacta dentro del sitio web.<\/span><br \/>\n<span style=\"color: #000000\">4. Declaraci\u00f3n expresa por parte del reclamante de que la utilizaci\u00f3n de los contenidos se ha realizado sin el consentimiento del titular de los derechos supuestamente infringidos.<\/span><\/p>\n<p><span style=\"color: #000000\"><strong>4.6 Incumplimiento de normativa legal<\/strong>.&nbsp;<b>El <strong>CEIP Los Silos<\/strong><strong>&nbsp;<\/strong><\/b>se reserva el derecho de eliminar, y si procede, guardar y poner a disposici\u00f3n judicial, aquellos contenidos publicados que incumplan alguna de las condiciones de uso o de la normativa legal vigente.<\/span><\/p>\n<h4><span style=\"color: #000000\"><strong>5. DENEGACI\u00d3N DE SERVICIO<\/strong><\/span><\/h4>\n<p><span style=\"color: #000000\"><strong>5.1 Mantenimiento<\/strong>.&nbsp;<strong>El CEIP Los Silos de Jabugo <\/strong>se reserva el derecho a suspender temporalmente, y sin necesidad de previo aviso, el acceso a este servicio por motivos de mantenimiento, reparaci\u00f3n, actualizaci\u00f3n o mejora del mismo.<\/span><br \/>\n<span style=\"color: #000000\"><strong>5.2 Denegaci\u00f3n de acceso<\/strong>. Tambi\u00e9n se reserva el derecho a denegar la utilizaci\u00f3n del servicio y a impedir y retirar los contenidos publicados, en cualquier momento y sin necesidad de previo aviso, a aquellos usuarios que incumplan alguna de las mencionadas condiciones de uso.<\/span><\/p>\n<h4><span style=\"color: #000000\"><strong>6. ELIMINACI\u00d3N DEL BLOG O WEB<br \/>\n<\/strong><\/span><\/h4>\n<p><span style=\"color: #000000\"><strong>6.1 Baja del servicio.&nbsp;<\/strong>Cualquier usuario administrador de un blog o web que ya no use el servicio puede borrar su blog o pedirlo a trav\u00e9s de una consulta normal por blogsaverroes del <strong>CEIP Los Silos<\/strong>.<\/span><\/p>\n<p><span style=\"color: #000000\"><strong>6.2 De oficio por parte del Administrador de la granja de blogs.&nbsp;<\/strong>La finalidad de este servicio es proporcionar una herramienta educativa de apoyo a la ense\u00f1anza, por lo que es un ente vivo que se nutre de experiencias y aportes de las personas que conforman la comunidad educativa.<\/span><\/p>\n<p><span style=\"color: #000000\">Si pasados dos a\u00f1os sin haber actualizado la web o blog, estando sin uso o sin contenidos, es decir, que el fin para el cual se ofrece ya no es cumplido, para ahorrar espacio en los servidores de la Consejer\u00eda de Desarrollo Educativo y Formaci\u00f3n Profesional, se proceder\u00e1 a eliminar el blog o la web sin previo aviso a los usuarios.<\/span><\/p>\n<p><span style=\"color: #000000\">Es por ello que se recomienda hacer copias de seguridad de los contenidos si los creemos importantes a trav\u00e9s de la herramienta de administraci\u00f3n del blog, importar. Esto creer\u00e1 un archivo que puede ser importado a cualquier blog o web en WordPress.<\/span><\/p>\n<\/div>\n<\/div>\n<\/div>\n<\/div>\n<\/div>\n<\/div>\n","protected":false},"excerpt":{"rendered":"<p>Estas son condiciones generales regulan el uso del servicio de blogs, que BlogsAverroes para la web del CEIP San Los Silos de Jabugo, portal educativo&hellip;<\/p>\n","protected":false},"author":12928,"featured_media":0,"parent":0,"menu_order":0,"comment_status":"closed","ping_status":"closed","template":"","meta":{"ngg_post_thumbnail":0,"footnotes":""},"aioseo_notices":[],"_links":{"self":[{"href":"https:\/\/blogsaverroes.juntadeandalucia.es\/ceiplossilos\/wp-json\/wp\/v2\/pages\/3631"}],"collection":[{"href":"https:\/\/blogsaverroes.juntadeandalucia.es\/ceiplossilos\/wp-json\/wp\/v2\/pages"}],"about":[{"href":"https:\/\/blogsaverroes.juntadeandalucia.es\/ceiplossilos\/wp-json\/wp\/v2\/types\/page"}],"author":[{"embeddable":true,"href":"https:\/\/blogsaverroes.juntadeandalucia.es\/ceiplossilos\/wp-json\/wp\/v2\/users\/12928"}],"replies":[{"embeddable":true,"href":"https:\/\/blogsaverroes.juntadeandalucia.es\/ceiplossilos\/wp-json\/wp\/v2\/comments?post=3631"}],"version-history":[{"count":2,"href":"https:\/\/blogsaverroes.juntadeandalucia.es\/ceiplossilos\/wp-json\/wp\/v2\/pages\/3631\/revisions"}],"predecessor-version":[{"id":3644,"href":"https:\/\/blogsaverroes.juntadeandalucia.es\/ceiplossilos\/wp-json\/wp\/v2\/pages\/3631\/revisions\/3644"}],"wp:attachment":[{"href":"https:\/\/blogsaverroes.juntadeandalucia.es\/ceiplossilos\/wp-json\/wp\/v2\/media?parent=3631"}],"curies":[{"name":"wp","href":"https:\/\/api.w.org\/{rel}","templated":true}]}}