{"id":39,"date":"2024-11-09T12:44:11","date_gmt":"2024-11-09T11:44:11","guid":{"rendered":"http:\/\/blogsaverroes.juntadeandalucia.es\/pre\/nuevoceip2v2\/?page_id=39"},"modified":"2024-11-15T11:57:33","modified_gmt":"2024-11-15T10:57:33","slug":"comedor-escolar","status":"publish","type":"page","link":"https:\/\/blogsaverroes.juntadeandalucia.es\/ceiplossilos\/comedor-escolar\/","title":{"rendered":"Comedor escolar"},"content":{"rendered":"<h3>El <a href=\"https:\/\/blogsaverroes.juntadeandalucia.es\/ceiplossilos\/\"><strong>C.E.I.P Los Silos<\/strong><\/a> presta el servicio de comedor escolar para el alumnado de educaci\u00f3n infantil y primaria,&nbsp; durante un tiempo m\u00e1ximo de dos horas a partir de la finalizaci\u00f3n de la jornada lectiva de ma\u00f1ana, de <strong>14.00 a 16:00 horas<\/strong>. El horario de este servicio proporciona a los padres y a las madres un apoyo que les permite compatibilizar sus obligaciones familiares y profesionales, por tanto, el comedor escolar constituye un servicio complementario de gran utilidad para conciliar la vida laboral y familiar. Es, adem\u00e1s, una pieza importante en todas las medidas dirigidas a mejorar los h\u00e1bitos alimenticios de los ni\u00f1os y ni\u00f1as y prevenir problemas de salud como la obesidad.<\/h3>\n<div class=\"entry-content\">\n<p>En la organizaci\u00f3n del servicio de comedor escolar, el centro considera la atenci\u00f3n al alumnado usuario, tanto en el tiempo destinado a la comida, como en los per\u00edodos inmediatamente anteriores y posteriores a la misma, todo ello en el marco de la concepci\u00f3n educativa integral que tiene este servicio en los centros. La gesti\u00f3n diaria del servicio se realiza teniendo en cuenta el aforo y el n\u00famero de comensales que hacen uso de dicho servicio.<\/p>\n<p><strong>La atenci\u00f3n al alumnado en el comedor escolar se llevar\u00e1 a cabo por personal cualificado cuyas funciones son las siguientes:<\/strong><\/p>\n<ol style=\"list-style-type: lower-alpha\">\n<li>Atender y custodiar al alumnado durante las comidas y en el tiempo anterior y posterior a las mismas.<\/li>\n<li>Resolver las incidencias que pudieran presentarse durante ese per\u00edodo.<\/li>\n<li>Prestar especial atenci\u00f3n a la labor educativa del comedor: adquisici\u00f3n de h\u00e1bitos sociales e higi\u00e9nico-sanitarios y correcta utilizaci\u00f3n del menaje del comedor.<\/li>\n<li>Cualquier otra funci\u00f3n que le pueda ser encomendada por la persona que ejerce la direcci\u00f3n del centro, para el adecuado funcionamiento del comedor escolar.<\/li>\n<\/ol>\n<p>Estos profesionales ejercen una labor educativa dirigida a favorecer la adquisici\u00f3n de buenos h\u00e1bitos sociales, higi\u00e9nicos y alimenticios. Por ejemplo, introduciendo pr\u00e1cticas como el lavado previo de las manos o el cepillado de los dientes despu\u00e9s de las comidas. Adem\u00e1s de la labor educativa que se realiza durante las comidas, despu\u00e9s de estas las empresas que atienden el comedor escolar deben ofrecer al alumnado actividades l\u00fadicas, deportivas o educativas que permitan un uso provechoso de este tiempo.<\/p>\n<h3><strong>Aforo<\/strong><\/h3>\n<p>El comedor escolar de nuestro Colegio cuenta actualmente con un aforo m\u00e1ximo de <strong>80 plazas.<\/strong><\/p>\n<h3><strong>Precios p\u00fablicos de los servicios de Comedor escolar en los centros docentes p\u00fablicos de Andaluc\u00eda. Acuerdo de 30 de julio de 2024 del Consejo de Gobierno (BOJA 02\/08\/24) Curso 24\/25.<\/strong><\/h3>\n<h4>Precio del servicio (impuestos incluidos).<\/h4>\n<ul>\n<li>Precio por d\u00eda: <strong><em>5,55 euros.<\/em><\/strong><\/li>\n<\/ul>\n<h3><strong>Solicitudes<\/strong><\/h3>\n<p>El servicio de comedor escolar se solicita en el mes de&nbsp;<strong>junio<\/strong>&nbsp;en la matriculaci\u00f3n del alumnado y la solicitud de bonificaciones al precio p\u00fablico de dicho servicio se realiza a principios del mes de&nbsp;<strong>septiembre<\/strong>&nbsp;para posibilitar que los ingresos de referencia para el c\u00e1lculo de la bonificaci\u00f3n sea el del a\u00f1o inmediatamente anterior, y adecuarse en lo posible a la capacidad econ\u00f3mica real de las familias.<\/p>\n<p>&nbsp;Desc\u00e1rgate los formularios, rell\u00e9nalos y entr\u00e9galos en la secretar\u00eda del Colegio:<\/p>\n<ul>\n<li><strong>Solicitud de inscripci\u00f3n<\/strong>: <a href=\"https:\/\/www.juntadeandalucia.es\/educacion\/portals\/delegate\/content\/6c4342f7-1581-4c26-bc7e-2e49b4b64cee\/Anexo%20II.-%20Servicio%20de%20Aula%20Matinal,%20Comedor%20Escolar%20y%20actividades%20Extraescolares\" target=\"_blank\" rel=\"noopener noreferrer\">Anexo_II<\/a><\/li>\n<li><strong>Solicitud de bonificaci\u00f3n<\/strong>:&nbsp;<a href=\"https:\/\/www.juntadeandalucia.es\/educacion\/portals\/delegate\/content\/fcc8b9c5-53ad-46ca-9098-80d7b3c81097\/Anexo%20V.-%20Gratuidad\/bonificaci%C3%B3n%20del%20precio%20p%C3%BAblico%20por%20los%20servicios%20complementarios%20de%20Aula%20Matinal,%20Comedor%20Escolar%20y%20Actividades%20Extraescolares\" target=\"_blank\" rel=\"noopener noreferrer\">Anexo_V<\/a><\/li>\n<li><strong>Solicitud de baja en el servicio<\/strong>:&nbsp;<a href=\"http:\/\/blogsaverroes.juntadeandalucia.es\/ceprjosenogales\/files\/2015\/03\/solicitud_baja_paf.pdf\">Anexo baja<\/a><\/li>\n<\/ul>\n<h3><strong>Empresa catering<\/strong><\/h3>\n<p><img decoding=\"async\" class=\"alignnone size-medium wp-image-2260\" src=\"https:\/\/blogsaverroes.juntadeandalucia.es\/ceiplossilos\/files\/2024\/11\/logo-Mediterranea-300x84.png\" alt=\"\" width=\"300\" height=\"84\" srcset=\"https:\/\/blogsaverroes.juntadeandalucia.es\/ceiplossilos\/files\/2024\/11\/logo-Mediterranea-300x84.png 300w, https:\/\/blogsaverroes.juntadeandalucia.es\/ceiplossilos\/files\/2024\/11\/logo-Mediterranea.png 423w\" sizes=\"(max-width: 300px) 100vw, 300px\" \/><\/p>\n<h4>C\/ Arroyo del Soto, 17<br \/>\nEdificio Mediterr\u00e1nea<br \/>\n28914 Legan\u00e9s &#8211; Madrid<\/h4>\n<h4>91 640 47 45<\/h4>\n<table>\n<tbody>\n<tr>\n<td>\n<h3><strong>Documentaci\u00f3n sobre alimentaci\u00f3n<br \/>\n<\/strong><\/h3>\n<p><a href=\"https:\/\/blogsaverroes.juntadeandalucia.es\/ceprjosenogales\/files\/2019\/01\/01_RECOMENDACIONES-PARA-UN-DESAYUNO-SALUDABLE_PIOBIN.pdf\" target=\"_blank\" rel=\"noopener noreferrer\">01 Recomendaciones para un desayuno saludable.<\/a><\/p>\n<p><a href=\"https:\/\/blogsaverroes.juntadeandalucia.es\/ceprjosenogales\/files\/2019\/01\/02_EL-JUEGO-DEL-SEM%C3%81FORO-DE-LOS-ALIMENTOS_PIOBIN.pdf\" target=\"_blank\" rel=\"noopener noreferrer\">02 El juego del sem\u00e1foro de los alimentos.<\/a><\/p>\n<p><a href=\"https:\/\/blogsaverroes.juntadeandalucia.es\/ceprjosenogales\/files\/2019\/01\/03_Folleto-Act-Fisica-en-familia_Andaluc%C3%ADa.pdf\" target=\"_blank\" rel=\"noopener noreferrer\">03 Folleto Actividad Fisica en familia.<\/a><\/p>\n<p><a href=\"https:\/\/blogsaverroes.juntadeandalucia.es\/ceprjosenogales\/files\/2019\/01\/04_TAMA%C3%91O-ORIENTATIVO-DE-RACIONES-PARA-NI%C3%91OS-Y-NI%C3%91AS_PIOBIN.pdf\" target=\"_blank\" rel=\"noopener noreferrer\">04 Tama\u00f1o orientativo de raciones para ni\u00f1os y ni\u00f1as.<\/a><\/p>\n<p><a href=\"https:\/\/blogsaverroes.juntadeandalucia.es\/ceprjosenogales\/files\/2019\/01\/05_Cuestionario-adherencia-dieta-mediterranea.pdf\" target=\"_blank\" rel=\"noopener noreferrer\">05 Cuestionario adherencia dieta mediterranea.<\/a><\/td>\n<\/tr>\n<\/tbody>\n<\/table>\n<h3><strong>Normativa<\/strong><\/h3>\n<div class=\"portlet-content\">\n<div class=\" portlet-content-container\">\n<div class=\"portlet-body\">\n<div class=\"contenido_portlet \">\n<div class=\"portlet_normativas\">\n<div class=\"listadoNormativas normativas-selected\">\n<div class=\"wrapper-listado\">\n<ul class=\"listado\">\n<li class=\"item item_listado clearfix item\">\n<div class=\"inner-item\">\n<div class=\"wrapper_fecha\">\n<p class=\"fecha\"><span class=\"fecha-dia\">15<\/span>&nbsp;de&nbsp;<span class=\"fecha-mes\">mayo<\/span>&nbsp;de&nbsp;<span class=\"fecha-anyo\">2017<\/span><\/p>\n<\/div>\n<p class=\"titulo\"><a title=\"Resoluci\u00f3n de 15 de mayo de 2017, de la Direcci\u00f3n General de Planificaci\u00f3n y Centros, por la que se establece el calendario de actuaciones en el procedimiento de admisi\u00f3n del alumnado en los servicios complementarios de aula matinal, comedor escolar y actividades extraescolares para el curso escolar 2017\/18.\" href=\"http:\/\/portals.ced.junta-andalucia.es\/educacion\/portals\/web\/ced\/servicios-complementarios\/-\/normativas\/detalle\/resolucion-de-15-de-mayo-de-2017-de-la-direccion-general-de-planificacion-y-centros-por-la-que-se-establece-el\">Resoluci\u00f3n de 15 de mayo de 2017, de la Direcci\u00f3n General de Planificaci\u00f3n y Centros, por la que se establece el calendario de actuaciones en el procedimiento de admisi\u00f3n del alumnado en los servicios complementarios de aula matinal, comedor escolar y actividades extraescolares para el curso escolar 2017\/18.<\/a><\/p>\n<\/div>\n<\/li>\n<li class=\"item item_listado clearfix item\">\n<div class=\"inner-item\">\n<div class=\"wrapper_fecha\">\n<p class=\"fecha\"><span class=\"fecha-dia\">17<\/span>&nbsp;de&nbsp;<span class=\"fecha-mes\">abril<\/span>&nbsp;de&nbsp;<span class=\"fecha-anyo\">2017<\/span><\/p>\n<\/div>\n<p class=\"titulo\"><a title=\"Orden de 17 abril de 2017, por la que se regula la organizaci\u00f3n y el funcionamiento de los servicios complementarios de aula matinal, comedor escolar y actividades extraescolares, as\u00ed como el uso de las instalaciones de los centros docentes p\u00fablicos de la Comunidad Aut\u00f3noma de Andaluc\u00eda fuera del horario escolar.\" href=\"http:\/\/portals.ced.junta-andalucia.es\/educacion\/portals\/web\/ced\/servicios-complementarios\/-\/normativas\/detalle\/orden-de-17-abril-de-2017-por-la-que-se-regula-la-organizacion-y-el-funcionamiento-de-los-servicios-complementarios-de\">Orden de 17 abril de 2017, por la que se regula la organizaci\u00f3n y el funcionamiento de los servicios complementarios de aula matinal, comedor escolar y actividades extraescolares, as\u00ed como el uso de las instalaciones de los centros docentes p\u00fablicos de la Comunidad Aut\u00f3noma de Andaluc\u00eda fuera del horario escolar.<\/a><\/p>\n<\/div>\n<\/li>\n<li class=\"item item_listado clearfix item\">\n<div class=\"inner-item\">\n<div class=\"wrapper_fecha\">\n<p class=\"fecha\"><span class=\"fecha-dia\">16<\/span>&nbsp;de&nbsp;<span class=\"fecha-mes\">enero<\/span>&nbsp;de&nbsp;<span class=\"fecha-anyo\">2017<\/span><\/p>\n<\/div>\n<p class=\"titulo\"><a title=\"Decreto 6\/2017, de 16 de enero, por el que se regulan los servicios complementarios de aula matinal, comedor escolar y actividades extraescolares, as\u00ed como el uso de las instalaciones de los centros docentes p\u00fablicos de la Comunidad Aut\u00f3noma de Andaluc\u00eda fuera del horario escolar.\" href=\"http:\/\/portals.ced.junta-andalucia.es\/educacion\/portals\/web\/ced\/servicios-complementarios\/-\/normativas\/detalle\/decreto-6-2017-de-16-de-enero-por-el-que-se-regulan-los-servicios-complementarios-de-aula-matinal-comedor-escolar-y\">Decreto 6\/2017, de 16 de enero, por el que se regulan los servicios complementarios de aula matinal, comedor escolar y actividades extraescolares, as\u00ed como el uso de las instalaciones de los centros docentes p\u00fablicos de la Comunidad Aut\u00f3noma de Andaluc\u00eda fuera del horario escolar.<\/a><\/p>\n<\/div>\n<\/li>\n<\/ul>\n<\/div>\n<\/div>\n<\/div>\n<\/div>\n<\/div>\n<\/div>\n<\/div>\n<h3>&nbsp;<\/h3>\n<\/div>\n<p>&nbsp;<\/p>\n","protected":false},"excerpt":{"rendered":"<p>El C.E.I.P Los Silos presta el servicio de comedor escolar para el alumnado de educaci\u00f3n infantil y primaria,&nbsp; durante un tiempo m\u00e1ximo de dos horas&hellip;<\/p>\n","protected":false},"author":7051,"featured_media":0,"parent":0,"menu_order":0,"comment_status":"closed","ping_status":"closed","template":"","meta":{"ngg_post_thumbnail":0,"footnotes":""},"aioseo_notices":[],"_links":{"self":[{"href":"https:\/\/blogsaverroes.juntadeandalucia.es\/ceiplossilos\/wp-json\/wp\/v2\/pages\/39"}],"collection":[{"href":"https:\/\/blogsaverroes.juntadeandalucia.es\/ceiplossilos\/wp-json\/wp\/v2\/pages"}],"about":[{"href":"https:\/\/blogsaverroes.juntadeandalucia.es\/ceiplossilos\/wp-json\/wp\/v2\/types\/page"}],"author":[{"embeddable":true,"href":"https:\/\/blogsaverroes.juntadeandalucia.es\/ceiplossilos\/wp-json\/wp\/v2\/users\/7051"}],"replies":[{"embeddable":true,"href":"https:\/\/blogsaverroes.juntadeandalucia.es\/ceiplossilos\/wp-json\/wp\/v2\/comments?post=39"}],"version-history":[{"count":16,"href":"https:\/\/blogsaverroes.juntadeandalucia.es\/ceiplossilos\/wp-json\/wp\/v2\/pages\/39\/revisions"}],"predecessor-version":[{"id":2282,"href":"https:\/\/blogsaverroes.juntadeandalucia.es\/ceiplossilos\/wp-json\/wp\/v2\/pages\/39\/revisions\/2282"}],"wp:attachment":[{"href":"https:\/\/blogsaverroes.juntadeandalucia.es\/ceiplossilos\/wp-json\/wp\/v2\/media?parent=39"}],"curies":[{"name":"wp","href":"https:\/\/api.w.org\/{rel}","templated":true}]}}