{"id":588,"date":"2024-11-06T16:38:05","date_gmt":"2024-11-06T15:38:05","guid":{"rendered":"https:\/\/blogsaverroes.juntadeandalucia.es\/ceiplossilos\/?page_id=588"},"modified":"2024-11-15T11:30:45","modified_gmt":"2024-11-15T10:30:45","slug":"escolarizacion","status":"publish","type":"page","link":"https:\/\/blogsaverroes.juntadeandalucia.es\/ceiplossilos\/escolarizacion\/","title":{"rendered":"Escolarizaci\u00f3n"},"content":{"rendered":"<header class=\"entry-header\">\n<h1 class=\"entry-title\"><a class=\"cboxElement\" href=\"https:\/\/blogsaverroes.juntadeandalucia.es\/ceipsilos\/files\/2014\/02\/COVER_FACEBOOK_ADMISION.jpg\"><img fetchpriority=\"high\" decoding=\"async\" class=\"alignnone wp-image-2685\" src=\"https:\/\/blogsaverroes.juntadeandalucia.es\/ceipsilos\/files\/2014\/02\/COVER_FACEBOOK_ADMISION-300x111.jpg\" alt=\"\" width=\"540\" height=\"212\"\/><\/a><\/h1>\n<\/header>\n<div class=\"entry-content\">\n<h2>En el mes de marzo se inicia el procedimiento de admisi\u00f3n de alumnado en centros&nbsp;educativos en Andaluc\u00eda.<\/h2>\n<h4>En el tabl\u00f3n de anuncios de nuestro <a href=\"https:\/\/blogsaverroes.juntadeandalucia.es\/ceiplossilos\/\" target=\"_blank\" rel=\"noopener\">CEIP Los Silos de Jabugo<\/a>,&nbsp; se publicar\u00e1n los diferentes documentos oficiales de este procedimiento de admisi\u00f3n.<\/h4>\n<p><strong>PLAZO DE PRESENTACI\u00d3N DE SOLICITUDES ADMISI\u00d3N PAR EL NUEVO ALUMNADO<\/strong><\/p>\n<ul>\n<li>Del 1 al 31 de marzo.<\/li>\n<\/ul>\n<p><strong>LUGAR<\/strong><\/p>\n<ul>\n<li>En la Secretar\u00eda del colegio de lunes a viernes de 9:00 a 14:00 con previa cita.<\/li>\n<li>En la&nbsp;<a href=\"https:\/\/www.juntadeandalucia.es\/educacion\/secretariavirtual\/accesoTramite\/543\/\" target=\"_blank\" rel=\"noopener noreferrer\">Secretar\u00eda Virtual de los Centros Educativos.<\/a><\/li>\n<\/ul>\n<p>Tutorial presentaci\u00f3n telem\u00e1tica a trav\u00e9s de la Secretar\u00eda Virtual<\/p>\n<p><iframe title=\"Procedimiento Admisi\u00f3n en Centros Andaluces (con certificado digital o CL@VE)\" width=\"843\" height=\"474\" src=\"https:\/\/www.youtube.com\/embed\/ksm-g4kbVnQ?feature=oembed\" frameborder=\"0\" allow=\"accelerometer; autoplay; clipboard-write; encrypted-media; gyroscope; picture-in-picture; web-share\" referrerpolicy=\"strict-origin-when-cross-origin\" allowfullscreen><\/iframe><\/p>\n<div class=\"fluid-width-video-wrapper\"><iframe src=\"https:\/\/www.youtube.com\/embed\/ksm-g4kbVnQ\"><\/iframe><\/div>\n<p><strong>DATOS DEL COLEGIO<\/strong><\/p>\n<ul>\n<li><strong>Vacantes ofertadas curso 2022\/2023:&nbsp;<\/strong>\n<ul>\n<li>25 plazas en 3 a\u00f1os de Educaci\u00f3n Infantil.<\/li>\n<\/ul>\n<\/li>\n<li><strong>Servicios complementarios:<\/strong>\n<ul>\n<li>Aula matinal: 30 plazas<\/li>\n<li>Comedor: 58 plazas<\/li>\n<li>Actividades extraescolares: un m\u00ednimo de 10 plazas<\/li>\n<\/ul>\n<\/li>\n<\/ul>\n<p><strong>DOCUMENTACI\u00d3N<\/strong><\/p>\n<ul>\n<li><a href=\"https:\/\/drive.google.com\/file\/d\/1gkj50CDV7RIebotFT1_2FxJe9of0MtUL\/view?usp=sharing\" target=\"_blank\" rel=\"noopener noreferrer\">IMPRESO DE ADMISI\u00d3N<\/a>&nbsp;Aportar la documentaci\u00f3n necesaria.<\/li>\n<\/ul>\n<p>CALENDARIO<\/p>\n<ul>\n<li><a href=\"https:\/\/blogsaverroes.juntadeandalucia.es\/ceiplossilos\/files\/2022\/03\/ANEXO-IF.pdf\">ANEXO I(F)<\/a><\/li>\n<\/ul>\n<p>BAREMO<\/p>\n<ul>\n<li><a href=\"https:\/\/blogsaverroes.juntadeandalucia.es\/ceiplossilos\/files\/2022\/03\/ANEXO-IVF.pdf\">ANEXO IV(F)<\/a><\/li>\n<\/ul>\n<p><strong>ALUMNADO DE 6\u00ba DE E. PRIMARIA DEL COLEGIO<\/strong><\/p>\n<p>El alumnado de 6\u00ba curso de este colegio que promocione est\u00e1 adscrito al I.E.S. San Miguel de la localidad, teniendo su plaza reservada sin tener que realizar ninguna actuaci\u00f3n en el presente procedimiento de admisi\u00f3n.<\/p>\n<p>El alumno que quiera ir a otro Instituto deber\u00e1 realizar la solicitud pertinente en este procedimiento de admisi\u00f3n.<\/p>\n<p>Todo el alumnado deber\u00e1 formalizar su matr\u00edcula en el plazo establecido, del 1 al 8 de junio, si no perder\u00e1n el derecho a la plaza escolar reservada.<\/p>\n<p><strong>LUGAR DE INFORMACI\u00d3N<\/strong><\/p>\n<p>Pueden obtener m\u00e1s informaci\u00f3n del procedimiento de admisi\u00f3n en:<\/p>\n<ul>\n<li><a href=\"http:\/\/www.juntadeandalucia.es\/educacion\/portals\/web\/escolarizacion\" target=\"_blank\" rel=\"noopener noreferrer\">Web de consejer\u00eda de educaci\u00f3n<\/a><\/li>\n<\/ul>\n<ul>\n<li>Secretar\u00eda del centro de lunes a viernes de 9:10 a 10:00<\/li>\n<\/ul>\n<p style=\"padding-left: 80px\">Tel\u00e9fonos: 959129904 \/ 959121014 \/&nbsp;671567157<\/p>\n<\/div>\n","protected":false},"excerpt":{"rendered":"<p>En el mes de marzo se inicia el procedimiento de admisi\u00f3n de alumnado en centros&nbsp;educativos en Andaluc\u00eda. En el tabl\u00f3n de anuncios de nuestro CEIP&hellip;<\/p>\n","protected":false},"author":12928,"featured_media":0,"parent":0,"menu_order":0,"comment_status":"closed","ping_status":"closed","template":"","meta":{"ngg_post_thumbnail":0,"footnotes":""},"aioseo_notices":[],"_links":{"self":[{"href":"https:\/\/blogsaverroes.juntadeandalucia.es\/ceiplossilos\/wp-json\/wp\/v2\/pages\/588"}],"collection":[{"href":"https:\/\/blogsaverroes.juntadeandalucia.es\/ceiplossilos\/wp-json\/wp\/v2\/pages"}],"about":[{"href":"https:\/\/blogsaverroes.juntadeandalucia.es\/ceiplossilos\/wp-json\/wp\/v2\/types\/page"}],"author":[{"embeddable":true,"href":"https:\/\/blogsaverroes.juntadeandalucia.es\/ceiplossilos\/wp-json\/wp\/v2\/users\/12928"}],"replies":[{"embeddable":true,"href":"https:\/\/blogsaverroes.juntadeandalucia.es\/ceiplossilos\/wp-json\/wp\/v2\/comments?post=588"}],"version-history":[{"count":7,"href":"https:\/\/blogsaverroes.juntadeandalucia.es\/ceiplossilos\/wp-json\/wp\/v2\/pages\/588\/revisions"}],"predecessor-version":[{"id":2277,"href":"https:\/\/blogsaverroes.juntadeandalucia.es\/ceiplossilos\/wp-json\/wp\/v2\/pages\/588\/revisions\/2277"}],"wp:attachment":[{"href":"https:\/\/blogsaverroes.juntadeandalucia.es\/ceiplossilos\/wp-json\/wp\/v2\/media?parent=588"}],"curies":[{"name":"wp","href":"https:\/\/api.w.org\/{rel}","templated":true}]}}