{"id":640,"date":"2024-11-09T16:50:25","date_gmt":"2024-11-09T15:50:25","guid":{"rendered":"https:\/\/blogsaverroes.juntadeandalucia.es\/ceiplossilos\/?page_id=640"},"modified":"2025-10-08T08:27:50","modified_gmt":"2025-10-08T07:27:50","slug":"impresos","status":"publish","type":"page","link":"https:\/\/blogsaverroes.juntadeandalucia.es\/ceiplossilos\/impresos\/","title":{"rendered":"Impresos"},"content":{"rendered":"<header>\n<h3>En esta secci\u00f3n obtendr\u00e1n la documentaci\u00f3n necesaria para solicitar plaza en el centro, formalizar la matr\u00edcula de cada curso y realizar tr\u00e1mites referentes al Plan de Apertura del centro de nuestro colegio en Jabugo.<\/h3>\n<\/header>\n<div class=\"entry-content\">\n<h3 style=\"text-align: center\">Admisi\u00f3n (alumnado nuevo en el centro)<\/h3>\n<ul>\n<li><a href=\"https:\/\/drive.google.com\/file\/d\/1rSUOSZkR_S6jHS8LMwDH3K8mBeaI6LCH\/view?usp=sharing\" target=\"_blank\" rel=\"noopener\"><span style=\"color: #333399\"><strong>MODELO OFICIAL PARA SOLICITAR PLAZA EN EL CENTRO EN PERIODO DE ADMISI\u00d3N<\/strong>&nbsp;<\/span><\/a> &#8211; MARZO DEL PRESENTE CURSO (Anexo II) (Rellenable).<\/li>\n<li><span style=\"color: #333399\"><strong><a style=\"color: #333399\" href=\"https:\/\/drive.google.com\/file\/d\/1t993Nb8l13L4t51P5TrXpQ3QOw0MeV1-\/view?usp=sharing\" target=\"_blank\" rel=\"noopener noreferrer\"><span style=\"color: #333399\">MODELO OFICIAL PARA SOLICITAR PLAZA EN EL CENTRO DURANTE EL CURSO<\/span> <\/a><\/strong><\/span>(FUERA DEL PERIODO DE ADMISI\u00d3N) (Anexo V) (Rellenable)<\/li>\n<\/ul>\n<p>Desde este enlace tendr\u00e1n acceso al modelo oficial de Solicitud. Impriman dos ejemplares si quieren que se les selle uno de ellos como resguardo al entregarla en la Secretar\u00eda del Centro junto con la documentaci\u00f3n necesaria.<\/p>\n<h3 style=\"text-align: center\">Matriculaci\u00f3n (Alumnado que promociona &#8211; Junio)<\/h3>\n<ul>\n<li><span style=\"color: #333399\"><strong><a style=\"color: #333399\" href=\"https:\/\/drive.google.com\/file\/d\/13XUYz6lw_UAnXuwcry453FqY5XnmV8l4\/view?usp=sharing\" target=\"_blank\" rel=\"noopener noreferrer\">MODELO OFICIAL DE MATRICULA&nbsp;EDUCACI\u00d3N PRIMARIA<\/a>&nbsp;<\/strong><\/span>(Rellenable).<\/li>\n<li><span style=\"color: #333399\"><strong><a style=\"color: #333399\" href=\"https:\/\/drive.google.com\/file\/d\/1eri7C0yn9qvbYXR98uc3hV9gC9MWj2P-\/view?usp=sharing\" target=\"_blank\" rel=\"noopener noreferrer\">MODELO OFICIAL DE MATRICULA&nbsp;EDUCACI\u00d3N INFANTIL<\/a><\/strong>&nbsp;(<\/span>Rellenable).<\/li>\n<\/ul>\n<p>Desde estos enlaces tendr\u00e1n acceso al modelo oficial de Matr\u00edcula de E. Infantil y de E. Primaria. Debe entregarse en la Secretar\u00eda del Centro. Los alumnos de nuevo ingreso deber\u00e1n entregar adem\u00e1s copia del libro de familia, copia de los D.N.I. de los tutores legales, &nbsp;4 fotos de carnet, ficha personal del alumno\/a, impreso de solicitud de ense\u00f1anza Religiosa e impreso de autorizaci\u00f3n a realizar fotograf\u00edas al alumnado en el desarrollo de actividades escolares para su posterior exposici\u00f3n.<\/p>\n<p>Ficha personal del alumnado del centro. Se entrega junto a la primera matr\u00edcula del alumno\/a en el colegio. Se ruega entreguen una nueva ficha personal en Secretar\u00eda, en cualquier momento del curso, si hay modificaci\u00f3n en alg\u00fan dato solicitado.<\/p>\n<ul>\n<li><a href=\"https:\/\/drive.google.com\/file\/d\/1Xe8j2FTUs5-FaKbfVFyD8AXz7iXqjQ_d\/view?usp=sharing\" target=\"_blank\" rel=\"noopener noreferrer\"><strong><span style=\"color: #333399\">MODELO PARA SOLICITAR LA ENSE\u00d1ANZA DE RELIGI\u00d3N<\/span><\/strong>&nbsp;<\/a>&nbsp;(Rellenable).<\/li>\n<\/ul>\n<p>S\u00f3lo se podr\u00e1 solicitar el cambio de ense\u00f1anza de Religi\u00f3n en el momento de entrega de la matr\u00edcula. Para ello deber\u00e1 entregar este impreso junto al impreso de matr\u00edcula en Secretar\u00eda.<\/p>\n<p>Como padre\/madre\/tur@ legal del alumn@ debe autorizar al colegio para poder realizarle fotograf\u00edas a su hij@ y exponerlas en los diferentes medios de comunicaci\u00f3n del centro. En caso de no entregar rellena esta autorizaci\u00f3n se entender\u00e1 que no permite al centro en dicha acci\u00f3n. Este impreso se entrega junto al impreso de matr\u00edcula en Secretar\u00eda.<\/p>\n<h3 style=\"text-align: center\">Servicios Complementarios de: Comedor Escolar, Aula Matinal y\/o Actividades Extraescolares<\/h3>\n<ul>\n<li><strong><a href=\"https:\/\/drive.google.com\/file\/d\/1roXKueBVvq8oy584nMZXWdT27i2bsTK7\/view?usp=sharing\" target=\"_blank\" rel=\"noopener noreferrer\"><span style=\"color: #333399\">ALTA PLAN DE APERTURA<\/span><\/a><\/strong>&nbsp;(Rellenable).<\/li>\n<\/ul>\n<p>Entregar &nbsp;en la Secretar\u00eda del Centro. No olviden entregar Solicitud de bonificaci\u00f3n &nbsp;si creen que tienen derecho a ella.<\/p>\n<ul>\n<li><span style=\"color: #333399\"><strong><a style=\"color: #333399\" href=\"https:\/\/drive.google.com\/file\/d\/1DHCzKpTS-Uw69JdRPAdHNDRuAsHBJloH\/view?usp=sharing\" target=\"_blank\" rel=\"noopener noreferrer\">BONIFICACI\u00d3N PLAN DE APERTURA<\/a>&nbsp;<\/strong><\/span>(Rellenable).<\/li>\n<\/ul>\n<p>Solicitud de de subvenci\u00f3n para Comedor Escolar, Aula Matinal y\/o Actividades Extraescolares. Se debe entregar en la Secretar\u00eda del Centro.<\/p>\n<ul>\n<li><span style=\"color: #333399\"><strong><a style=\"color: #333399\" href=\"https:\/\/blogsaverroes.juntadeandalucia.es\/ceipsilos\/files\/2014\/02\/BAJA-AULA-MATINAL-RELLENABLE.pdf\">BAJA PLAN DE APERTURA<\/a><\/strong><\/span>&nbsp;(Rellenable).<\/li>\n<\/ul>\n<p>Entregar en Secretar\u00eda con anterioridad al d\u00eda 20 del mes anterior al que desea darse de baja en el servicio.<\/p>\n<h3 style=\"text-align: center\"><a href=\"https:\/\/blogsaverroes.juntadeandalucia.es\/ceiplossilos\/ampa\/\" target=\"_blank\" rel=\"noopener\">Asociaci\u00f3n de Madres y Padres de Alumnos del CEIP Los Silos<\/a><\/h3>\n<ul>\n<li><span style=\"color: #333399\"><strong><a style=\"color: #333399\" href=\"https:\/\/drive.google.com\/file\/d\/17B-N3zeNTXAbeGjMBHh1WkRYCbiWu_lU\/view?usp=sharing\" target=\"_blank\" rel=\"noopener noreferrer\">MODELO SOLICITUD AMPA \u00ab<em>SAUCO<\/em>\u00ab<\/a><\/strong><\/span><\/li>\n<\/ul>\n<p><a href=\"https:\/\/blogsaverroes.juntadeandalucia.es\/ceiplossilos\/files\/2022\/09\/Inscripci\u00f3n-AMPA-22-23-3.pdf\">Inscripci\u00f3n AMPA 22-23<\/a><\/p>\n<p>&nbsp;<\/p>\n<\/div>\n","protected":false},"excerpt":{"rendered":"<p>En esta secci\u00f3n obtendr\u00e1n la documentaci\u00f3n necesaria para solicitar plaza en el centro, formalizar la matr\u00edcula de cada curso y realizar tr\u00e1mites referentes al Plan&hellip;<\/p>\n","protected":false},"author":12928,"featured_media":0,"parent":0,"menu_order":0,"comment_status":"closed","ping_status":"closed","template":"","meta":{"ngg_post_thumbnail":0,"footnotes":""},"aioseo_notices":[],"_links":{"self":[{"href":"https:\/\/blogsaverroes.juntadeandalucia.es\/ceiplossilos\/wp-json\/wp\/v2\/pages\/640"}],"collection":[{"href":"https:\/\/blogsaverroes.juntadeandalucia.es\/ceiplossilos\/wp-json\/wp\/v2\/pages"}],"about":[{"href":"https:\/\/blogsaverroes.juntadeandalucia.es\/ceiplossilos\/wp-json\/wp\/v2\/types\/page"}],"author":[{"embeddable":true,"href":"https:\/\/blogsaverroes.juntadeandalucia.es\/ceiplossilos\/wp-json\/wp\/v2\/users\/12928"}],"replies":[{"embeddable":true,"href":"https:\/\/blogsaverroes.juntadeandalucia.es\/ceiplossilos\/wp-json\/wp\/v2\/comments?post=640"}],"version-history":[{"count":16,"href":"https:\/\/blogsaverroes.juntadeandalucia.es\/ceiplossilos\/wp-json\/wp\/v2\/pages\/640\/revisions"}],"predecessor-version":[{"id":3554,"href":"https:\/\/blogsaverroes.juntadeandalucia.es\/ceiplossilos\/wp-json\/wp\/v2\/pages\/640\/revisions\/3554"}],"wp:attachment":[{"href":"https:\/\/blogsaverroes.juntadeandalucia.es\/ceiplossilos\/wp-json\/wp\/v2\/media?parent=640"}],"curies":[{"name":"wp","href":"https:\/\/api.w.org\/{rel}","templated":true}]}}