{"id":850,"date":"2021-10-14T09:28:53","date_gmt":"2021-10-14T08:28:53","guid":{"rendered":"https:\/\/blogsaverroes.juntadeandalucia.es\/ceiplossilos\/?page_id=850"},"modified":"2024-02-06T11:35:10","modified_gmt":"2024-02-06T10:35:10","slug":"tde","status":"publish","type":"page","link":"https:\/\/blogsaverroes.juntadeandalucia.es\/ceiplossilos\/tde\/","title":{"rendered":"TDE"},"content":{"rendered":"<p><img fetchpriority=\"high\" decoding=\"async\" class=\"alignnone  wp-image-1945\" src=\"https:\/\/blogsaverroes.juntadeandalucia.es\/ceiplossilos\/files\/2024\/02\/424681210_1155825645800298_8819342904115733939_n-300x141.jpg\" alt=\"\" width=\"406\" height=\"191\" srcset=\"https:\/\/blogsaverroes.juntadeandalucia.es\/ceiplossilos\/files\/2024\/02\/424681210_1155825645800298_8819342904115733939_n-300x141.jpg 300w, https:\/\/blogsaverroes.juntadeandalucia.es\/ceiplossilos\/files\/2024\/02\/424681210_1155825645800298_8819342904115733939_n-1024x482.jpg 1024w, https:\/\/blogsaverroes.juntadeandalucia.es\/ceiplossilos\/files\/2024\/02\/424681210_1155825645800298_8819342904115733939_n-768x361.jpg 768w, https:\/\/blogsaverroes.juntadeandalucia.es\/ceiplossilos\/files\/2024\/02\/424681210_1155825645800298_8819342904115733939_n-700x329.jpg 700w, https:\/\/blogsaverroes.juntadeandalucia.es\/ceiplossilos\/files\/2024\/02\/424681210_1155825645800298_8819342904115733939_n.jpg 1080w\" sizes=\"(max-width: 406px) 100vw, 406px\" \/><\/p>\n<div class=\"\" dir=\"auto\">\n<div id=\":r6s:\" class=\"x1iorvi4 x1pi30zi x1l90r2v x1swvt13\" data-ad-comet-preview=\"message\" data-ad-preview=\"message\">\n<div class=\"x78zum5 xdt5ytf xz62fqu x16ldp7u\">\n<div class=\"xu06os2 x1ok221b\">\n<div class=\"xdj266r x11i5rnm xat24cr x1mh8g0r x1vvkbs x126k92a\">\n<div dir=\"auto\">Os comparto materiales para trabajar en casa el tema de la seguridad digital con nuestros ni\u00f1os y ni\u00f1as en esta p\u00e1gina del INCIBE ten\u00e9is much\u00edsima informaci\u00f3n, recursos, formaciones, charlas\u2026etc. espero que os sea de utilidad.<\/div>\n<\/div>\n<\/div>\n<\/div>\n<\/div>\n<\/div>\n<div id=\":r6t:\" class=\"x1n2onr6\">\n<div class=\"x1n2onr6\">\n<div class=\"xmjcpbm x1n2onr6\">\n<div class=\"xua58t2 xwmqs3e xxxdfa6 xzg4506 x78zum5 x1q0g3np x1n2onr6\">\n<div id=\":r77:\" class=\"x6s0dn4 x78zum5 x88h70y xw2csxc x1odjw0f xyamay9 x1pi30zi x1l90r2v x1swvt13\">\n<div class=\"x78zum5 xdt5ytf xz62fqu x16ldp7u\">\n<div class=\"xu06os2 x1ok221b\">\n<div class=\"xtvhhri\">INCIBE.ES<\/div>\n<\/div>\n<div class=\"xu06os2 x1ok221b\">\n<div>Familias | Menores | INCIBE<\/div>\n<\/div>\n<\/div>\n<\/div>\n<\/div>\n<\/div>\n<\/div>\n<\/div>\n<p><a href=\"https:\/\/www.incibe.es\/menores\/familias\">https:\/\/www.incibe.es\/menores\/familias<\/a><\/p>\n<p><img decoding=\"async\" class=\"alignnone size-medium wp-image-1946\" src=\"https:\/\/blogsaverroes.juntadeandalucia.es\/ceiplossilos\/files\/2024\/02\/Cartel-castellano-pdf_page-0001-212x300.jpg\" alt=\"\" width=\"212\" height=\"300\" srcset=\"https:\/\/blogsaverroes.juntadeandalucia.es\/ceiplossilos\/files\/2024\/02\/Cartel-castellano-pdf_page-0001-212x300.jpg 212w, https:\/\/blogsaverroes.juntadeandalucia.es\/ceiplossilos\/files\/2024\/02\/Cartel-castellano-pdf_page-0001-724x1024.jpg 724w, https:\/\/blogsaverroes.juntadeandalucia.es\/ceiplossilos\/files\/2024\/02\/Cartel-castellano-pdf_page-0001-768x1087.jpg 768w, https:\/\/blogsaverroes.juntadeandalucia.es\/ceiplossilos\/files\/2024\/02\/Cartel-castellano-pdf_page-0001-1085x1536.jpg 1085w, https:\/\/blogsaverroes.juntadeandalucia.es\/ceiplossilos\/files\/2024\/02\/Cartel-castellano-pdf_page-0001-700x991.jpg 700w, https:\/\/blogsaverroes.juntadeandalucia.es\/ceiplossilos\/files\/2024\/02\/Cartel-castellano-pdf_page-0001.jpg 1240w\" sizes=\"(max-width: 212px) 100vw, 212px\" \/><\/p>\n<p>&nbsp;<\/p>\n","protected":false},"excerpt":{"rendered":"<p>Os comparto materiales para trabajar en casa el tema de la seguridad digital con nuestros ni\u00f1os y ni\u00f1as en esta p\u00e1gina del INCIBE ten\u00e9is much\u00edsima&hellip;<\/p>\n","protected":false},"author":12928,"featured_media":1946,"parent":0,"menu_order":0,"comment_status":"closed","ping_status":"closed","template":"","meta":{"ngg_post_thumbnail":0,"footnotes":""},"aioseo_notices":[],"_links":{"self":[{"href":"https:\/\/blogsaverroes.juntadeandalucia.es\/ceiplossilos\/wp-json\/wp\/v2\/pages\/850"}],"collection":[{"href":"https:\/\/blogsaverroes.juntadeandalucia.es\/ceiplossilos\/wp-json\/wp\/v2\/pages"}],"about":[{"href":"https:\/\/blogsaverroes.juntadeandalucia.es\/ceiplossilos\/wp-json\/wp\/v2\/types\/page"}],"author":[{"embeddable":true,"href":"https:\/\/blogsaverroes.juntadeandalucia.es\/ceiplossilos\/wp-json\/wp\/v2\/users\/12928"}],"replies":[{"embeddable":true,"href":"https:\/\/blogsaverroes.juntadeandalucia.es\/ceiplossilos\/wp-json\/wp\/v2\/comments?post=850"}],"version-history":[{"count":4,"href":"https:\/\/blogsaverroes.juntadeandalucia.es\/ceiplossilos\/wp-json\/wp\/v2\/pages\/850\/revisions"}],"predecessor-version":[{"id":1948,"href":"https:\/\/blogsaverroes.juntadeandalucia.es\/ceiplossilos\/wp-json\/wp\/v2\/pages\/850\/revisions\/1948"}],"wp:featuredmedia":[{"embeddable":true,"href":"https:\/\/blogsaverroes.juntadeandalucia.es\/ceiplossilos\/wp-json\/wp\/v2\/media\/1946"}],"wp:attachment":[{"href":"https:\/\/blogsaverroes.juntadeandalucia.es\/ceiplossilos\/wp-json\/wp\/v2\/media?parent=850"}],"curies":[{"name":"wp","href":"https:\/\/api.w.org\/{rel}","templated":true}]}}