{"id":1890,"date":"2017-09-20T20:00:37","date_gmt":"2017-09-20T19:00:37","guid":{"rendered":"http:\/\/blogsaverroes.juntadeandalucia.es\/ceipluiscernuda\/?page_id=1890"},"modified":"2026-02-12T10:52:45","modified_gmt":"2026-02-12T09:52:45","slug":"ei","status":"publish","type":"page","link":"https:\/\/blogsaverroes.juntadeandalucia.es\/ceipluiscernuda\/ei\/","title":{"rendered":"Educaci\u00f3n Infantil"},"content":{"rendered":"<table style=\"border-color: #ffffff;width: 68.0364%;height: 233px\" border=\"2\" cellspacing=\"2\" cellpadding=\"2\">\n<tbody>\n<tr style=\"height: 26px\">\n<td style=\"height: 26px;border-color: #ffffff;text-align: center;vertical-align: middle;width: 98.8236%\" colspan=\"3\">\n<h3>Edificio de Infantil<\/h3>\n<\/td>\n<\/tr>\n<tr style=\"height: 28px\">\n<td style=\"height: 26px;border-color: #faefae;background-color: #cbcbcb;text-align: center;vertical-align: middle;width: 98.8236%\" colspan=\"3\">3 A\u00d1OS<\/td>\n<\/tr>\n<tr style=\"height: 11px\">\n<td style=\"height: 26px;border-color: #faefae;width: 9.72018%\">Aula 1 Pato<\/td>\n<td style=\"height: 26px;border-color: #faefae;background-color: #faefae;width: 89.1035%\" colspan=\"2\">&nbsp; Reyes Pineda Mata<\/td>\n<\/tr>\n<tr style=\"height: 21px\">\n<td style=\"height: 26px;border-color: #faefae;background-color: #cbcbcb;text-align: center;vertical-align: middle;width: 98.8236%\" colspan=\"3\">4 A\u00d1OS<\/td>\n<\/tr>\n<tr style=\"height: 21px\">\n<td style=\"height: 26px;border-color: #faefae;width: 9.72018%\">Aula 4 Jirafa<\/td>\n<td style=\"height: 26px;border-color: #faefae;background-color: #faefae;width: 89.1035%\" colspan=\"2\">Mar\u00eda Isabel Hidalgo Pardillo<\/td>\n<\/tr>\n<tr style=\"height: 3px\">\n<td style=\"height: 26px;border-color: #faefae;background-color: #cbcbcb;text-align: center;vertical-align: middle;width: 98.8236%\" colspan=\"3\">5 A\u00d1OS<\/td>\n<\/tr>\n<tr style=\"height: 21px\">\n<td style=\"height: 26px;border-color: #faefae;width: 9.72018%\">Aula 3 Estrella<\/td>\n<td style=\"height: 26px;border-color: #faefae;background-color: #faefae;width: 89.1035%\" colspan=\"2\">Mar\u00eda Victoria Parrillo S\u00e1nchez<\/td>\n<\/tr>\n<tr style=\"height: 11px\">\n<td style=\"height: 26px;border-color: #faefae;background-color: #cbcbcb;text-align: center;vertical-align: middle;width: 98.8236%\" colspan=\"3\">ESPECIALIDADES<\/td>\n<\/tr>\n<tr style=\"height: 5px\">\n<td style=\"height: 5px;border-color: #faefae;text-align: right;width: 17.3803%\" colspan=\"2\">RELIGI\u00d3N CAT\u00d3LICA<\/td>\n<td style=\"height: 5px;background-color: #faefae;border-color: #ffffff;width: 81.4433%\">Bel\u00e9n Mirasierra Lobat\u00f3n<\/td>\n<\/tr>\n<tr style=\"height: 14px\">\n<td style=\"height: 5px;border-color: #faefae;text-align: right;width: 17.3803%\" colspan=\"2\">PEDAGOG\u00cdA TERAP\u00c9UTICA<\/td>\n<td style=\"height: 5px;background-color: #faefae;border-color: #ffffff;width: 81.4433%\">Elena Mart\u00ednez L\u00f3pez&nbsp;<\/td>\n<\/tr>\n<tr style=\"height: 14px\">\n<td style=\"height: 10px;border-color: #faefae;text-align: right;width: 17.3803%\" colspan=\"2\">AUDICI\u00d3N Y LENGUAJE<\/td>\n<td style=\"height: 10px;background-color: #faefae;border-color: #ffffff;width: 81.4433%\">Nuria Terr\u00f3n Rodr\u00edguez<\/td>\n<\/tr>\n<tr style=\"height: 14px\">\n<td style=\"height: 5px;border-color: #faefae;text-align: right;width: 17.3803%\" colspan=\"2\">ORIENTACI\u00d3N EXTERNA&nbsp;<\/td>\n<td style=\"height: 5px;background-color: #faefae;border-color: #ffffff;width: 81.4433%\">Mar\u00eda del Rosario Reyeros Lanzarote<\/td>\n<\/tr>\n<\/tbody>\n<\/table>\n","protected":false},"excerpt":{"rendered":"<p>Edificio de Infantil 3 A\u00d1OS Aula 1 Pato &nbsp; Reyes Pineda Mata 4 A\u00d1OS Aula 4 Jirafa Mar\u00eda Isabel Hidalgo Pardillo 5 A\u00d1OS Aula 3 Estrella Mar\u00eda Victoria Parrillo S\u00e1nchez ESPECIALIDADES RELIGI\u00d3N CAT\u00d3LICA Bel\u00e9n&#46;&#46;&#46;<\/p>\n","protected":false},"author":2943,"featured_media":0,"parent":0,"menu_order":0,"comment_status":"closed","ping_status":"closed","template":"","meta":{"ngg_post_thumbnail":0,"footnotes":""},"aioseo_notices":[],"_links":{"self":[{"href":"https:\/\/blogsaverroes.juntadeandalucia.es\/ceipluiscernuda\/wp-json\/wp\/v2\/pages\/1890"}],"collection":[{"href":"https:\/\/blogsaverroes.juntadeandalucia.es\/ceipluiscernuda\/wp-json\/wp\/v2\/pages"}],"about":[{"href":"https:\/\/blogsaverroes.juntadeandalucia.es\/ceipluiscernuda\/wp-json\/wp\/v2\/types\/page"}],"author":[{"embeddable":true,"href":"https:\/\/blogsaverroes.juntadeandalucia.es\/ceipluiscernuda\/wp-json\/wp\/v2\/users\/2943"}],"replies":[{"embeddable":true,"href":"https:\/\/blogsaverroes.juntadeandalucia.es\/ceipluiscernuda\/wp-json\/wp\/v2\/comments?post=1890"}],"version-history":[{"count":78,"href":"https:\/\/blogsaverroes.juntadeandalucia.es\/ceipluiscernuda\/wp-json\/wp\/v2\/pages\/1890\/revisions"}],"predecessor-version":[{"id":7190,"href":"https:\/\/blogsaverroes.juntadeandalucia.es\/ceipluiscernuda\/wp-json\/wp\/v2\/pages\/1890\/revisions\/7190"}],"wp:attachment":[{"href":"https:\/\/blogsaverroes.juntadeandalucia.es\/ceipluiscernuda\/wp-json\/wp\/v2\/media?parent=1890"}],"curies":[{"name":"wp","href":"https:\/\/api.w.org\/{rel}","templated":true}]}}