{"id":261,"date":"2016-02-02T18:54:16","date_gmt":"2016-02-02T18:54:16","guid":{"rendered":"http:\/\/blogsaverroes.juntadeandalucia.es\/ceipluiscernuda\/?page_id=261"},"modified":"2025-06-04T10:21:29","modified_gmt":"2025-06-04T09:21:29","slug":"ed-primaria-3er-ciclo","status":"publish","type":"page","link":"https:\/\/blogsaverroes.juntadeandalucia.es\/ceipluiscernuda\/ed-primaria-3er-ciclo\/","title":{"rendered":"Ed. Primaria Ciclo 3\u00ba"},"content":{"rendered":"<h2>Curso 2024-2025<\/h2>\n<h3><a href=\"http:\/\/blogsaverroes.juntadeandalucia.es\/ceipluiscernuda\/files\/2016\/02\/Mis-proyectos-de-composici\u00f3n-escrita.pdf\" target=\"_blank\" rel=\"noopener noreferrer\">Mis proyectos de composici\u00f3n escrita<\/a>&nbsp;(<a href=\"https:\/\/blogsaverroes.juntadeandalucia.es\/ceipluiscernuda\/files\/2016\/02\/Plantilla-Descripciones.pdf\" target=\"_blank\" rel=\"noopener noreferrer\">Plantilla<\/a>)<\/h3>\n<hr>\n<h2>&nbsp;<\/h2>\n<table style=\"width: 100.073%;border-color: #000000;background-color: #ffcc00\" border=\"2\" cellspacing=\"2\" cellpadding=\"2\">\n<tbody>\n<tr>\n<td style=\"border-color: #000000;text-align: center;width: 22.575%\" colspan=\"2\">\n<h3>Cuestiones de 5\u00ba<\/h3>\n<\/td>\n<\/tr>\n<tr>\n<td style=\"border-color: #000000;text-align: center;width: 22.575%\" colspan=\"2\">\n<h3>Conocimiento del Medio Natural Social y Cultural<\/h3>\n<\/td>\n<\/tr>\n<tr>\n<td style=\"width: 22.575%\" colspan=\"2\">\n<h5>1. <a href=\"https:\/\/blogsaverroes.juntadeandalucia.es\/ceipluiscernuda\/files\/2023\/09\/CM5-Cuestiones1.pdf\" target=\"_blank\" rel=\"noopener noreferrer\">Una gran variedad de seres vivos<\/a><\/h5>\n<\/td>\n<\/tr>\n<tr>\n<td style=\"width: 22.575%\" colspan=\"2\">\n<h5>2. <a href=\"https:\/\/blogsaverroes.juntadeandalucia.es\/ceipluiscernuda\/files\/2023\/09\/CM5-Cuestiones2.pdf\" target=\"_blank\" rel=\"noopener noreferrer\">Conocemos el mundo<\/a><\/h5>\n<\/td>\n<\/tr>\n<tr>\n<td style=\"width: 22.575%\" colspan=\"2\">\n<h5>3. <a href=\"https:\/\/blogsaverroes.juntadeandalucia.es\/ceipluiscernuda\/files\/2023\/09\/CM5-Cuestiones3.pdf\" target=\"_blank\" rel=\"noopener noreferrer\">Nuestro cuerpo en movimiento<\/a><\/h5>\n<\/td>\n<\/tr>\n<tr>\n<td style=\"width: 22.575%\" colspan=\"2\">\n<h5>4. <a href=\"https:\/\/blogsaverroes.juntadeandalucia.es\/ceipluiscernuda\/files\/2023\/09\/CM5-Cuestiones4.pdf\" target=\"_blank\" rel=\"noopener noreferrer\">Nos mantenemos sanos<\/a><\/h5>\n<\/td>\n<\/tr>\n<tr>\n<td style=\"width: 22.575%\" colspan=\"2\">\n<h5>5. <a href=\"https:\/\/blogsaverroes.juntadeandalucia.es\/ceipluiscernuda\/files\/2024\/02\/CM5-Cuestiones5.pdf\" target=\"_blank\" rel=\"noopener noreferrer\">Cuidamos nuestro entorno natural<\/a><\/h5>\n<\/td>\n<\/tr>\n<tr>\n<td style=\"width: 22.575%\" colspan=\"2\">\n<h5>6. <a href=\"https:\/\/blogsaverroes.juntadeandalucia.es\/ceipluiscernuda\/files\/2024\/02\/CM5-Cuestiones6.pdf\" target=\"_blank\" rel=\"noopener noreferrer\">El desaf\u00edo clim\u00e1tico en Espa\u00f1a<\/a><\/h5>\n<\/td>\n<\/tr>\n<tr>\n<td style=\"width: 22.575%\" colspan=\"2\">\n<h5>7. <a href=\"https:\/\/blogsaverroes.juntadeandalucia.es\/ceipluiscernuda\/files\/2024\/03\/CM5-Cuestiones7.pdf\" target=\"_blank\" rel=\"noopener noreferrer\">Vivimos en democracia<\/a><\/h5>\n<\/td>\n<\/tr>\n<tr>\n<td style=\"width: 22.575%\" colspan=\"2\">\n<h5>8. <a href=\"https:\/\/blogsaverroes.juntadeandalucia.es\/ceipluiscernuda\/files\/2024\/03\/CM5-Cuestiones8.pdf\" target=\"_blank\" rel=\"noopener noreferrer\">Somos una sociedad diversa<\/a><\/h5>\n<\/td>\n<\/tr>\n<tr>\n<td style=\"width: 22.575%\" colspan=\"2\">\n<h5>9. <a href=\"https:\/\/blogsaverroes.juntadeandalucia.es\/ceipluiscernuda\/files\/2024\/03\/CM5-Cuestiones9.pdf\" target=\"_blank\" rel=\"noopener noreferrer\">Descubrimos la Edad Media<\/a><\/h5>\n<\/td>\n<\/tr>\n<tr>\n<td style=\"width: 22.575%\" colspan=\"2\">\n<h5>10. <a href=\"https:\/\/blogsaverroes.juntadeandalucia.es\/ceipluiscernuda\/files\/2024\/03\/CM5-Cuestiones10.pdf\" target=\"_blank\" rel=\"noopener noreferrer\">Viajamos a la Edad Moderna<\/a><\/h5>\n<\/td>\n<\/tr>\n<tr>\n<td style=\"width: 22.575%\" colspan=\"2\">\n<h5>11. <a href=\"https:\/\/blogsaverroes.juntadeandalucia.es\/ceipluiscernuda\/files\/2024\/06\/CM5-Cuestiones11.pdf\">Investigamos la materia<\/a><\/h5>\n<\/td>\n<\/tr>\n<tr>\n<td style=\"width: 22.575%\" colspan=\"2\">\n<h5>12. La sociedad de la informaci\u00f3n<\/h5>\n<\/td>\n<\/tr>\n<\/tbody>\n<\/table>\n<h2>&nbsp;<\/h2>\n<table style=\"width: 100.073%;border-color: #000000;background-color: #ffcc00\" border=\"2\" cellspacing=\"2\" cellpadding=\"2\">\n<tbody>\n<tr>\n<td style=\"border-color: #000000;text-align: center;width: 22.575%\" colspan=\"2\">\n<h3>Cuestiones de 6\u00ba<\/h3>\n<\/td>\n<\/tr>\n<tr>\n<td style=\"border-color: #000000;text-align: center;width: 22.575%\" colspan=\"2\">\n<h3>Conocimiento del Medio Natural Social y Cultural<\/h3>\n<\/td>\n<\/tr>\n<tr>\n<td style=\"width: 22.575%\" colspan=\"2\">\n<h5>1. <a href=\"https:\/\/blogsaverroes.juntadeandalucia.es\/ceipluiscernuda\/files\/2024\/09\/CM6-Cuestiones1.pdf\" target=\"_blank\" rel=\"noopener\">La importancia de la nutrici\u00f3n<\/a><\/h5>\n<\/td>\n<\/tr>\n<tr>\n<td style=\"width: 22.575%\" colspan=\"2\">\n<h5>2. <a href=\"https:\/\/blogsaverroes.juntadeandalucia.es\/ceipluiscernuda\/files\/2024\/09\/CM6-Cuestiones2.pdf\" target=\"_blank\" rel=\"noopener\">La respiraci\u00f3n, la circulaci\u00f3n y la excreci\u00f3n<\/a><\/h5>\n<\/td>\n<\/tr>\n<tr>\n<td style=\"width: 22.575%\" colspan=\"2\">\n<h5>3. <a href=\"https:\/\/blogsaverroes.juntadeandalucia.es\/ceipluiscernuda\/files\/2024\/09\/CM6-Cuestiones3.pdf\" target=\"_blank\" rel=\"noopener\">La adolescencia, una etapa de la vida<\/a><\/h5>\n<\/td>\n<\/tr>\n<tr>\n<td style=\"width: 22.575%\" colspan=\"2\">\n<h5>4. <a href=\"https:\/\/blogsaverroes.juntadeandalucia.es\/ceipluiscernuda\/files\/2024\/09\/CM6-Cuestiones4.pdf\" target=\"_blank\" rel=\"noopener\">La energ\u00eda en nuestras vidas<\/a><\/h5>\n<\/td>\n<\/tr>\n<tr>\n<td style=\"width: 22.575%\" colspan=\"2\">\n<h5>5. <a href=\"https:\/\/blogsaverroes.juntadeandalucia.es\/ceipluiscernuda\/files\/2024\/10\/CM6-Cuestiones5.pdf\" target=\"_blank\" rel=\"noopener\">La Tierra, nuestro planeta<\/a><\/h5>\n<\/td>\n<\/tr>\n<tr>\n<td style=\"width: 22.575%\" colspan=\"2\">\n<h5>6. <a href=\"https:\/\/blogsaverroes.juntadeandalucia.es\/ceipluiscernuda\/files\/2024\/12\/CM6-Cuestiones6.pdf\" target=\"_blank\" rel=\"noopener\">Un planeta cambiante<\/a><\/h5>\n<\/td>\n<\/tr>\n<tr>\n<td style=\"width: 22.575%\" colspan=\"2\">\n<h5>7. <a href=\"https:\/\/blogsaverroes.juntadeandalucia.es\/ceipluiscernuda\/files\/2025\/03\/CM6-Cuestiones7.pdf\" target=\"_blank\" rel=\"noopener\">Climas y paisajes de la Tierra<\/a><\/h5>\n<\/td>\n<\/tr>\n<tr>\n<td style=\"width: 22.575%\" colspan=\"2\">\n<h5>8. <a href=\"https:\/\/blogsaverroes.juntadeandalucia.es\/ceipluiscernuda\/files\/2025\/02\/CM6-Cuestiones8.pdf\" target=\"_blank\" rel=\"noopener\">La econom\u00eda y el desarrollo sostenible<\/a><\/h5>\n<\/td>\n<\/tr>\n<tr>\n<td style=\"width: 22.575%\" colspan=\"2\">\n<h5>9. <a href=\"https:\/\/blogsaverroes.juntadeandalucia.es\/ceipluiscernuda\/files\/2025\/02\/CM6-Cuestiones9.pdf\" target=\"_blank\" rel=\"noopener\">\u00bfQu\u00e9 hemos heredado del siglo XIX?<\/a><\/h5>\n<\/td>\n<\/tr>\n<tr>\n<td style=\"width: 22.575%\" colspan=\"2\">\n<h5>10. <a href=\"https:\/\/blogsaverroes.juntadeandalucia.es\/ceipluiscernuda\/files\/2025\/03\/CM6-Cuestiones10.pdf\" target=\"_blank\" rel=\"noopener\">Nuestro pasado m\u00e1s reciente<\/a><\/h5>\n<\/td>\n<\/tr>\n<tr>\n<td style=\"width: 22.575%\" colspan=\"2\">\n<h5>11. <a href=\"https:\/\/blogsaverroes.juntadeandalucia.es\/ceipluiscernuda\/files\/2025\/06\/CM6-Cuestiones11.pdf\" target=\"_blank\" rel=\"noopener\">La construcci\u00f3n del espacio europeo<\/a><\/h5>\n<\/td>\n<\/tr>\n<tr>\n<td style=\"width: 22.575%\" colspan=\"2\">\n<h5>12. Internet: un mundo conectado<\/h5>\n<\/td>\n<\/tr>\n<\/tbody>\n<\/table>\n<hr>\n<hr>\n<hr>\n<h2>Curso 2023-2024<\/h2>\n<table style=\"width: 100%\">\n<tbody>\n<tr>\n<td style=\"width: 1.14679%\" colspan=\"2\"><img loading=\"lazy\" decoding=\"async\" class=\"aligncenter wp-image-6870 size-full\" src=\"https:\/\/blogsaverroes.juntadeandalucia.es\/ceipluiscernuda\/files\/2024\/04\/cartel_microrrelatos_2024.png\" alt=\"Sexto concurso de microrrelatos CEIP Luis Cernuda\" width=\"600\" height=\"424\" srcset=\"https:\/\/blogsaverroes.juntadeandalucia.es\/ceipluiscernuda\/files\/2024\/04\/cartel_microrrelatos_2024.png 600w, https:\/\/blogsaverroes.juntadeandalucia.es\/ceipluiscernuda\/files\/2024\/04\/cartel_microrrelatos_2024-300x212.png 300w\" sizes=\"(max-width: 600px) 100vw, 600px\" \/><\/td>\n<\/tr>\n<tr>\n<td style=\"width: 1.14679%\" colspan=\"2\"><strong>SEXTO CONCURSO DE MICRORRELATOS \u00abCEIP LUIS CERNUDA\u00bb 2023\/2024<\/strong><\/p>\n<p>\u00bfQU\u00c9 ES UN MICRORRELATO?<\/p>\n<p>Es un texto narrativo breve, en prosa, se caracteriza por ser muy preciso y contar una historia que concluye. Al ser tan breve necesita mucha imaginaci\u00f3n y conseguir sorprender al lector.<\/p>\n<p>EJEMPLO DE MICRORRELATO<\/p>\n<p><em>A pesar de que hab\u00eda intentado pasar desapercibido, llam\u00f3 la atenci\u00f3n de todos en el acuario cuando entr\u00f3 vestido con gafas negras, un largo abrigo marr\u00f3n y un gran sombrero, en aquel caluroso d\u00eda de verano.<\/em><\/p>\n<p><em>Su sue\u00f1o siempre hab\u00eda sido pescar un extra\u00f1o esp\u00e9cimen del que solo quedaban unos pocos en cautiverio. As\u00ed que, determinado, sac\u00f3 su ca\u00f1a y lanz\u00f3 el anzuelo por encima del tanque de peces, pensando que si actuaba normal no lo descubrir\u00edan.<\/em><\/p>\n<p>Lea m\u00e1s en:&nbsp;<a href=\"http:\/\/www.365microcuentos.com\/#xbWgSyMWH01Av7ES.99\">http:\/\/www.365microcuentos.com\/#xbWgSyMWH01Av7ES.99<\/a><\/p>\n<p><strong><a href=\"https:\/\/blogsaverroes.juntadeandalucia.es\/ceipluiscernuda\/files\/2024\/04\/bases_microrrelatos-2024.pdf\">BASES DEL CONCURSO<\/a><\/strong><\/p>\n<ol>\n<li>Participantes; Alumnado de 5\u00ba y 6\u00ba del \u00abColegio Luis Cernuda\u00bb.<\/li>\n<li>Tema; Libre, siempre que no sea ofensivo.<\/li>\n<li>Formato y Presentaci\u00f3n; Las obras tendr\u00e1n una extensi\u00f3n m\u00ednima de 5 l\u00edneas y m\u00e1xima de 10 (Sin contar el t\u00edtulo), escritos en letra <em>Arial<\/em> tama\u00f1o&nbsp;<em>12<\/em>.<\/li>\n<li>Forma de presentaci\u00f3n. Se enviar\u00e1n al siguiente correo electr\u00f3nico; <a href=\"mailto:vivaldi3003@gmail.com\">vivaldi3003@gmail.com<\/a>. En el correo electr\u00f3nico deben quedar claros nombre, apellidos y grupo del autor o autora.<\/li>\n<li>Ser\u00e1 excluido cualquier trabajo que sea copia o que se descubra escrito por familiares o amistades.<\/li>\n<li>Plazo de presentaci\u00f3n. Los trabajos deber\u00e1n enviarse antes de las 23:59 horas del 21 de abril de 2024.<\/li>\n<li>Se valorar\u00e1n especialmente:<\/li>\n<\/ol>\n<ul>\n<li style=\"list-style-type: none\">\n<ul>\n<li>La originalidad y creatividad de las historias<\/li>\n<li>La correcta ortograf\u00eda y sintaxis.<\/li>\n<\/ul>\n<\/li>\n<\/ul>\n<ol start=\"8\">\n<li>El jurado estar\u00e1 compuesto por profesorado de 5\u00ba y 6\u00ba. Antes del 30 de abril, se publicar\u00e1n los premiados.<\/li>\n<li>Se premiar\u00e1n los tres relatos mejor valorados por el jurado.<\/li>\n<li>Todos los trabajos presentados con un m\u00ednimo de calidad, ser\u00e1n publicados en la p\u00e1gina web del colegio.<\/li>\n<\/ol>\n<hr>\n<p>El jurado del Sexto Concurso de Microrrelatos del CEIP Luis Cernuda falla lo siguiente:<\/p>\n<ul>\n<li>1er Premio: <strong>Juan David Romera Pend\u00e1s<\/strong> de <span style=\"text-decoration: underline\">5\u00baA<\/span> por <a href=\"https:\/\/blogsaverroes.juntadeandalucia.es\/ceipluiscernuda\/files\/2025\/02\/Suenos-de-libertad-Juan-David-Romera-Pendas-5oA.pdf\" target=\"_blank\" rel=\"noopener\">\u00abSue\u00f1os de libertad\u00bb<\/a><\/li>\n<li>2\u00ba Premio: <strong>Nadia Alcal\u00e1 Arbulo<\/strong> de <span style=\"text-decoration: underline\">5\u00baB<\/span> por \u00ab<em>Un monstruo<\/em>\u00ab<\/li>\n<li>3er Premio: <strong>Valeria Rinc\u00f3n Mart\u00edn<\/strong> de <span style=\"text-decoration: underline\">6\u00ba<\/span> por \u00ab<em>El t\u00fanel infinito<\/em>\u00ab<\/li>\n<\/ul>\n<h5>Acceso a las obras presentadas.<\/h5>\n<\/td>\n<\/tr>\n<\/tbody>\n<\/table>\n<h2>Visita a la Sevilla de Magallanes<\/h2>\n<h3>El alumnado de 5\u00ba viaja en el tiempo y retrocede al momento de la primera circunnavegaci\u00f3n en un periplo con visitas a la Torre del Oro, al centro de interpretaci\u00f3n y a la nao Victoria.<\/h3>\nngg_shortcode_0_placeholder\n<hr>\n<hr>\n<hr>\n<h2>Curso 2022-2023<\/h2>\n<hr>\n<h3>Microrrelatos finalistas y ganadores del <a href=\"https:\/\/blogsaverroes.juntadeandalucia.es\/ceipluiscernuda\/files\/2023\/05\/2022-2023_concurso_microrrelatos.pdf\" target=\"_blank\" rel=\"noopener noreferrer\">Concurso de microrrelatos<\/a> del curso 2022-2023.<\/h3>\n<hr>\n<h2>Torre de Do\u00f1a Mar\u00eda<\/h2>\n<p>El 22 de febrero el alumnado de tercer ciclo visit\u00f3 la hacienda Torre de Do\u00f1a Mar\u00eda. Adem\u00e1s de conocer el monumento, particip\u00f3 en diversas actividades relacionadas con el olivar y la recogida de la aceituna; asimismo, disfrut\u00f3 de dramatizaciones que lo retrotrajo al siglo XIV.<\/p>\nngg_shortcode_1_placeholder\n<hr>\n<hr>\n<hr>\n<h2>Curso 2021-2022<\/h2>\n<p>El jurado del Cuarto Concurso de Microrrelatos del CEIP Luis Cernuda falla lo siguiente:<\/p>\n<ul>\n<li>1er Premio: <strong>Roc\u00edo Garc\u00eda Salas<\/strong> de 6\u00ba por <em><a href=\"https:\/\/blogsaverroes.juntadeandalucia.es\/ceipluiscernuda\/files\/2022\/05\/el_dolor_en_el_pecho.pdf\" target=\"_blank\" rel=\"noopener noreferrer\">El dolor en el pecho<\/a><\/em>.<\/li>\n<li>2\u00ba Premio: <strong>Daniela Vieira da Cunha Mata<\/strong> de 5\u00ba por <em><a href=\"https:\/\/blogsaverroes.juntadeandalucia.es\/ceipluiscernuda\/files\/2022\/05\/kalma_con_k.pdf\" target=\"_blank\" rel=\"noopener noreferrer\">Kalma con K<\/a><\/em>.<\/li>\n<li>3er Premio: <strong>Miguel G\u00e1lvez Mar\u00edn<\/strong> de 5\u00ba por <em><a href=\"https:\/\/blogsaverroes.juntadeandalucia.es\/ceipluiscernuda\/files\/2022\/05\/bakrooms.pdf\" target=\"_blank\" rel=\"noopener noreferrer\">Bakrooms<\/a><\/em>.<\/li>\n<\/ul>\n<h5><a href=\"https:\/\/blogsaverroes.juntadeandalucia.es\/ceipluiscernuda\/files\/2022\/05\/microrrelatos2022-obras.pdf\" target=\"_blank\" rel=\"noopener noreferrer\">Acceso a las obras presentadas.<\/a><\/h5>\n<hr>\n<h3>Acuario de Sevilla<\/h3>\n<p>El pasado 21 de abril el alumnado de tercer ciclo particip\u00f3 en la actividad <em>El viaje de Magallanes<\/em> en su visita al <strong>Acuario de Sevilla<\/strong>. Posteriormente, se dirigieron al <strong>Parque de Mar\u00eda Luisa<\/strong> y en la <strong>Plaza de Am\u00e9rica<\/strong> mostraron su inter\u00e9s por la colombofilia.<\/p>\n<p>ngg_shortcode_2_placeholderngg_shortcode_3_placeholder<\/p>\n<h3>&nbsp;<\/h3>\n<hr>\n<hr>\n<hr>\n<h2>Estudio sistem\u00e1tico<\/h2>\n<p>El tiempo de trabajo diario en casa, debe sistematizarse siguiendo estas pautas:<\/p>\n<ul>\n<li>Debe tener un horario fijo de comienzo. Por Ejemplo a partir de la 4&#8217;30 horas.<\/li>\n<li>El lugar de trabajo debe ser siempre el mismo, estar libre de todo aquello que nos pueda distraer y con la luz y recursos necesarios.<\/li>\n<li>El tiempo lo dividiremos en tres partes,<\/li>\n<li>Repasamos el contenido nuevo que hemos visto en clase esa ma\u00f1ana. Por ejemplo si hemos tenido Lengua e Ingl\u00e9s y hemos visto nueva materia, le dedicamos un tiempo a estudiarla.<\/li>\n<li>Deberes del d\u00eda siguiente. Debemos traerlos apuntados en la agenda siempre.<\/li>\n<li>Estudiamos los ex\u00e1menes de la semana. Entendiendo por semana, los pr\u00f3ximo 5 d\u00edas lectivos. Por ejemplo, si hoy es viernes, debo tener controlados en la agenda los ex\u00e1menes hasta el pr\u00f3ximo viernes.<\/li>\n<li>Debe haber siempre un tiempo m\u00ednimo de trabajo diario. Al menos una hora. El tiempo m\u00e1ximo lo dar\u00e1 el n\u00famero de ex\u00e1menes, deberes, etc.<\/li>\n<li>Es muy importante utilizar la agenda, si el alumno\/a no es capaz de llevarla al d\u00eda puede ser asesorado por alg\u00fan compa\u00f1ero\/a de clase.<\/li>\n<li>El trabajo diario en casa es responsabilidad de las familias.<\/li>\n<\/ul>\n<h2>Pruebas de evaluaci\u00f3n de diagn\u00f3stico<\/h2>\n<p>Hasta el cambio de normativa, las pruebas de evaluaci\u00f3n de diagn\u00f3stico se realizaban en el nivel de 4\u00ba. Se trataba de unas pruebas comunes a todos los centros de Educaci\u00f3n Primaria de nuestra comunidad.<\/p>\n<p>La siguiente relaci\u00f3n recoge dichas pruebas:<\/p>\n<h4>Competencia b\u00e1sica en Comunicaci\u00f3n ling\u00fc\u00edstica (Lengua espa\u00f1ola)<\/h4>\n<ul>\n<li><a href=\"http:\/\/blogsaverroes.juntadeandalucia.es\/ceipluiscernuda\/files\/2016\/02\/0607-diag_leng_1.pdf\" target=\"_blank\" rel=\"noopener noreferrer\">2006-2007 Cuadernillo 1<\/a><\/li>\n<li><a href=\"http:\/\/blogsaverroes.juntadeandalucia.es\/ceipluiscernuda\/files\/2016\/02\/0607-diag_leng_2.pdf\" target=\"_blank\" rel=\"noopener noreferrer\">2006-2007 Cuadernillo 2<\/a><\/li>\n<li><a href=\"http:\/\/blogsaverroes.juntadeandalucia.es\/ceipluiscernuda\/files\/2016\/02\/0708-diag_leng_1.pdf\" target=\"_blank\" rel=\"noopener noreferrer\">2007-2008 Cuadernillo 1<\/a><\/li>\n<li><a href=\"http:\/\/blogsaverroes.juntadeandalucia.es\/ceipluiscernuda\/files\/2016\/02\/0708-diag_leng_2.pdf\" target=\"_blank\" rel=\"noopener noreferrer\">2007-2008 Cuadernillo 2<\/a><\/li>\n<li><a href=\"http:\/\/blogsaverroes.juntadeandalucia.es\/ceipluiscernuda\/files\/2016\/02\/0809-diag_leng.pdf\" target=\"_blank\" rel=\"noopener noreferrer\">2008-2009 Cuadernillo<\/a><\/li>\n<li><a href=\"http:\/\/blogsaverroes.juntadeandalucia.es\/ceipluiscernuda\/files\/2016\/02\/0910-diag_leng.pdf\" target=\"_blank\" rel=\"noopener noreferrer\">2009-2010 Cuadernillo<\/a><\/li>\n<li><a href=\"http:\/\/blogsaverroes.juntadeandalucia.es\/ceipluiscernuda\/files\/2016\/02\/1011-diag_leng.pdf\" target=\"_blank\" rel=\"noopener noreferrer\">2010-20011 Cuadernillo<\/a><\/li>\n<\/ul>\n<h4>Competencia b\u00e1sica en comunicaci\u00f3n ling\u00fc\u00edstica (Lengua inglesa)<\/h4>\n<ul>\n<li><a href=\"http:\/\/blogsaverroes.juntadeandalucia.es\/ceipluiscernuda\/files\/2016\/02\/1011-diag_ingl.pdf\" target=\"_blank\" rel=\"noopener noreferrer\">2010-2011 Cuadernillo<\/a><\/li>\n<\/ul>\n<h4>Competencia b\u00e1sica en Razonamiento matem\u00e1tico<\/h4>\n<ul>\n<li><a href=\"http:\/\/blogsaverroes.juntadeandalucia.es\/ceipluiscernuda\/files\/2016\/02\/0607-diag_mate_1.pdf\" target=\"_blank\" rel=\"noopener noreferrer\">2006-2007 Cuadernillo 1<\/a><\/li>\n<li><a href=\"http:\/\/blogsaverroes.juntadeandalucia.es\/ceipluiscernuda\/files\/2016\/02\/0607-diag_mate_2.pdf\" target=\"_blank\" rel=\"noopener noreferrer\">2006-2007 Cuadernillo 2<\/a><\/li>\n<li><a href=\"http:\/\/blogsaverroes.juntadeandalucia.es\/ceipluiscernuda\/files\/2016\/02\/0708-diag_mate_1.pdf\" target=\"_blank\" rel=\"noopener noreferrer\">2007-2008 Cuadernillo 1<\/a><\/li>\n<li><a href=\"http:\/\/blogsaverroes.juntadeandalucia.es\/ceipluiscernuda\/files\/2016\/02\/0708-diag_mate_2.pdf\" target=\"_blank\" rel=\"noopener noreferrer\">2007-2008 Cuadernillo 2<\/a><\/li>\n<li><a href=\"http:\/\/blogsaverroes.juntadeandalucia.es\/ceipluiscernuda\/files\/2016\/02\/0809-diag_mate.pdf\" target=\"_blank\" rel=\"noopener noreferrer\">2008-2009 Cuadernillo<\/a><\/li>\n<li><a href=\"http:\/\/blogsaverroes.juntadeandalucia.es\/ceipluiscernuda\/files\/2016\/02\/0910-diag_mate.pdf\" target=\"_blank\" rel=\"noopener noreferrer\">2009-2010 Cuadernillo<\/a><\/li>\n<li><a href=\"http:\/\/blogsaverroes.juntadeandalucia.es\/ceipluiscernuda\/files\/2016\/02\/1011-diag_mate.pdf\" target=\"_blank\" rel=\"noopener noreferrer\">2010-2011 Cuadernillo<\/a><\/li>\n<\/ul>\n<h4>Competencia social y ciudadana<\/h4>\n<ul>\n<li><a href=\"http:\/\/blogsaverroes.juntadeandalucia.es\/ceipluiscernuda\/files\/2016\/02\/1011-diag_cono.pdf\" target=\"_blank\" rel=\"noopener noreferrer\">2010-2011 Cuadernillo<\/a><\/li>\n<\/ul>\n<h4>Competencia b\u00e1sica en el Conocimiento y la interacci\u00f3n con el mundo f\u00edsico y natural<\/h4>\n<ul>\n<li><a href=\"http:\/\/blogsaverroes.juntadeandalucia.es\/ceipluiscernuda\/files\/2016\/02\/0809-diag_cono.pdf\" target=\"_blank\" rel=\"noopener noreferrer\">2008-2009 Cuadernillo<\/a><\/li>\n<li><a href=\"http:\/\/blogsaverroes.juntadeandalucia.es\/ceipluiscernuda\/files\/2016\/02\/0910-diag_cono.pdf\" target=\"_blank\" rel=\"noopener noreferrer\">2009-2010 Cuadernillo<\/a><\/li>\n<\/ul>\n","protected":false},"excerpt":{"rendered":"<p>Curso 2024-2025 Mis proyectos de composici\u00f3n escrita&nbsp;(Plantilla) &nbsp; Cuestiones de 5\u00ba Conocimiento del Medio Natural Social y Cultural 1. Una gran variedad de seres vivos 2. Conocemos el mundo 3. Nuestro cuerpo en movimiento&#46;&#46;&#46;<\/p>\n","protected":false},"author":2943,"featured_media":0,"parent":0,"menu_order":0,"comment_status":"open","ping_status":"open","template":"","meta":{"ngg_post_thumbnail":0,"footnotes":""},"aioseo_notices":[],"_links":{"self":[{"href":"https:\/\/blogsaverroes.juntadeandalucia.es\/ceipluiscernuda\/wp-json\/wp\/v2\/pages\/261"}],"collection":[{"href":"https:\/\/blogsaverroes.juntadeandalucia.es\/ceipluiscernuda\/wp-json\/wp\/v2\/pages"}],"about":[{"href":"https:\/\/blogsaverroes.juntadeandalucia.es\/ceipluiscernuda\/wp-json\/wp\/v2\/types\/page"}],"author":[{"embeddable":true,"href":"https:\/\/blogsaverroes.juntadeandalucia.es\/ceipluiscernuda\/wp-json\/wp\/v2\/users\/2943"}],"replies":[{"embeddable":true,"href":"https:\/\/blogsaverroes.juntadeandalucia.es\/ceipluiscernuda\/wp-json\/wp\/v2\/comments?post=261"}],"version-history":[{"count":203,"href":"https:\/\/blogsaverroes.juntadeandalucia.es\/ceipluiscernuda\/wp-json\/wp\/v2\/pages\/261\/revisions"}],"predecessor-version":[{"id":7121,"href":"https:\/\/blogsaverroes.juntadeandalucia.es\/ceipluiscernuda\/wp-json\/wp\/v2\/pages\/261\/revisions\/7121"}],"wp:attachment":[{"href":"https:\/\/blogsaverroes.juntadeandalucia.es\/ceipluiscernuda\/wp-json\/wp\/v2\/media?parent=261"}],"curies":[{"name":"wp","href":"https:\/\/api.w.org\/{rel}","templated":true}]}}