{"id":5315,"date":"2019-06-02T16:18:41","date_gmt":"2019-06-02T15:18:41","guid":{"rendered":"https:\/\/blogsaverroes.juntadeandalucia.es\/ceipluiscernuda\/?page_id=5315"},"modified":"2024-09-24T20:16:16","modified_gmt":"2024-09-24T19:16:16","slug":"servicios-del-plan-de-apertura","status":"publish","type":"page","link":"https:\/\/blogsaverroes.juntadeandalucia.es\/ceipluiscernuda\/servicios-del-plan-de-apertura\/","title":{"rendered":"Servicios del Plan de Apertura"},"content":{"rendered":"<ul>\n<li>Aula Matinal<\/li>\n<li>Comedor Escolar<\/li>\n<li>Actividades Extraescolares: Ingl\u00e9s Infantil, Ingl\u00e9s Primer Ciclo y Patinaje. Esta oferta puede variar en funci\u00f3n de la demanda.<\/li>\n<\/ul>\n<p>La <strong><a href=\"https:\/\/blogsaverroes.juntadeandalucia.es\/ceipluiscernuda\/files\/2019\/06\/Servicios-complementarios.pdf\" target=\"_blank\" rel=\"noopener\">Solicitud<\/a> <\/strong>junto a la informaci\u00f3n correspondiente est\u00e1 disponible en conserjer\u00eda, en horario de 9:30 a 13:30. Podr\u00e1 recogerse y entregarse del 1&nbsp;al 10 de junio.<\/p>\n<p>Para justificar que los representantes legales del alumnado realizan una actividad remunerada deben presentar <strong>vida laboral<\/strong> y <strong>certificado de empresa<\/strong>.<\/p>\n<p>TODO EL ALUMNADO QUE PRETENDA UTILIZAR EL AULA MATINAL Y EL COMEDOR DEBE OBLIGATORIAMENTE PRESENTAR LA SOLICITUD DEL 1 AL 10 DE JUNIO. Incluidos los usuarios de 2018-2019. (<a href=\"https:\/\/blogsaverroes.juntadeandalucia.es\/ceipluiscernuda\/files\/2024\/09\/Resolucion-05022024-calendario-servicios-complementarios.pdf\" target=\"_blank\" rel=\"noopener\">Resoluci\u00f3n de 5 de marzo de 2024<\/a>, <a href=\"https:\/\/blogsaverroes.juntadeandalucia.es\/ceipluiscernuda\/files\/2016\/02\/r04042019-calendario_apertura.pdf.pdf\" target=\"_blank\" rel=\"noopener\">Resoluci\u00f3n de 4 de abril de 2019<\/a>,&nbsp;<a href=\"https:\/\/blogsaverroes.juntadeandalucia.es\/ceipluiscernuda\/files\/2019\/06\/o27032019-servicios-complementarios.pdf\" target=\"_blank\" rel=\"noopener\">Orden de 27 de marzo de 2019<\/a>&nbsp;que modifica a la&nbsp;<a href=\"https:\/\/blogsaverroes.juntadeandalucia.es\/ceipluiscernuda\/files\/2016\/02\/o17042017-servicios-complementarios.pdf\" target=\"_blank\" rel=\"noopener\">Orden de 17 de abril de 2017<\/a>)<\/p>\n<hr>\n<h3>Aula Matinal<\/h3>\n<p>El horario del Aula Matinal es de 7:30 a 9:00&nbsp; horas de lunes a viernes.<\/p>\n<hr>\n<h3>Comedor Escolar<\/h3>\n<p>El horario del Comedor Escolar es de 14:00 a 16:00 horas de lunes a viernes.<\/p>\n<ul>\n<li>La empresa adjudicataria del servicio de comedor desde el curso 2017-2018 es: <a href=\"https:\/\/colectividadeshgonzalez.com\/#\" target=\"_blank\" rel=\"noopener\">Colectividades Catering Hermanos Gonz\u00e1lez<\/a>.<\/li>\n<\/ul>\n","protected":false},"excerpt":{"rendered":"<p>Aula Matinal Comedor Escolar Actividades Extraescolares: Ingl\u00e9s Infantil, Ingl\u00e9s Primer Ciclo y Patinaje. Esta oferta puede variar en funci\u00f3n de la demanda. La Solicitud junto a la informaci\u00f3n correspondiente est\u00e1 disponible en conserjer\u00eda, en&#46;&#46;&#46;<\/p>\n","protected":false},"author":2943,"featured_media":0,"parent":0,"menu_order":0,"comment_status":"closed","ping_status":"closed","template":"","meta":{"ngg_post_thumbnail":0,"footnotes":""},"aioseo_notices":[],"_links":{"self":[{"href":"https:\/\/blogsaverroes.juntadeandalucia.es\/ceipluiscernuda\/wp-json\/wp\/v2\/pages\/5315"}],"collection":[{"href":"https:\/\/blogsaverroes.juntadeandalucia.es\/ceipluiscernuda\/wp-json\/wp\/v2\/pages"}],"about":[{"href":"https:\/\/blogsaverroes.juntadeandalucia.es\/ceipluiscernuda\/wp-json\/wp\/v2\/types\/page"}],"author":[{"embeddable":true,"href":"https:\/\/blogsaverroes.juntadeandalucia.es\/ceipluiscernuda\/wp-json\/wp\/v2\/users\/2943"}],"replies":[{"embeddable":true,"href":"https:\/\/blogsaverroes.juntadeandalucia.es\/ceipluiscernuda\/wp-json\/wp\/v2\/comments?post=5315"}],"version-history":[{"count":9,"href":"https:\/\/blogsaverroes.juntadeandalucia.es\/ceipluiscernuda\/wp-json\/wp\/v2\/pages\/5315\/revisions"}],"predecessor-version":[{"id":7049,"href":"https:\/\/blogsaverroes.juntadeandalucia.es\/ceipluiscernuda\/wp-json\/wp\/v2\/pages\/5315\/revisions\/7049"}],"wp:attachment":[{"href":"https:\/\/blogsaverroes.juntadeandalucia.es\/ceipluiscernuda\/wp-json\/wp\/v2\/media?parent=5315"}],"curies":[{"name":"wp","href":"https:\/\/api.w.org\/{rel}","templated":true}]}}