{"id":1050,"date":"2024-10-06T19:06:04","date_gmt":"2024-10-06T18:06:04","guid":{"rendered":"https:\/\/blogsaverroes.juntadeandalucia.es\/ceipmadredelaluz\/?page_id=1050"},"modified":"2024-10-22T12:22:28","modified_gmt":"2024-10-22T11:22:28","slug":"secretaria","status":"publish","type":"page","link":"https:\/\/blogsaverroes.juntadeandalucia.es\/ceipmadredelaluz\/centro-2\/secretaria\/","title":{"rendered":"Secretar\u00eda &#8211; Administraci\u00f3n"},"content":{"rendered":"<p><span style=\"color: #000000;font-size: 14pt\"><strong>Horario de Atenci\u00f3n al p\u00fablico:<\/strong><\/span><\/p>\n<p><span style=\"color: #000080\"><strong>Secretar\u00eda &#8211; Administraci\u00f3n:<\/strong><\/span> De <strong>Lunes<\/strong> a <strong>Viernes<\/strong> de <strong>09:15 a 13:00<\/strong>&nbsp;horas, &nbsp;<mark><strong>en d\u00edas lectivos<\/strong><\/mark><\/p>\n<p><span style=\"color: #000080\"><strong>Tel\u00e9fono:<\/strong><\/span> 950 15 65 50<\/p>\n<p><span style=\"color: #000080\"><strong>Email:<\/strong><\/span> 04005041.adm@g.educaand.es<\/p>\n<p>&nbsp;<\/p>\n<p>&nbsp;<\/p>\n","protected":false},"excerpt":{"rendered":"<p>Horario de Atenci\u00f3n al p\u00fablico: Secretar\u00eda &#8211; Administraci\u00f3n: De Lunes a Viernes de 09:15 a 13:00&nbsp;horas, &nbsp;en d\u00edas lectivos Tel\u00e9fono: 950 15 65 50 Email: 04005041.adm@g.educaand.es &nbsp; &nbsp;<\/p>\n","protected":false},"author":19927,"featured_media":0,"parent":1265,"menu_order":2,"comment_status":"closed","ping_status":"closed","template":"","meta":{"ngg_post_thumbnail":0,"footnotes":""},"aioseo_notices":[],"_links":{"self":[{"href":"https:\/\/blogsaverroes.juntadeandalucia.es\/ceipmadredelaluz\/wp-json\/wp\/v2\/pages\/1050"}],"collection":[{"href":"https:\/\/blogsaverroes.juntadeandalucia.es\/ceipmadredelaluz\/wp-json\/wp\/v2\/pages"}],"about":[{"href":"https:\/\/blogsaverroes.juntadeandalucia.es\/ceipmadredelaluz\/wp-json\/wp\/v2\/types\/page"}],"author":[{"embeddable":true,"href":"https:\/\/blogsaverroes.juntadeandalucia.es\/ceipmadredelaluz\/wp-json\/wp\/v2\/users\/19927"}],"replies":[{"embeddable":true,"href":"https:\/\/blogsaverroes.juntadeandalucia.es\/ceipmadredelaluz\/wp-json\/wp\/v2\/comments?post=1050"}],"version-history":[{"count":12,"href":"https:\/\/blogsaverroes.juntadeandalucia.es\/ceipmadredelaluz\/wp-json\/wp\/v2\/pages\/1050\/revisions"}],"predecessor-version":[{"id":1573,"href":"https:\/\/blogsaverroes.juntadeandalucia.es\/ceipmadredelaluz\/wp-json\/wp\/v2\/pages\/1050\/revisions\/1573"}],"up":[{"embeddable":true,"href":"https:\/\/blogsaverroes.juntadeandalucia.es\/ceipmadredelaluz\/wp-json\/wp\/v2\/pages\/1265"}],"wp:attachment":[{"href":"https:\/\/blogsaverroes.juntadeandalucia.es\/ceipmadredelaluz\/wp-json\/wp\/v2\/media?parent=1050"}],"curies":[{"name":"wp","href":"https:\/\/api.w.org\/{rel}","templated":true}]}}

Secretaría &#8211; Administración

<p><span style="color: #000000;font-size: 14pt"><strong>Horario de Atención al público:</strong></span></p>
<p><span style="color: #000080"><strong>Secretaría &#8211; Administración:</strong></span> De <strong>Lunes</strong> a <strong>Viernes</strong> de <strong>09:15 a 13:00</strong>&nbsp;horas, &nbsp;<mark><strong>en días lectivos</strong></mark></p>
<p><span style="color: #000080"><strong>Teléfono:</strong></span> 950 15 65 50</p>
<p><span style="color: #000080"><strong>Email:</strong></span> 04005041.adm@g.educaand.es</p>
<p>&nbsp;</p>
<p>&nbsp;</p>

<p>Horario de Atención al público: Secretaría &#8211; Administración: De Lunes a Viernes de 09:15 a 13:00&nbsp;horas, &nbsp;en días lectivos Teléfono: 950 15 65 50 Email: 04005041.adm@g.educaand.es &nbsp; &nbsp;</p>
