{"id":1265,"date":"2024-10-11T17:28:34","date_gmt":"2024-10-11T16:28:34","guid":{"rendered":"https:\/\/blogsaverroes.juntadeandalucia.es\/ceipmadredelaluz\/?page_id=1265"},"modified":"2024-10-21T13:06:45","modified_gmt":"2024-10-21T12:06:45","slug":"centro-2","status":"publish","type":"page","link":"https:\/\/blogsaverroes.juntadeandalucia.es\/ceipmadredelaluz\/centro-2\/","title":{"rendered":"Centro"},"content":{"rendered":"<p>&nbsp;<\/p>\n<table style=\"border-collapse: collapse;width: 97.4534%\">\n<tbody>\n<tr>\n<td style=\"width: 32.3571%\"><img fetchpriority=\"high\" decoding=\"async\" class=\"wp-image-1034 alignleft\" src=\"https:\/\/blogsaverroes.juntadeandalucia.es\/ceipmadredelaluz\/files\/2024\/10\/cropped-LogoColeHQ_transparente.png\" alt=\"\" width=\"281\" height=\"281\"\/><\/td>\n<td style=\"width: 77.2432%\">\n<p style=\"text-align: left\"><span style=\"font-family: 'comic sans ms', sans-serif;font-size: 14pt\"><span style=\"color: #000080\"><strong>Centro: <\/strong><\/span><\/span><span style=\"font-family: 'comic sans ms', sans-serif;font-size: 14pt\"><strong>CEIP Madre de la Luz<\/strong><\/span><\/p>\n<p style=\"text-align: left\"><span style=\"font-family: 'comic sans ms', sans-serif;font-size: 14pt\"><strong><span style=\"color: #000080\">C\u00f3digo del centro:<\/span> <\/strong><\/span><span style=\"font-family: 'comic sans ms', sans-serif;font-size: 14pt\"><strong>04005041<\/strong><\/span><\/p>\n<p style=\"text-align: left\"><span style=\"font-family: 'comic sans ms', sans-serif;font-size: 14pt\"><span style=\"color: #000080\"><strong>Direcci\u00f3n: <\/strong><\/span><\/span><span style=\"font-family: 'comic sans ms', sans-serif;font-size: 14pt\">Calzada de Castro, 3<\/span><\/p>\n<p style=\"text-align: left\"><span style=\"font-family: 'comic sans ms', sans-serif;font-size: 14pt\"><span style=\"color: #000080\"><strong>Localidad:<\/strong><\/span> <\/span><span style=\"font-family: 'comic sans ms', sans-serif;font-size: 14pt\">Almer\u00eda (04006)<\/span><\/p>\n<\/td>\n<\/tr>\n<\/tbody>\n<\/table>\n<p>&nbsp;<\/p>\n<p style=\"text-align: center\">&nbsp;<\/p>\n<p>&nbsp;<\/p>\n","protected":false},"excerpt":{"rendered":"<p>&nbsp; Centro: CEIP Madre de la Luz C\u00f3digo del centro: 04005041 Direcci\u00f3n: Calzada de Castro, 3 Localidad: Almer\u00eda (04006) &nbsp; &nbsp; &nbsp;<\/p>\n","protected":false},"author":19927,"featured_media":0,"parent":0,"menu_order":0,"comment_status":"closed","ping_status":"closed","template":"","meta":{"ngg_post_thumbnail":0,"footnotes":""},"aioseo_notices":[],"_links":{"self":[{"href":"https:\/\/blogsaverroes.juntadeandalucia.es\/ceipmadredelaluz\/wp-json\/wp\/v2\/pages\/1265"}],"collection":[{"href":"https:\/\/blogsaverroes.juntadeandalucia.es\/ceipmadredelaluz\/wp-json\/wp\/v2\/pages"}],"about":[{"href":"https:\/\/blogsaverroes.juntadeandalucia.es\/ceipmadredelaluz\/wp-json\/wp\/v2\/types\/page"}],"author":[{"embeddable":true,"href":"https:\/\/blogsaverroes.juntadeandalucia.es\/ceipmadredelaluz\/wp-json\/wp\/v2\/users\/19927"}],"replies":[{"embeddable":true,"href":"https:\/\/blogsaverroes.juntadeandalucia.es\/ceipmadredelaluz\/wp-json\/wp\/v2\/comments?post=1265"}],"version-history":[{"count":11,"href":"https:\/\/blogsaverroes.juntadeandalucia.es\/ceipmadredelaluz\/wp-json\/wp\/v2\/pages\/1265\/revisions"}],"predecessor-version":[{"id":1566,"href":"https:\/\/blogsaverroes.juntadeandalucia.es\/ceipmadredelaluz\/wp-json\/wp\/v2\/pages\/1265\/revisions\/1566"}],"wp:attachment":[{"href":"https:\/\/blogsaverroes.juntadeandalucia.es\/ceipmadredelaluz\/wp-json\/wp\/v2\/media?parent=1265"}],"curies":[{"name":"wp","href":"https:\/\/api.w.org\/{rel}","templated":true}]}}

<p>&nbsp;</p>
<table style="border-collapse: collapse;width: 97.4534%">
<tbody>
<tr>
<td style="width: 32.3571%"><img fetchpriority="high" decoding="async" class="wp-image-1034 alignleft" src="https://blogsaverroes.juntadeandalucia.es/ceipmadredelaluz/files/2024/10/cropped-LogoColeHQ_transparente.png" alt="" width="281" height="281"/></td>
<td style="width: 77.2432%">
<p style="text-align: left"><span style="font-family: 'comic sans ms', sans-serif;font-size: 14pt"><span style="color: #000080"><strong>Centro: </strong></span></span><span style="font-family: 'comic sans ms', sans-serif;font-size: 14pt"><strong>CEIP Madre de la Luz</strong></span></p>
<p style="text-align: left"><span style="font-family: 'comic sans ms', sans-serif;font-size: 14pt"><strong><span style="color: #000080">Código del centro:</span> </strong></span><span style="font-family: 'comic sans ms', sans-serif;font-size: 14pt"><strong>04005041</strong></span></p>
<p style="text-align: left"><span style="font-family: 'comic sans ms', sans-serif;font-size: 14pt"><span style="color: #000080"><strong>Dirección: </strong></span></span><span style="font-family: 'comic sans ms', sans-serif;font-size: 14pt">Calzada de Castro, 3</span></p>
<p style="text-align: left"><span style="font-family: 'comic sans ms', sans-serif;font-size: 14pt"><span style="color: #000080"><strong>Localidad:</strong></span> </span><span style="font-family: 'comic sans ms', sans-serif;font-size: 14pt">Almería (04006)</span></p>
</td>
</tr>
</tbody>
</table>
<p>&nbsp;</p>
<p style="text-align: center">&nbsp;</p>
<p>&nbsp;</p>

<p>&nbsp; Centro: CEIP Madre de la Luz Código del centro: 04005041 Dirección: Calzada de Castro, 3 Localidad: Almería (04006) &nbsp; &nbsp; &nbsp;</p>
