{"id":1271,"date":"2024-10-11T17:37:46","date_gmt":"2024-10-11T16:37:46","guid":{"rendered":"https:\/\/blogsaverroes.juntadeandalucia.es\/ceipmadredelaluz\/?page_id=1271"},"modified":"2024-11-05T09:58:20","modified_gmt":"2024-11-05T08:58:20","slug":"consejo-escolar","status":"publish","type":"page","link":"https:\/\/blogsaverroes.juntadeandalucia.es\/ceipmadredelaluz\/centro-2\/consejo-escolar\/","title":{"rendered":"Consejo Escolar"},"content":{"rendered":"<h2 style=\"text-align: center\"><span style=\"font-family: arial, helvetica, sans-serif;font-size: 18pt;color: #339966\"><strong>Celebraci\u00f3n de Elecciones a Consejo escolar<\/strong><\/span><\/h2>\n<p style=\"text-align: justify\"><span style=\"font-family: arial, helvetica, sans-serif;font-size: 14pt\">El Consejo escolar es un \u00f3rgano colegiado de Participaci\u00f3n de la comunidad educativa en el gobierno del centro. La Constituci\u00f3n Espa\u00f1ola, en su art\u00edculo 27, establece que &#8220;<em>Los profesores, los padres y, en su caso, los alumnos intervendr\u00e1n en el control y gesti\u00f3n de todos los centros sostenidos por la Administraci\u00f3n con fondos p\u00fablicos<\/em>&#8220;; este principio de participaci\u00f3n constituye el principal instrumento para que toda la comunidad educativa pueda implicarse directamente en la toma de decisiones del mismo.<\/span><\/p>\n<p style=\"text-align: justify\"><span style=\"font-family: arial, helvetica, sans-serif;font-size: 14pt\">La <a href=\"https:\/\/www.juntadeandalucia.es\/educacion\/portales\/web\/educacion\/w\/resolucion-de-6-de-septiembre-de-2024-por-la-que-se-establece-el-calendario-para-el-desarrollo-de-las-elecciones-de-representantes-en-los-consejos-escolares-para-el-curso-2024\/2025.-pendiente-de-su-proxima-publicacion-en-boja-?redirect=\/educacion\/portales\/es\/web\/educacion\/centros\/organizacion-y-funcionamiento\/consejos-escolares\" target=\"_blank\" rel=\"noopener\">Resoluci\u00f3n de 6 de septiembre de 2024<\/a>, de la Direcci\u00f3n General de Participaci\u00f3n e Inclusi\u00f3n Educativa establece el calendario para el desarrollo de las elecciones de representantes en los Consejos Escolares de los centros docentes sostenidos con fondos p\u00fablicos de la Comunidad Aut\u00f3noma de Andaluc\u00eda, a excepci\u00f3n de los centros espec\u00edficos de educaci\u00f3n permanente de personas adultas para el curso 2024\/2025.<\/span><\/p>\n<p><span style=\"font-family: arial, helvetica, sans-serif;font-size: 14pt\">La novedad de estas elecciones es el <strong><a href=\"https:\/\/www.juntadeandalucia.es\/educacion\/portales\/documents\/20123\/866677\/Folleto%20tr%C3%ADptico%20Voto%20Electr%C3%B3nico.pdf\/2deace91-3338-6355-05c9-c8f2d75ec3cc?version=1.0\" target=\"_blank\" rel=\"noopener\">voto electr\u00f3nico<\/a><\/strong> para las familias.<\/span><\/p>\n<p style=\"text-align: justify\"><span style=\"font-family: arial, helvetica, sans-serif;font-size: 14pt\">Para m\u00e1s informaci\u00f3n, puede visitar la siguiente <a href=\"https:\/\/www.juntadeandalucia.es\/educacion\/portales\/centros\/organizacion-y-funcionamiento\/consejos-escolares\" target=\"_blank\" rel=\"noopener\">p\u00e1gina web<\/a>.<\/span><\/p>\n<p><span style=\"font-family: arial, helvetica, sans-serif;font-size: 14pt\">Nuestro Consejo Escolar est\u00e1 formado por:<\/span><\/p>\n<ul>\n<li><span style=\"font-family: arial, helvetica, sans-serif;font-size: 14pt\">Direcci\u00f3n que ejerce como Presidente del \u00f3rgano colegiado<\/span><\/li>\n<li><span style=\"font-family: arial, helvetica, sans-serif;font-size: 14pt\">Jefatura de estudios<\/span><\/li>\n<li><span style=\"font-family: arial, helvetica, sans-serif;font-size: 14pt\">Secretar\u00eda &#8211; con voz, pero sin voto<\/span><\/li>\n<li><span style=\"font-family: arial, helvetica, sans-serif;font-size: 14pt\">8 representantes por parte de los docentes<\/span><\/li>\n<li><span style=\"font-family: arial, helvetica, sans-serif;font-size: 14pt\">1 representante por parte del Personal de Administraci\u00f3n y Servicios<\/span><\/li>\n<li><span style=\"font-family: arial, helvetica, sans-serif;font-size: 14pt\">8 representantes por parte de madres\/padres\/tutores legales del alumnado<\/span><\/li>\n<li><span style=\"font-family: arial, helvetica, sans-serif;font-size: 14pt\">1 representante por parte del AMPA Mediterr\u00e1neo<\/span><\/li>\n<li><span style=\"font-family: arial, helvetica, sans-serif;font-size: 14pt\">1 representante por parte del Excmo. Ayuntamiento de Almer\u00eda<\/span><\/li>\n<\/ul>\n<h1 class=\"post-title entry-title\" style=\"text-align: center\"><span style=\"color: #339966\">Consejo Escolar (elecciones): voto no presencial<\/span><\/h1>\n<p class=\"post-meta entry-meta\"><span style=\"text-decoration: underline\"><span style=\"color: #339966\"><strong><span style=\"font-family: arial, helvetica, sans-serif;font-size: 18pt\">VOTO ELECTR\u00d3NICO<\/span><\/strong><\/span><\/span><\/p>\n<div class=\"entry-content\">\n<p>En las elecciones a Consejos Escolares que se deben celebrarse el presente curso escolar seg\u00fan lo dispuesto en la Resoluci\u00f3n de 6 de septiembre de 2024, se pone en marcha el procedimiento de voto electr\u00f3nico para facilitar la participaci\u00f3n de las familias en la elecci\u00f3n de sus representantes; sobre todo para aquellas que les sea imposible acudir al centro escolar.<\/p>\n<p>El&nbsp;<strong>voto electr\u00f3nico se inicia el pr\u00f3ximo lunes 4 de noviembre hasta el 14<\/strong>, ambos incluidos. El procedimiento es el siguiente:<\/p>\n<\/div>\n<div class=\"entry-content\">\n<p><a href=\"https:\/\/www.juntadeandalucia.es\/educacion\/portales\/documents\/20123\/866677\/Folleto%20tr%C3%ADptico%20Voto%20Electr%C3%B3nico.pdf\/2deace91-3338-6355-05c9-c8f2d75ec3cc?version=1.0\" target=\"_blank\" rel=\"noopener\"><img fetchpriority=\"high\" decoding=\"async\" class=\"wp-image-1863 size-full aligncenter\" src=\"https:\/\/blogsaverroes.juntadeandalucia.es\/ceipmadredelaluz\/files\/2024\/11\/procedimiento_votoelect.jpg\" alt=\"\" width=\"842\" height=\"595\" srcset=\"https:\/\/blogsaverroes.juntadeandalucia.es\/ceipmadredelaluz\/files\/2024\/11\/procedimiento_votoelect.jpg 842w, https:\/\/blogsaverroes.juntadeandalucia.es\/ceipmadredelaluz\/files\/2024\/11\/procedimiento_votoelect-300x212.jpg 300w, https:\/\/blogsaverroes.juntadeandalucia.es\/ceipmadredelaluz\/files\/2024\/11\/procedimiento_votoelect-768x543.jpg 768w\" sizes=\"(max-width: 842px) 100vw, 842px\" \/><\/a><\/p>\n<\/div>\n<h2><span style=\"text-decoration: underline\"><span style=\"font-family: arial, helvetica, sans-serif;font-size: 18pt;color: #339966\"><strong>VOTO POR CORREO<\/strong><\/span><\/span><\/h2>\n<p><span style=\"font-family: arial, helvetica, sans-serif;font-size: 14pt\">Tambi\u00e9n pueden realizar el&nbsp;<strong>voto por correo desde el 12 al 18 de noviembre<\/strong>. Para ello se proceder\u00e1 a trav\u00e9s del sistema de doble sobre que tiene&nbsp;<strong>dos v\u00edas de entrega posibles<\/strong>:<\/span><\/p>\n<p><span style=\"font-family: arial, helvetica, sans-serif;font-size: 14pt\"><strong>V\u00eda de entrega 01<\/strong>.- A trav\u00e9s de correo certificado.<\/span><\/p>\n<p><span style=\"font-family: arial, helvetica, sans-serif;font-size: 14pt\"><strong>V\u00eda de entrega 02<\/strong>.- Entregado a la direcci\u00f3n del centro en mano.<\/span><\/p>\n<p><span style=\"font-family: arial, helvetica, sans-serif;font-size: 14pt\">En cualquier caso se proceder\u00e1 al sistema de doble voto de la siguiente manera:<\/span><\/p>\n<ul>\n<li><span style=\"font-family: arial, helvetica, sans-serif;font-size: 14pt\">El sobre exterior se dirigir\u00e1 a la \u00abMESA ELECTORAL DE REPRESENTANTES DE PADRES Y MADRES\u00bb y contendr\u00e1 la firma a mano y debe coincidir con la que aparece en el DNI, pasaporte o carn\u00e9 de conducir.<\/span><\/li>\n<li><span style=\"font-family: arial, helvetica, sans-serif;font-size: 14pt\">Este sobre anterior contendr\u00e1 en su interior un sobre en blanco y cerrado, sin ning\u00fan tipo de identificaci\u00f3n, en el que se incluir\u00e1 la papeleta de voto que pueden recoger en Secretar\u00eda\/Administraci\u00f3n.<\/span><\/li>\n<\/ul>\n<p><span style=\"font-family: arial, helvetica, sans-serif;font-size: 14pt\">Resumen-tutorial&nbsp;del&nbsp;<strong>procedimiento de doble voto<\/strong>:<\/span><\/p>\n<p><img decoding=\"async\" class=\"wp-image-1864 size-full aligncenter\" src=\"https:\/\/blogsaverroes.juntadeandalucia.es\/ceipmadredelaluz\/files\/2024\/11\/voto_no_presencial.jpg\" alt=\"\" width=\"440\" height=\"251\" srcset=\"https:\/\/blogsaverroes.juntadeandalucia.es\/ceipmadredelaluz\/files\/2024\/11\/voto_no_presencial.jpg 440w, https:\/\/blogsaverroes.juntadeandalucia.es\/ceipmadredelaluz\/files\/2024\/11\/voto_no_presencial-300x171.jpg 300w\" sizes=\"(max-width: 440px) 100vw, 440px\" \/><\/p>\n<p><span style=\"font-family: arial, helvetica, sans-serif;font-size: 14pt\">Desde el centro se anima a la participaci\u00f3n de las familias y agradecemos su implicaci\u00f3n en el proceso.<\/span><\/p>\n","protected":false},"excerpt":{"rendered":"<p>Celebraci\u00f3n de Elecciones a Consejo escolar El Consejo escolar es un \u00f3rgano colegiado de Participaci\u00f3n de la comunidad educativa en el gobierno del centro. La Constituci\u00f3n Espa\u00f1ola, en su art\u00edculo 27, establece que &#8220;Los&#46;&#46;&#46;<\/p>\n","protected":false},"author":19927,"featured_media":0,"parent":1265,"menu_order":0,"comment_status":"closed","ping_status":"closed","template":"","meta":{"ngg_post_thumbnail":0,"footnotes":""},"aioseo_notices":[],"_links":{"self":[{"href":"https:\/\/blogsaverroes.juntadeandalucia.es\/ceipmadredelaluz\/wp-json\/wp\/v2\/pages\/1271"}],"collection":[{"href":"https:\/\/blogsaverroes.juntadeandalucia.es\/ceipmadredelaluz\/wp-json\/wp\/v2\/pages"}],"about":[{"href":"https:\/\/blogsaverroes.juntadeandalucia.es\/ceipmadredelaluz\/wp-json\/wp\/v2\/types\/page"}],"author":[{"embeddable":true,"href":"https:\/\/blogsaverroes.juntadeandalucia.es\/ceipmadredelaluz\/wp-json\/wp\/v2\/users\/19927"}],"replies":[{"embeddable":true,"href":"https:\/\/blogsaverroes.juntadeandalucia.es\/ceipmadredelaluz\/wp-json\/wp\/v2\/comments?post=1271"}],"version-history":[{"count":11,"href":"https:\/\/blogsaverroes.juntadeandalucia.es\/ceipmadredelaluz\/wp-json\/wp\/v2\/pages\/1271\/revisions"}],"predecessor-version":[{"id":1869,"href":"https:\/\/blogsaverroes.juntadeandalucia.es\/ceipmadredelaluz\/wp-json\/wp\/v2\/pages\/1271\/revisions\/1869"}],"up":[{"embeddable":true,"href":"https:\/\/blogsaverroes.juntadeandalucia.es\/ceipmadredelaluz\/wp-json\/wp\/v2\/pages\/1265"}],"wp:attachment":[{"href":"https:\/\/blogsaverroes.juntadeandalucia.es\/ceipmadredelaluz\/wp-json\/wp\/v2\/media?parent=1271"}],"curies":[{"name":"wp","href":"https:\/\/api.w.org\/{rel}","templated":true}]}}

<h2 style="text-align: center"><span style="font-family: arial, helvetica, sans-serif;font-size: 18pt;color: #339966"><strong>Celebración de Elecciones a Consejo escolar</strong></span></h2>
<p style="text-align: justify"><span style="font-family: arial, helvetica, sans-serif;font-size: 14pt">El Consejo escolar es un órgano colegiado de Participación de la comunidad educativa en el gobierno del centro. La Constitución Española, en su artículo 27, establece que &#8220;<em>Los profesores, los padres y, en su caso, los alumnos intervendrán en el control y gestión de todos los centros sostenidos por la Administración con fondos públicos</em>&#8220;; este principio de participación constituye el principal instrumento para que toda la comunidad educativa pueda implicarse directamente en la toma de decisiones del mismo.</span></p>
<p style="text-align: justify"><span style="font-family: arial, helvetica, sans-serif;font-size: 14pt">La <a href="https://www.juntadeandalucia.es/educacion/portales/web/educacion/w/resolucion-de-6-de-septiembre-de-2024-por-la-que-se-establece-el-calendario-para-el-desarrollo-de-las-elecciones-de-representantes-en-los-consejos-escolares-para-el-curso-2024/2025.-pendiente-de-su-proxima-publicacion-en-boja-?redirect=/educacion/portales/es/web/educacion/centros/organizacion-y-funcionamiento/consejos-escolares" target="_blank" rel="noopener">Resolución de 6 de septiembre de 2024</a>, de la Dirección General de Participación e Inclusión Educativa establece el calendario para el desarrollo de las elecciones de representantes en los Consejos Escolares de los centros docentes sostenidos con fondos públicos de la Comunidad Autónoma de Andalucía, a excepción de los centros específicos de educación permanente de personas adultas para el curso 2024/2025.</span></p>
<p><span style="font-family: arial, helvetica, sans-serif;font-size: 14pt">La novedad de estas elecciones es el <strong><a href="https://www.juntadeandalucia.es/educacion/portales/documents/20123/866677/Folleto%20tr%C3%ADptico%20Voto%20Electr%C3%B3nico.pdf/2deace91-3338-6355-05c9-c8f2d75ec3cc?version=1.0" target="_blank" rel="noopener">voto electrónico</a></strong> para las familias.</span></p>
<p style="text-align: justify"><span style="font-family: arial, helvetica, sans-serif;font-size: 14pt">Para más información, puede visitar la siguiente <a href="https://www.juntadeandalucia.es/educacion/portales/centros/organizacion-y-funcionamiento/consejos-escolares" target="_blank" rel="noopener">página web</a>.</span></p>
<p><span style="font-family: arial, helvetica, sans-serif;font-size: 14pt">Nuestro Consejo Escolar está formado por:</span></p>
<ul>
<li><span style="font-family: arial, helvetica, sans-serif;font-size: 14pt">Dirección que ejerce como Presidente del órgano colegiado</span></li>
<li><span style="font-family: arial, helvetica, sans-serif;font-size: 14pt">Jefatura de estudios</span></li>
<li><span style="font-family: arial, helvetica, sans-serif;font-size: 14pt">Secretaría &#8211; con voz, pero sin voto</span></li>
<li><span style="font-family: arial, helvetica, sans-serif;font-size: 14pt">8 representantes por parte de los docentes</span></li>
<li><span style="font-family: arial, helvetica, sans-serif;font-size: 14pt">1 representante por parte del Personal de Administración y Servicios</span></li>
<li><span style="font-family: arial, helvetica, sans-serif;font-size: 14pt">8 representantes por parte de madres/padres/tutores legales del alumnado</span></li>
<li><span style="font-family: arial, helvetica, sans-serif;font-size: 14pt">1 representante por parte del AMPA Mediterráneo</span></li>
<li><span style="font-family: arial, helvetica, sans-serif;font-size: 14pt">1 representante por parte del Excmo. Ayuntamiento de Almería</span></li>
</ul>
<h1 class="post-title entry-title" style="text-align: center"><span style="color: #339966">Consejo Escolar (elecciones): voto no presencial</span></h1>
<p class="post-meta entry-meta"><span style="text-decoration: underline"><span style="color: #339966"><strong><span style="font-family: arial, helvetica, sans-serif;font-size: 18pt">VOTO ELECTRÓNICO</span></strong></span></span></p>
<div class="entry-content">
<p>En las elecciones a Consejos Escolares que se deben celebrarse el presente curso escolar según lo dispuesto en la Resolución de 6 de septiembre de 2024, se pone en marcha el procedimiento de voto electrónico para facilitar la participación de las familias en la elección de sus representantes; sobre todo para aquellas que les sea imposible acudir al centro escolar.</p>
<p>El&nbsp;<strong>voto electrónico se inicia el próximo lunes 4 de noviembre hasta el 14</strong>, ambos incluidos. El procedimiento es el siguiente:</p>
</div>
<div class="entry-content">
<p><a href="https://www.juntadeandalucia.es/educacion/portales/documents/20123/866677/Folleto%20tr%C3%ADptico%20Voto%20Electr%C3%B3nico.pdf/2deace91-3338-6355-05c9-c8f2d75ec3cc?version=1.0" target="_blank" rel="noopener"><img fetchpriority="high" decoding="async" class="wp-image-1863 size-full aligncenter" src="https://blogsaverroes.juntadeandalucia.es/ceipmadredelaluz/files/2024/11/procedimiento_votoelect.jpg" alt="" width="842" height="595" srcset="https://blogsaverroes.juntadeandalucia.es/ceipmadredelaluz/files/2024/11/procedimiento_votoelect.jpg 842w, https://blogsaverroes.juntadeandalucia.es/ceipmadredelaluz/files/2024/11/procedimiento_votoelect-300x212.jpg 300w, https://blogsaverroes.juntadeandalucia.es/ceipmadredelaluz/files/2024/11/procedimiento_votoelect-768x543.jpg 768w" sizes="(max-width: 842px) 100vw, 842px" /></a></p>
</div>
<h2><span style="text-decoration: underline"><span style="font-family: arial, helvetica, sans-serif;font-size: 18pt;color: #339966"><strong>VOTO POR CORREO</strong></span></span></h2>
<p><span style="font-family: arial, helvetica, sans-serif;font-size: 14pt">También pueden realizar el&nbsp;<strong>voto por correo desde el 12 al 18 de noviembre</strong>. Para ello se procederá a través del sistema de doble sobre que tiene&nbsp;<strong>dos vías de entrega posibles</strong>:</span></p>
<p><span style="font-family: arial, helvetica, sans-serif;font-size: 14pt"><strong>Vía de entrega 01</strong>.- A través de correo certificado.</span></p>
<p><span style="font-family: arial, helvetica, sans-serif;font-size: 14pt"><strong>Vía de entrega 02</strong>.- Entregado a la dirección del centro en mano.</span></p>
<p><span style="font-family: arial, helvetica, sans-serif;font-size: 14pt">En cualquier caso se procederá al sistema de doble voto de la siguiente manera:</span></p>
<ul>
<li><span style="font-family: arial, helvetica, sans-serif;font-size: 14pt">El sobre exterior se dirigirá a la «MESA ELECTORAL DE REPRESENTANTES DE PADRES Y MADRES» y contendrá la firma a mano y debe coincidir con la que aparece en el DNI, pasaporte o carné de conducir.</span></li>
<li><span style="font-family: arial, helvetica, sans-serif;font-size: 14pt">Este sobre anterior contendrá en su interior un sobre en blanco y cerrado, sin ningún tipo de identificación, en el que se incluirá la papeleta de voto que pueden recoger en Secretaría/Administración.</span></li>
</ul>
<p><span style="font-family: arial, helvetica, sans-serif;font-size: 14pt">Resumen-tutorial&nbsp;del&nbsp;<strong>procedimiento de doble voto</strong>:</span></p>
<p><img decoding="async" class="wp-image-1864 size-full aligncenter" src="https://blogsaverroes.juntadeandalucia.es/ceipmadredelaluz/files/2024/11/voto_no_presencial.jpg" alt="" width="440" height="251" srcset="https://blogsaverroes.juntadeandalucia.es/ceipmadredelaluz/files/2024/11/voto_no_presencial.jpg 440w, https://blogsaverroes.juntadeandalucia.es/ceipmadredelaluz/files/2024/11/voto_no_presencial-300x171.jpg 300w" sizes="(max-width: 440px) 100vw, 440px" /></p>
<p><span style="font-family: arial, helvetica, sans-serif;font-size: 14pt">Desde el centro se anima a la participación de las familias y agradecemos su implicación en el proceso.</span></p>

<p>Celebración de Elecciones a Consejo escolar El Consejo escolar es un órgano colegiado de Participación de la comunidad educativa en el gobierno del centro. La Constitución Española, en su artículo 27, establece que &#8220;Los&#46;&#46;&#46;</p>
