{"id":2028,"date":"2025-02-27T14:52:20","date_gmt":"2025-02-27T13:52:20","guid":{"rendered":"https:\/\/blogsaverroes.juntadeandalucia.es\/ceipmadredelaluz\/?page_id=2028"},"modified":"2025-05-06T12:52:16","modified_gmt":"2025-05-06T11:52:16","slug":"auxiliares-de-conversacion","status":"publish","type":"page","link":"https:\/\/blogsaverroes.juntadeandalucia.es\/ceipmadredelaluz\/planes-y-proyectos\/plurilinguismo\/auxiliares-de-conversacion\/","title":{"rendered":"Auxiliares de Conversaci\u00f3n"},"content":{"rendered":"<p style=\"text-align: center\"><span style=\"font-size: 16pt;color: #993300\"><strong>Programa para Auxiliares de Conversaci\u00f3n<\/strong><\/span><\/p>\n<p>Acceso a las Convocatorias del Ministerio de Educaci\u00f3n, Formaci\u00f3n Profesional y Deportes: <strong><a href=\"https:\/\/www.educacionfpydeportes.gob.es\/servicios-al-ciudadano\/catalogo\/profesorado\/convocatorias-para-extranjeros\/auxiliares-conversacion-extranjeros-espana.html\" target=\"_blank\" rel=\"noopener\">Auxiliares de Conversaci\u00f3n extranjeros en Espa\u00f1a.<\/a><\/strong><\/p>\n<p>Fichas Informativas para Auxiliares de Conversaci\u00f3n:<\/p>\n<ul>\n<li><strong><span style=\"background-color: #ffff00\">Espa\u00f1ol<\/span><\/strong> &gt; <a href=\"https:\/\/drive.google.com\/file\/d\/1qPMR7x5Jli8goCp5k-QHaF6sTDE-ydmF\/view?usp=sharing\" target=\"_blank\" rel=\"noopener\">Ficha informativa<\/a><\/li>\n<li><span style=\"background-color: #99ccff\"><strong>Francais<\/strong><\/span> &gt; <a href=\"https:\/\/drive.google.com\/file\/d\/1BFCpcvI2-8UWqUMtwt9AQDj1AiT5UBaK\/view?usp=sharing\" target=\"_blank\" rel=\"noopener\">Fiche informative<\/a><\/li>\n<li><span style=\"background-color: #ff99cc\"><strong>English<\/strong><\/span> &gt; <a href=\"https:\/\/drive.google.com\/file\/d\/1YcpUiyZzbWs8HFmP27k6MliHiKXrwv2h\/view?usp=sharing\" target=\"_blank\" rel=\"noopener\">Information sheet<\/a><\/li>\n<\/ul>\n<p>Experiencias de Auxiliares de Conversaci\u00f3n de otros a\u00f1os: <span style=\"color: #993300\"><strong>\u00bfPor qu\u00e9 eleg\u00ed el CEIP Madre de la Luz?<\/strong><\/span><\/p>\n<p><iframe title=\"Experiencias auxiliares de conversaci\u00f3n\" width=\"500\" height=\"281\" src=\"https:\/\/www.youtube.com\/embed\/mQ1sGx03YKU?feature=oembed&#038;wmode=opaque\" frameborder=\"0\" allow=\"accelerometer; autoplay; clipboard-write; encrypted-media; gyroscope; picture-in-picture; web-share\" referrerpolicy=\"strict-origin-when-cross-origin\" allowfullscreen><\/iframe><\/p>\n<p>&nbsp;<\/p>\n<p>&nbsp;<\/p>\n","protected":false},"excerpt":{"rendered":"<p>Programa para Auxiliares de Conversaci\u00f3n Acceso a las Convocatorias del Ministerio de Educaci\u00f3n, Formaci\u00f3n Profesional y Deportes: Auxiliares de Conversaci\u00f3n extranjeros en Espa\u00f1a. Fichas Informativas para Auxiliares de Conversaci\u00f3n: Espa\u00f1ol &gt; Ficha informativa Francais&#46;&#46;&#46;<\/p>\n","protected":false},"author":19927,"featured_media":0,"parent":1176,"menu_order":0,"comment_status":"closed","ping_status":"closed","template":"","meta":{"ngg_post_thumbnail":0,"footnotes":""},"aioseo_notices":[],"_links":{"self":[{"href":"https:\/\/blogsaverroes.juntadeandalucia.es\/ceipmadredelaluz\/wp-json\/wp\/v2\/pages\/2028"}],"collection":[{"href":"https:\/\/blogsaverroes.juntadeandalucia.es\/ceipmadredelaluz\/wp-json\/wp\/v2\/pages"}],"about":[{"href":"https:\/\/blogsaverroes.juntadeandalucia.es\/ceipmadredelaluz\/wp-json\/wp\/v2\/types\/page"}],"author":[{"embeddable":true,"href":"https:\/\/blogsaverroes.juntadeandalucia.es\/ceipmadredelaluz\/wp-json\/wp\/v2\/users\/19927"}],"replies":[{"embeddable":true,"href":"https:\/\/blogsaverroes.juntadeandalucia.es\/ceipmadredelaluz\/wp-json\/wp\/v2\/comments?post=2028"}],"version-history":[{"count":7,"href":"https:\/\/blogsaverroes.juntadeandalucia.es\/ceipmadredelaluz\/wp-json\/wp\/v2\/pages\/2028\/revisions"}],"predecessor-version":[{"id":2263,"href":"https:\/\/blogsaverroes.juntadeandalucia.es\/ceipmadredelaluz\/wp-json\/wp\/v2\/pages\/2028\/revisions\/2263"}],"up":[{"embeddable":true,"href":"https:\/\/blogsaverroes.juntadeandalucia.es\/ceipmadredelaluz\/wp-json\/wp\/v2\/pages\/1176"}],"wp:attachment":[{"href":"https:\/\/blogsaverroes.juntadeandalucia.es\/ceipmadredelaluz\/wp-json\/wp\/v2\/media?parent=2028"}],"curies":[{"name":"wp","href":"https:\/\/api.w.org\/{rel}","templated":true}]}}

Auxiliares de Conversación

<p style="text-align: center"><span style="font-size: 16pt;color: #993300"><strong>Programa para Auxiliares de Conversación</strong></span></p>
<p>Acceso a las Convocatorias del Ministerio de Educación, Formación Profesional y Deportes: <strong><a href="https://www.educacionfpydeportes.gob.es/servicios-al-ciudadano/catalogo/profesorado/convocatorias-para-extranjeros/auxiliares-conversacion-extranjeros-espana.html" target="_blank" rel="noopener">Auxiliares de Conversación extranjeros en España.</a></strong></p>
<p>Fichas Informativas para Auxiliares de Conversación:</p>
<ul>
<li><strong><span style="background-color: #ffff00">Español</span></strong> &gt; <a href="https://drive.google.com/file/d/1qPMR7x5Jli8goCp5k-QHaF6sTDE-ydmF/view?usp=sharing" target="_blank" rel="noopener">Ficha informativa</a></li>
<li><span style="background-color: #99ccff"><strong>Francais</strong></span> &gt; <a href="https://drive.google.com/file/d/1BFCpcvI2-8UWqUMtwt9AQDj1AiT5UBaK/view?usp=sharing" target="_blank" rel="noopener">Fiche informative</a></li>
<li><span style="background-color: #ff99cc"><strong>English</strong></span> &gt; <a href="https://drive.google.com/file/d/1YcpUiyZzbWs8HFmP27k6MliHiKXrwv2h/view?usp=sharing" target="_blank" rel="noopener">Information sheet</a></li>
</ul>
<p>Experiencias de Auxiliares de Conversación de otros años: <span style="color: #993300"><strong>¿Por qué elegí el CEIP Madre de la Luz?</strong></span></p>
<p><iframe title="Experiencias auxiliares de conversación" width="500" height="281" src="https://www.youtube.com/embed/mQ1sGx03YKU?feature=oembed&#038;wmode=opaque" frameborder="0" allow="accelerometer; autoplay; clipboard-write; encrypted-media; gyroscope; picture-in-picture; web-share" referrerpolicy="strict-origin-when-cross-origin" allowfullscreen></iframe></p>
<p>&nbsp;</p>
<p>&nbsp;</p>

<p>Programa para Auxiliares de Conversación Acceso a las Convocatorias del Ministerio de Educación, Formación Profesional y Deportes: Auxiliares de Conversación extranjeros en España. Fichas Informativas para Auxiliares de Conversación: Español &gt; Ficha informativa Francais&#46;&#46;&#46;</p>
