{"id":850,"date":"2020-12-18T08:41:27","date_gmt":"2020-12-18T07:41:27","guid":{"rendered":"https:\/\/blogsaverroes.juntadeandalucia.es\/pre\/plantilla-pencil\/?page_id=850"},"modified":"2025-09-19T22:28:52","modified_gmt":"2025-09-19T21:28:52","slug":"planes-y-proyectos","status":"publish","type":"page","link":"https:\/\/blogsaverroes.juntadeandalucia.es\/ceipmadredelaluz\/planes-y-proyectos\/","title":{"rendered":"Planes y Programas Educativos"},"content":{"rendered":"<table style=\"height: 624px;width: 74.1842%;border-collapse: collapse\" border=\"3\" cellpadding=\"2\">\n<tbody>\n<tr style=\"height: 24px\">\n<td style=\"width: 50.9775%;height: 24px;background-color: #f2f5bc;text-align: center\"><strong>Planes y Programas educativos<\/strong><\/td>\n<td style=\"width: 22.3265%;height: 24px;background-color: #f2f5bc;text-align: center\"><strong>Coordinador\/a<\/strong><\/td>\n<\/tr>\n<tr style=\"height: 24px\">\n<td style=\"width: 50.9775%;height: 24px\">Pluriling\u00fc\u00edsmo (Franc\u00e9s &#8211; Ingl\u00e9s)<\/td>\n<td style=\"width: 22.3265%;height: 24px\">D.\u00aa Mar\u00eda Consuelo Franco<\/td>\n<\/tr>\n<tr style=\"height: 24px\">\n<td style=\"width: 50.9775%;height: 24px\">Aula Confucio (Chino)<\/td>\n<td style=\"width: 22.3265%;height: 24px\">D.\u00aa Delia Carmen Dumitru Sopirla<\/td>\n<\/tr>\n<tr style=\"height: 24px\">\n<td style=\"width: 50.9775%;height: 24px\">Organizaci\u00f3n y Funcionamiento de Bibliotecas escolares<\/td>\n<td style=\"width: 22.3265%;height: 24px\">D.\u00aa Roc\u00edo Sola Ayala<\/td>\n<\/tr>\n<tr style=\"height: 24px\">\n<td style=\"width: 50.9775%;height: 24px\">Transformaci\u00f3n Digital Educativa (TDE) + ESCUELA C\u00d3DIGO 4.0<\/td>\n<td style=\"width: 22.3265%;height: 24px\">D.\u00aa Delia Carmen Dumitru Sopirla<\/td>\n<\/tr>\n<tr style=\"height: 24px\">\n<td style=\"width: 50.9775%;height: 24px\">Erasmus+ &#8220;Guardianes internacionales de nuestro entorno&#8221;<\/td>\n<td style=\"width: 22.3265%;height: 24px\">D.\u00aa Delia Carmen Dumitru Sopirla<\/td>\n<\/tr>\n<tr style=\"height: 24px\">\n<td style=\"width: 50.9775%;height: 24px\">Proyecto Integrado &#8220;CoIgPaz&#8221; &#8211; Plan Estrat\u00e9gico de Igualdad de G\u00e9nero en Educaci\u00f3n<\/td>\n<td style=\"width: 22.3265%;height: 24px\">D.\u00aa Bego\u00f1a M\u00aa Tortosa Mart\u00ednez<\/td>\n<\/tr>\n<tr style=\"height: 24px\">\n<td style=\"width: 50.9775%;height: 24px\">Proyecto Integrado &#8220;CoIgPaz&#8221; &#8211; Pacto de Estado Prevenci\u00f3n contra la Violencia de G\u00e9nero<\/td>\n<td style=\"width: 22.3265%;height: 24px\">D.\u00aa Delia Carmen Dumitru Sopirla<\/td>\n<\/tr>\n<tr style=\"height: 24px\">\n<td style=\"width: 50.9775%;height: 24px\">Proyecto Integrado &#8220;CoIgPaz&#8221; &#8211; Programa de Bienestar y Protecci\u00f3n Infancia y Adolescencia<\/td>\n<td style=\"width: 22.3265%;height: 24px\">D.\u00aa Delia Carmen Dumitru Sopirla<\/td>\n<\/tr>\n<tr style=\"height: 24px\">\n<td style=\"width: 50.9775%;height: 24px\">Proyecto Integrado &#8220;CoIgPaz&#8221; &#8211; Plan de Convivencia Escolar<\/td>\n<td style=\"width: 22.3265%;height: 24px\">D.\u00aa Cristina Le\u00f3n Gat\u00f3n<\/td>\n<\/tr>\n<tr style=\"height: 24px\">\n<td style=\"width: 50.9775%;height: 24px\">Proyecto Integrado &#8220;CoIgPaz&#8221; &#8211; Participaci\u00f3n en la Red Andaluza &#8220;Escuela: Espacio de Paz&#8221;<\/td>\n<td style=\"width: 22.3265%;height: 24px\">D.\u00aa Isabel Camacho Mart\u00ednez<\/td>\n<\/tr>\n<tr style=\"height: 24px\">\n<td style=\"width: 50.9775%;height: 24px\">Programa M\u00e1s Equidad Inclusi\u00f3n<\/td>\n<td style=\"width: 22.3265%;height: 24px\">D.\u00aa Roc\u00edo Sola Ayala<\/td>\n<\/tr>\n<tr style=\"height: 24px\">\n<td style=\"width: 50.9775%;height: 24px\">Plan de Autoprotecci\u00f3n, Salud Laboral y Prevenci\u00f3n de Riesgos Laborales (PRL)<\/td>\n<td style=\"width: 22.3265%;height: 24px\">D. Pedro Francisco Gonz\u00e1lez Ventura<\/td>\n<\/tr>\n<tr style=\"height: 24px\">\n<td style=\"width: 50.9775%;height: 24px\">Pr\u00e1cticum Grado Maestro<\/td>\n<td style=\"width: 22.3265%;height: 24px\">D.\u00aa Delia Carmen Dumitru Sopirla<\/td>\n<\/tr>\n<tr style=\"height: 24px\">\n<td style=\"width: 50.9775%;height: 24px\">Pr\u00e1cticas de alumnado universitario en centros biling\u00fces<\/td>\n<td style=\"width: 22.3265%;height: 24px\">D.\u00aa Delia Carmen Dumitru Sopirla<\/td>\n<\/tr>\n<tr style=\"height: 24px\">\n<td style=\"width: 50.9775%;height: 24px\">Pr\u00e1cticas de alumnado Ciclos Formativos de Formaci\u00f3n Profesional<\/td>\n<td style=\"width: 22.3265%;height: 24px\">D.\u00aa Delia Carmen Dumitru Sopirla<\/td>\n<\/tr>\n<tr style=\"height: 24px\">\n<td style=\"width: 50.9775%;height: 24px\">Plan de apertura de centros docentes &#8211; Plan de Apoyo a la Familia<\/td>\n<td style=\"width: 22.3265%;height: 24px\">D.\u00aa Delia Carmen Dumitru Sopirla<\/td>\n<\/tr>\n<tr style=\"height: 24px\">\n<td style=\"width: 50.9775%;height: 24px\">Programa ONE<\/td>\n<td style=\"width: 22.3265%;height: 24px\">D.\u00aa Delia Carmen Dumitru Sopirla<\/td>\n<\/tr>\n<tr style=\"height: 24px\">\n<td style=\"width: 50.9775%;height: 24px\">Programa ONE &#8211; H\u00c1BITOS DE VIDA SALUDABLE<\/td>\n<td style=\"width: 22.3265%;height: 24px\">D.\u00aa Matilde Marina Manrubia Mart\u00ednez<\/td>\n<\/tr>\n<tr style=\"height: 24px\">\n<td style=\"width: 50.9775%;height: 24px\">Programa ONE &#8211; ALDEA<\/td>\n<td style=\"width: 22.3265%;height: 24px\">D.\u00aa Sara Ortu\u00f1o Salmer\u00f3n<\/td>\n<\/tr>\n<tr style=\"height: 24px\">\n<td style=\"width: 50.9775%;height: 24px\">Programa ONE &#8211; STEM + STEAM 4.0<\/td>\n<td style=\"width: 22.3265%;height: 24px\">D. Ra\u00fal Antonio Abell\u00e1n Dom\u00ednguez<\/td>\n<\/tr>\n<tr style=\"height: 24px\">\n<td style=\"width: 50.9775%;height: 24px\">Programa ONE &#8211; PROGRAMAS CULTURALES<\/td>\n<td style=\"width: 22.3265%;height: 24px\">D.\u00aa Cristina Robles Romano<\/td>\n<\/tr>\n<tr style=\"height: 24px\">\n<td style=\"width: 50.9775%;height: 24px\">Programa ONE &#8211; INTERCAMIOS ESCOLARES<\/td>\n<td style=\"width: 22.3265%;height: 24px\">D.\u00aa In\u00e9s S\u00e1nchez Arana<\/td>\n<\/tr>\n<tr style=\"height: 24px\">\n<td style=\"width: 50.9775%;height: 24px\">Programa ONE &#8211; COMUNICA<\/td>\n<td style=\"width: 22.3265%;height: 24px\">D.\u00aa Patrcia D\u00edaz Lozano<\/td>\n<\/tr>\n<tr>\n<td style=\"width: 50.9775%\">Programa ONE &#8211; AULADJAQUE<\/td>\n<td style=\"width: 22.3265%\">D.\u00aa Mar\u00eda del Mar R\u00edos Vizca\u00edno<\/td>\n<\/tr>\n<tr style=\"height: 24px\">\n<td style=\"width: 50.9775%;height: 24px\">Programa Escolar de Consumo de Frutas, Hortalizas y Leche<\/td>\n<td style=\"width: 22.3265%;height: 24px\">D.\u00aa Delia Carmen Dumitru Sopirla<\/td>\n<\/tr>\n<tr style=\"height: 24px\">\n<td style=\"width: 50.9775%;height: 24px\">Proyecto &#8220;Aulas Verdes Abiertas&#8221;<\/td>\n<td style=\"width: 22.3265%;height: 24px\">D.\u00aa Sara Ortu\u00f1o Salmer\u00f3n<\/td>\n<\/tr>\n<\/tbody>\n<\/table>\n","protected":false},"excerpt":{"rendered":"<p>Planes y Programas educativos Coordinador\/a Pluriling\u00fc\u00edsmo (Franc\u00e9s &#8211; Ingl\u00e9s) D.\u00aa Mar\u00eda Consuelo Franco Aula Confucio (Chino) D.\u00aa Delia Carmen Dumitru Sopirla Organizaci\u00f3n y Funcionamiento de Bibliotecas escolares D.\u00aa Roc\u00edo Sola Ayala Transformaci\u00f3n Digital Educativa&#46;&#46;&#46;<\/p>\n","protected":false},"author":7051,"featured_media":0,"parent":0,"menu_order":0,"comment_status":"closed","ping_status":"closed","template":"page-templates\/child-menu.php","meta":{"ngg_post_thumbnail":0,"footnotes":""},"aioseo_notices":[],"_links":{"self":[{"href":"https:\/\/blogsaverroes.juntadeandalucia.es\/ceipmadredelaluz\/wp-json\/wp\/v2\/pages\/850"}],"collection":[{"href":"https:\/\/blogsaverroes.juntadeandalucia.es\/ceipmadredelaluz\/wp-json\/wp\/v2\/pages"}],"about":[{"href":"https:\/\/blogsaverroes.juntadeandalucia.es\/ceipmadredelaluz\/wp-json\/wp\/v2\/types\/page"}],"author":[{"embeddable":true,"href":"https:\/\/blogsaverroes.juntadeandalucia.es\/ceipmadredelaluz\/wp-json\/wp\/v2\/users\/7051"}],"replies":[{"embeddable":true,"href":"https:\/\/blogsaverroes.juntadeandalucia.es\/ceipmadredelaluz\/wp-json\/wp\/v2\/comments?post=850"}],"version-history":[{"count":5,"href":"https:\/\/blogsaverroes.juntadeandalucia.es\/ceipmadredelaluz\/wp-json\/wp\/v2\/pages\/850\/revisions"}],"predecessor-version":[{"id":2408,"href":"https:\/\/blogsaverroes.juntadeandalucia.es\/ceipmadredelaluz\/wp-json\/wp\/v2\/pages\/850\/revisions\/2408"}],"wp:attachment":[{"href":"https:\/\/blogsaverroes.juntadeandalucia.es\/ceipmadredelaluz\/wp-json\/wp\/v2\/media?parent=850"}],"curies":[{"name":"wp","href":"https:\/\/api.w.org\/{rel}","templated":true}]}}

<table style="height: 624px;width: 74.1842%;border-collapse: collapse" border="3" cellpadding="2">
<tbody>
<tr style="height: 24px">
<td style="width: 50.9775%;height: 24px;background-color: #f2f5bc;text-align: center"><strong>Planes y Programas educativos</strong></td>
<td style="width: 22.3265%;height: 24px;background-color: #f2f5bc;text-align: center"><strong>Coordinador/a</strong></td>
</tr>
<tr style="height: 24px">
<td style="width: 50.9775%;height: 24px">Plurilingüísmo (Francés &#8211; Inglés)</td>
<td style="width: 22.3265%;height: 24px">D.ª María Consuelo Franco</td>
</tr>
<tr style="height: 24px">
<td style="width: 50.9775%;height: 24px">Aula Confucio (Chino)</td>
<td style="width: 22.3265%;height: 24px">D.ª Delia Carmen Dumitru Sopirla</td>
</tr>
<tr style="height: 24px">
<td style="width: 50.9775%;height: 24px">Organización y Funcionamiento de Bibliotecas escolares</td>
<td style="width: 22.3265%;height: 24px">D.ª Rocío Sola Ayala</td>
</tr>
<tr style="height: 24px">
<td style="width: 50.9775%;height: 24px">Transformación Digital Educativa (TDE) + ESCUELA CÓDIGO 4.0</td>
<td style="width: 22.3265%;height: 24px">D.ª Delia Carmen Dumitru Sopirla</td>
</tr>
<tr style="height: 24px">
<td style="width: 50.9775%;height: 24px">Erasmus+ &#8220;Guardianes internacionales de nuestro entorno&#8221;</td>
<td style="width: 22.3265%;height: 24px">D.ª Delia Carmen Dumitru Sopirla</td>
</tr>
<tr style="height: 24px">
<td style="width: 50.9775%;height: 24px">Proyecto Integrado &#8220;CoIgPaz&#8221; &#8211; Plan Estratégico de Igualdad de Género en Educación</td>
<td style="width: 22.3265%;height: 24px">D.ª Begoña Mª Tortosa Martínez</td>
</tr>
<tr style="height: 24px">
<td style="width: 50.9775%;height: 24px">Proyecto Integrado &#8220;CoIgPaz&#8221; &#8211; Pacto de Estado Prevención contra la Violencia de Género</td>
<td style="width: 22.3265%;height: 24px">D.ª Delia Carmen Dumitru Sopirla</td>
</tr>
<tr style="height: 24px">
<td style="width: 50.9775%;height: 24px">Proyecto Integrado &#8220;CoIgPaz&#8221; &#8211; Programa de Bienestar y Protección Infancia y Adolescencia</td>
<td style="width: 22.3265%;height: 24px">D.ª Delia Carmen Dumitru Sopirla</td>
</tr>
<tr style="height: 24px">
<td style="width: 50.9775%;height: 24px">Proyecto Integrado &#8220;CoIgPaz&#8221; &#8211; Plan de Convivencia Escolar</td>
<td style="width: 22.3265%;height: 24px">D.ª Cristina León Gatón</td>
</tr>
<tr style="height: 24px">
<td style="width: 50.9775%;height: 24px">Proyecto Integrado &#8220;CoIgPaz&#8221; &#8211; Participación en la Red Andaluza &#8220;Escuela: Espacio de Paz&#8221;</td>
<td style="width: 22.3265%;height: 24px">D.ª Isabel Camacho Martínez</td>
</tr>
<tr style="height: 24px">
<td style="width: 50.9775%;height: 24px">Programa Más Equidad Inclusión</td>
<td style="width: 22.3265%;height: 24px">D.ª Rocío Sola Ayala</td>
</tr>
<tr style="height: 24px">
<td style="width: 50.9775%;height: 24px">Plan de Autoprotección, Salud Laboral y Prevención de Riesgos Laborales (PRL)</td>
<td style="width: 22.3265%;height: 24px">D. Pedro Francisco González Ventura</td>
</tr>
<tr style="height: 24px">
<td style="width: 50.9775%;height: 24px">Prácticum Grado Maestro</td>
<td style="width: 22.3265%;height: 24px">D.ª Delia Carmen Dumitru Sopirla</td>
</tr>
<tr style="height: 24px">
<td style="width: 50.9775%;height: 24px">Prácticas de alumnado universitario en centros bilingües</td>
<td style="width: 22.3265%;height: 24px">D.ª Delia Carmen Dumitru Sopirla</td>
</tr>
<tr style="height: 24px">
<td style="width: 50.9775%;height: 24px">Prácticas de alumnado Ciclos Formativos de Formación Profesional</td>
<td style="width: 22.3265%;height: 24px">D.ª Delia Carmen Dumitru Sopirla</td>
</tr>
<tr style="height: 24px">
<td style="width: 50.9775%;height: 24px">Plan de apertura de centros docentes &#8211; Plan de Apoyo a la Familia</td>
<td style="width: 22.3265%;height: 24px">D.ª Delia Carmen Dumitru Sopirla</td>
</tr>
<tr style="height: 24px">
<td style="width: 50.9775%;height: 24px">Programa ONE</td>
<td style="width: 22.3265%;height: 24px">D.ª Delia Carmen Dumitru Sopirla</td>
</tr>
<tr style="height: 24px">
<td style="width: 50.9775%;height: 24px">Programa ONE &#8211; HÁBITOS DE VIDA SALUDABLE</td>
<td style="width: 22.3265%;height: 24px">D.ª Matilde Marina Manrubia Martínez</td>
</tr>
<tr style="height: 24px">
<td style="width: 50.9775%;height: 24px">Programa ONE &#8211; ALDEA</td>
<td style="width: 22.3265%;height: 24px">D.ª Sara Ortuño Salmerón</td>
</tr>
<tr style="height: 24px">
<td style="width: 50.9775%;height: 24px">Programa ONE &#8211; STEM + STEAM 4.0</td>
<td style="width: 22.3265%;height: 24px">D. Raúl Antonio Abellán Domínguez</td>
</tr>
<tr style="height: 24px">
<td style="width: 50.9775%;height: 24px">Programa ONE &#8211; PROGRAMAS CULTURALES</td>
<td style="width: 22.3265%;height: 24px">D.ª Cristina Robles Romano</td>
</tr>
<tr style="height: 24px">
<td style="width: 50.9775%;height: 24px">Programa ONE &#8211; INTERCAMIOS ESCOLARES</td>
<td style="width: 22.3265%;height: 24px">D.ª Inés Sánchez Arana</td>
</tr>
<tr style="height: 24px">
<td style="width: 50.9775%;height: 24px">Programa ONE &#8211; COMUNICA</td>
<td style="width: 22.3265%;height: 24px">D.ª Patrcia Díaz Lozano</td>
</tr>
<tr>
<td style="width: 50.9775%">Programa ONE &#8211; AULADJAQUE</td>
<td style="width: 22.3265%">D.ª María del Mar Ríos Vizcaíno</td>
</tr>
<tr style="height: 24px">
<td style="width: 50.9775%;height: 24px">Programa Escolar de Consumo de Frutas, Hortalizas y Leche</td>
<td style="width: 22.3265%;height: 24px">D.ª Delia Carmen Dumitru Sopirla</td>
</tr>
<tr style="height: 24px">
<td style="width: 50.9775%;height: 24px">Proyecto &#8220;Aulas Verdes Abiertas&#8221;</td>
<td style="width: 22.3265%;height: 24px">D.ª Sara Ortuño Salmerón</td>
</tr>
</tbody>
</table>

<p>Planes y Programas educativos Coordinador/a Plurilingüísmo (Francés &#8211; Inglés) D.ª María Consuelo Franco Aula Confucio (Chino) D.ª Delia Carmen Dumitru Sopirla Organización y Funcionamiento de Bibliotecas escolares D.ª Rocío Sola Ayala Transformación Digital Educativa&#46;&#46;&#46;</p>
