{"id":853,"date":"2020-12-18T08:50:47","date_gmt":"2020-12-18T07:50:47","guid":{"rendered":"https:\/\/blogsaverroes.juntadeandalucia.es\/pre\/plantilla-pencil\/?page_id=853"},"modified":"2024-10-22T12:20:50","modified_gmt":"2024-10-22T11:20:50","slug":"nuestra-historia","status":"publish","type":"page","link":"https:\/\/blogsaverroes.juntadeandalucia.es\/ceipmadredelaluz\/centro-2\/nuestra-historia\/","title":{"rendered":"Nuestro Centro"},"content":{"rendered":"<p style=\"text-align: center\"><span style=\"font-family: 'comic sans ms', sans-serif\"><span style=\"color: #000080\"><strong>Centro: <\/strong><\/span>CEIP Madre de la Luz<\/span><\/p>\n<p style=\"text-align: center\"><span style=\"font-family: 'comic sans ms', sans-serif\"><strong><span style=\"color: #000080\">C\u00f3digo del centro:<\/span> <\/strong>04005041<\/span><\/p>\n<p style=\"text-align: center\"><span style=\"font-family: 'comic sans ms', sans-serif\"><span style=\"color: #000080\"><strong>Direcci\u00f3n: <\/strong><\/span>Calzada de Castro, 3<\/span><\/p>\n<p style=\"text-align: center\"><span style=\"font-family: 'comic sans ms', sans-serif\"><span style=\"color: #000080\"><strong>Localidad:<\/strong><\/span> Almer\u00eda (04006)<\/span><\/p>\n<p><img fetchpriority=\"high\" decoding=\"async\" class=\"size-full wp-image-1087 aligncenter\" src=\"https:\/\/blogsaverroes.juntadeandalucia.es\/ceipmadredelaluz\/files\/2024\/10\/FotoMDL_entrada.jpg\" alt=\"\" width=\"819\" height=\"460\" srcset=\"https:\/\/blogsaverroes.juntadeandalucia.es\/ceipmadredelaluz\/files\/2024\/10\/FotoMDL_entrada.jpg 819w, https:\/\/blogsaverroes.juntadeandalucia.es\/ceipmadredelaluz\/files\/2024\/10\/FotoMDL_entrada-300x168.jpg 300w, https:\/\/blogsaverroes.juntadeandalucia.es\/ceipmadredelaluz\/files\/2024\/10\/FotoMDL_entrada-768x431.jpg 768w\" sizes=\"(max-width: 819px) 100vw, 819px\" \/><\/p>\n<p style=\"text-align: justify\">&nbsp;<span style=\"font-family: 'comic sans ms', sans-serif\">El CEIP Madre de la Luz est\u00e1 situado en un barrio c\u00e9ntrico de Almer\u00eda capital, concretamente en el barrio \u201cNueva Andaluc\u00eda\u201d. <\/span><\/p>\n<p style=\"text-align: justify\"><span style=\"font-family: 'comic sans ms', sans-serif\">Hasta el curso 2014\/2015 el CEIP Madre de la Luz era un Centro Biling\u00fce Franc\u00e9s en su 15\u00ba a\u00f1o de experiencia. Adem\u00e1s, desde el curso 2005\/2006, hemos contado con la introducci\u00f3n de una segunda lengua extranjera (ingl\u00e9s para el grupo biling\u00fce de franc\u00e9s y franc\u00e9s para los grupos de ingl\u00e9s), con dos horas semanales de clase en el Tercer Ciclo. Como consecuencia de haber sido designado Centro Biling\u00fce, se solicit\u00f3 la anticipaci\u00f3n de los idiomas franc\u00e9s e ingl\u00e9s desde Educaci\u00f3n Infantil (EI). Por lo que, desde los 3 a\u00f1os, todos los alumnos\/as del Colegio reciben las ense\u00f1anzas de los dos idiomas. <\/span><\/p>\n<p style=\"text-align: justify\"><span style=\"font-family: 'comic sans ms', sans-serif\">En el curso 2016\/2017 el centro fue designado \u201ccentro examinador\u201d para la realizaci\u00f3n de pruebas en colaboraci\u00f3n con la Alianza Francesa para la obtenci\u00f3n del diploma DELF. <\/span><\/p>\n<p style=\"text-align: justify\"><span style=\"font-family: 'comic sans ms', sans-serif\">Desde el curso 2015\/2016 es un <strong>Centro Pluriling\u00fce<\/strong>, en el que todos los alumnos\/as de primero, segundo y tercero reciben clases de lengua francesa e inglesa y \u00e1reas biling\u00fces en franc\u00e9s e ingl\u00e9s, implant\u00e1ndose progresivamente a todos aquellos que inicien el primer ciclo en cursos venideros, de tal forma que el curso 2020\/21 estuvo implantado en todos los ciclos y todos los niveles de primaria. En base a la Orden de 13 de marzo de 2015, por la que se autorizan nuevos centros biling\u00fces p\u00fablicos para el curso 2015-2016, se transforman en pluriling\u00fces determinados centros biling\u00fces, por lo que nuestro centro se convierte en pluriling\u00fce. Actualmente, contamos adem\u00e1s con tres auxiliares de conversaci\u00f3n, dos para franc\u00e9s y otra para ingl\u00e9s. El 12 de julio de 2011, la Consejer\u00eda de Educaci\u00f3n de la Junta de Andaluc\u00eda firm\u00f3 un convenio marco de colaboraci\u00f3n con la Oficina Nacional de Promoci\u00f3n Internacional de la Lengua de China Hanban, para la integraci\u00f3n en los centros educativos de la Comunidad Aut\u00f3noma de la ense\u00f1anza de la lengua y la cultura China. En el colegio CEIP Madre de la Luz comenz\u00f3 en el curso 2011\/2012 como actividad extraescolar. <\/span><\/p>\n<p style=\"text-align: justify\"><span style=\"font-family: 'comic sans ms', sans-serif\">A partir del curso 2015\/2016, contamos con la ense\u00f1anza de la Lengua China en su primer a\u00f1o, para primaria, como materia curricular, creciendo progresivamente la <\/span><span style=\"font-family: 'comic sans ms', sans-serif\">participaci\u00f3n del alumnado. Actualmente se imparte a partir de 3\u00ba de Educaci\u00f3n Primaria (EP) dentro del marco del <strong>Aula Confucio<\/strong> con la colaboraci\u00f3n de dos profesoras chinas.&nbsp;<\/span><\/p>\n<p style=\"text-align: justify\"><span style=\"font-family: 'comic sans ms', sans-serif\">Desde el curso 2005\/2006 es Centro T.I.C. con un total de 191 ordenadores. En la actualidad hay al menos un ordenador en cada aula desde infantil de 3 a\u00f1os hasta 4\u00ba y en las de 5\u00ba y 6\u00ba se procura que haya funcionado un ordenador por cada alumno\/a. El objetivo es integrar las TIC en el aula como medio did\u00e1ctico que permita desarrollar las tareas de aprendizaje y no un medio a utilizar de forma aislada y puntual. Desde el <strong>proyecto TDE<\/strong> se fomenta la digitalizaci\u00f3n del centro con el uso de S\u00e9neca\/Pasen, de la p\u00e1gina web del centro, de las plataformas educativas Moodle Centros y Google Classroom, y con el uso de otras herramientas digitales en el proceso de ense\u00f1anza-aprendizaje. En el marco de este proyecto se han solicitado 3 <strong>aulas digitales interactivas<\/strong> STEAM, una audiovisual y una para el taller de radio.<\/span><\/p>\n<p style=\"text-align: center\"><iframe src=\"https:\/\/www.google.com\/maps\/d\/embed?mid=1Jc051t2d0cwDfcph0SW3ydc0aHoNQFE&amp;ehbc=2E312F&amp;noprof=1\" width=\"640\" height=\"480\"><\/iframe><\/p>\n<p style=\"text-align: center\"><span style=\"font-size: 18pt;color: #000080\"><strong>Datos de contacto:<\/strong><\/span><\/p>\n<p style=\"text-align: center\"><strong><span style=\"font-size: 14pt\">CEIP Madre de la Luz<\/span><\/strong><\/p>\n<p style=\"text-align: center\"><span style=\"font-size: 14pt\"><span style=\"color: #000080\">Direcci\u00f3n:<\/span> <strong>Calle Calzada de Castro, 3, 04006, Almer\u00eda<\/strong><\/span><\/p>\n<p style=\"text-align: center\"><span style=\"font-size: 14pt\"><span style=\"color: #000080\">Tel\u00e9fono:<\/span> <strong>950 15 65 50<\/strong><\/span><\/p>\n<p style=\"text-align: center\"><span style=\"font-size: 14pt\"><span style=\"color: #000080\">Email:<\/span> <strong>04005041.edu@juntadeandalucia.es<\/strong><\/span><\/p>\n<p>&nbsp;<\/p>\n","protected":false},"excerpt":{"rendered":"<p>Centro: CEIP Madre de la Luz C\u00f3digo del centro: 04005041 Direcci\u00f3n: Calzada de Castro, 3 Localidad: Almer\u00eda (04006) &nbsp;El CEIP Madre de la Luz est\u00e1 situado en un barrio c\u00e9ntrico de Almer\u00eda capital, concretamente&#46;&#46;&#46;<\/p>\n","protected":false},"author":7051,"featured_media":0,"parent":1265,"menu_order":0,"comment_status":"closed","ping_status":"closed","template":"","meta":{"ngg_post_thumbnail":0,"footnotes":""},"aioseo_notices":[],"_links":{"self":[{"href":"https:\/\/blogsaverroes.juntadeandalucia.es\/ceipmadredelaluz\/wp-json\/wp\/v2\/pages\/853"}],"collection":[{"href":"https:\/\/blogsaverroes.juntadeandalucia.es\/ceipmadredelaluz\/wp-json\/wp\/v2\/pages"}],"about":[{"href":"https:\/\/blogsaverroes.juntadeandalucia.es\/ceipmadredelaluz\/wp-json\/wp\/v2\/types\/page"}],"author":[{"embeddable":true,"href":"https:\/\/blogsaverroes.juntadeandalucia.es\/ceipmadredelaluz\/wp-json\/wp\/v2\/users\/7051"}],"replies":[{"embeddable":true,"href":"https:\/\/blogsaverroes.juntadeandalucia.es\/ceipmadredelaluz\/wp-json\/wp\/v2\/comments?post=853"}],"version-history":[{"count":12,"href":"https:\/\/blogsaverroes.juntadeandalucia.es\/ceipmadredelaluz\/wp-json\/wp\/v2\/pages\/853\/revisions"}],"predecessor-version":[{"id":1571,"href":"https:\/\/blogsaverroes.juntadeandalucia.es\/ceipmadredelaluz\/wp-json\/wp\/v2\/pages\/853\/revisions\/1571"}],"up":[{"embeddable":true,"href":"https:\/\/blogsaverroes.juntadeandalucia.es\/ceipmadredelaluz\/wp-json\/wp\/v2\/pages\/1265"}],"wp:attachment":[{"href":"https:\/\/blogsaverroes.juntadeandalucia.es\/ceipmadredelaluz\/wp-json\/wp\/v2\/media?parent=853"}],"curies":[{"name":"wp","href":"https:\/\/api.w.org\/{rel}","templated":true}]}}

<p style="text-align: center"><span style="font-family: 'comic sans ms', sans-serif"><span style="color: #000080"><strong>Centro: </strong></span>CEIP Madre de la Luz</span></p>
<p style="text-align: center"><span style="font-family: 'comic sans ms', sans-serif"><strong><span style="color: #000080">Código del centro:</span> </strong>04005041</span></p>
<p style="text-align: center"><span style="font-family: 'comic sans ms', sans-serif"><span style="color: #000080"><strong>Dirección: </strong></span>Calzada de Castro, 3</span></p>
<p style="text-align: center"><span style="font-family: 'comic sans ms', sans-serif"><span style="color: #000080"><strong>Localidad:</strong></span> Almería (04006)</span></p>
<p><img fetchpriority="high" decoding="async" class="size-full wp-image-1087 aligncenter" src="https://blogsaverroes.juntadeandalucia.es/ceipmadredelaluz/files/2024/10/FotoMDL_entrada.jpg" alt="" width="819" height="460" srcset="https://blogsaverroes.juntadeandalucia.es/ceipmadredelaluz/files/2024/10/FotoMDL_entrada.jpg 819w, https://blogsaverroes.juntadeandalucia.es/ceipmadredelaluz/files/2024/10/FotoMDL_entrada-300x168.jpg 300w, https://blogsaverroes.juntadeandalucia.es/ceipmadredelaluz/files/2024/10/FotoMDL_entrada-768x431.jpg 768w" sizes="(max-width: 819px) 100vw, 819px" /></p>
<p style="text-align: justify">&nbsp;<span style="font-family: 'comic sans ms', sans-serif">El CEIP Madre de la Luz está situado en un barrio céntrico de Almería capital, concretamente en el barrio “Nueva Andalucía”. </span></p>
<p style="text-align: justify"><span style="font-family: 'comic sans ms', sans-serif">Hasta el curso 2014/2015 el CEIP Madre de la Luz era un Centro Bilingüe Francés en su 15º año de experiencia. Además, desde el curso 2005/2006, hemos contado con la introducción de una segunda lengua extranjera (inglés para el grupo bilingüe de francés y francés para los grupos de inglés), con dos horas semanales de clase en el Tercer Ciclo. Como consecuencia de haber sido designado Centro Bilingüe, se solicitó la anticipación de los idiomas francés e inglés desde Educación Infantil (EI). Por lo que, desde los 3 años, todos los alumnos/as del Colegio reciben las enseñanzas de los dos idiomas. </span></p>
<p style="text-align: justify"><span style="font-family: 'comic sans ms', sans-serif">En el curso 2016/2017 el centro fue designado “centro examinador” para la realización de pruebas en colaboración con la Alianza Francesa para la obtención del diploma DELF. </span></p>
<p style="text-align: justify"><span style="font-family: 'comic sans ms', sans-serif">Desde el curso 2015/2016 es un <strong>Centro Plurilingüe</strong>, en el que todos los alumnos/as de primero, segundo y tercero reciben clases de lengua francesa e inglesa y áreas bilingües en francés e inglés, implantándose progresivamente a todos aquellos que inicien el primer ciclo en cursos venideros, de tal forma que el curso 2020/21 estuvo implantado en todos los ciclos y todos los niveles de primaria. En base a la Orden de 13 de marzo de 2015, por la que se autorizan nuevos centros bilingües públicos para el curso 2015-2016, se transforman en plurilingües determinados centros bilingües, por lo que nuestro centro se convierte en plurilingüe. Actualmente, contamos además con tres auxiliares de conversación, dos para francés y otra para inglés. El 12 de julio de 2011, la Consejería de Educación de la Junta de Andalucía firmó un convenio marco de colaboración con la Oficina Nacional de Promoción Internacional de la Lengua de China Hanban, para la integración en los centros educativos de la Comunidad Autónoma de la enseñanza de la lengua y la cultura China. En el colegio CEIP Madre de la Luz comenzó en el curso 2011/2012 como actividad extraescolar. </span></p>
<p style="text-align: justify"><span style="font-family: 'comic sans ms', sans-serif">A partir del curso 2015/2016, contamos con la enseñanza de la Lengua China en su primer año, para primaria, como materia curricular, creciendo progresivamente la </span><span style="font-family: 'comic sans ms', sans-serif">participación del alumnado. Actualmente se imparte a partir de 3º de Educación Primaria (EP) dentro del marco del <strong>Aula Confucio</strong> con la colaboración de dos profesoras chinas.&nbsp;</span></p>
<p style="text-align: justify"><span style="font-family: 'comic sans ms', sans-serif">Desde el curso 2005/2006 es Centro T.I.C. con un total de 191 ordenadores. En la actualidad hay al menos un ordenador en cada aula desde infantil de 3 años hasta 4º y en las de 5º y 6º se procura que haya funcionado un ordenador por cada alumno/a. El objetivo es integrar las TIC en el aula como medio didáctico que permita desarrollar las tareas de aprendizaje y no un medio a utilizar de forma aislada y puntual. Desde el <strong>proyecto TDE</strong> se fomenta la digitalización del centro con el uso de Séneca/Pasen, de la página web del centro, de las plataformas educativas Moodle Centros y Google Classroom, y con el uso de otras herramientas digitales en el proceso de enseñanza-aprendizaje. En el marco de este proyecto se han solicitado 3 <strong>aulas digitales interactivas</strong> STEAM, una audiovisual y una para el taller de radio.</span></p>
<p style="text-align: center"><iframe src="https://www.google.com/maps/d/embed?mid=1Jc051t2d0cwDfcph0SW3ydc0aHoNQFE&amp;ehbc=2E312F&amp;noprof=1" width="640" height="480"></iframe></p>
<p style="text-align: center"><span style="font-size: 18pt;color: #000080"><strong>Datos de contacto:</strong></span></p>
<p style="text-align: center"><strong><span style="font-size: 14pt">CEIP Madre de la Luz</span></strong></p>
<p style="text-align: center"><span style="font-size: 14pt"><span style="color: #000080">Dirección:</span> <strong>Calle Calzada de Castro, 3, 04006, Almería</strong></span></p>
<p style="text-align: center"><span style="font-size: 14pt"><span style="color: #000080">Teléfono:</span> <strong>950 15 65 50</strong></span></p>
<p style="text-align: center"><span style="font-size: 14pt"><span style="color: #000080">Email:</span> <strong>04005041.edu@juntadeandalucia.es</strong></span></p>
<p>&nbsp;</p>

<p>Centro: CEIP Madre de la Luz Código del centro: 04005041 Dirección: Calzada de Castro, 3 Localidad: Almería (04006) &nbsp;El CEIP Madre de la Luz está situado en un barrio céntrico de Almería capital, concretamente&#46;&#46;&#46;</p>
