{"id":141,"date":"2015-03-17T07:13:24","date_gmt":"2015-03-17T07:13:24","guid":{"rendered":"http:\/\/blogsaverroes.juntadeandalucia.es\/pre\/ceip\/?page_id=141"},"modified":"2025-12-02T11:46:17","modified_gmt":"2025-12-02T10:46:17","slug":"escolarizacion","status":"publish","type":"page","link":"https:\/\/blogsaverroes.juntadeandalucia.es\/ceipmaestrorojas\/escolarizacion\/","title":{"rendered":"Escolarizaci\u00f3n"},"content":{"rendered":"<p><a href=\"https:\/\/www.juntadeandalucia.es\/educacion\/portales\/web\/escolarizacion\" target=\"_blank\" rel=\"noopener\">Enlace al portal de escolarizaci\u00f3n<\/a><\/p>\n<p><a href=\"https:\/\/www.juntadeandalucia.es\/educacion\/portales\/web\/escolarizacion\/infantil-a-bachillerato\/normativa\" target=\"_blank\" rel=\"noopener\">Enlace normativa escolarizaci\u00f3n<\/a><\/p>\n<p><strong>Calendario de actuaciones curso 26\/27:<\/strong><\/p>\n<p><strong>Admisi\u00f3n<\/strong>: 1-31 de marzo<\/p>\n<p><strong>Matriculaci\u00f3n:<\/strong> primeros ocho d\u00edas h\u00e1biles de junio.<\/p>\n<p><strong>Solicitud de servicios complementarios:<\/strong> primeros ocho d\u00edas h\u00e1biles de junio junto con la matr\u00edcula.<\/p>\n<p><strong>Solicitud de bonificaci\u00f3n y matr\u00edcula extraordinaria:<\/strong> primeros ocho d\u00edas h\u00e1biles de septiembre<\/p>\n","protected":false},"excerpt":{"rendered":"<p>Enlace al portal de escolarizaci\u00f3n Enlace normativa escolarizaci\u00f3n Calendario de actuaciones curso 26\/27: Admisi\u00f3n: 1-31 de marzo Matriculaci\u00f3n: primeros ocho d\u00edas h\u00e1biles de junio. Solicitud de servicios complementarios: primeros ocho d\u00edas h\u00e1biles de junio&#46;&#46;&#46;<\/p>\n","protected":false},"author":1,"featured_media":0,"parent":0,"menu_order":0,"comment_status":"closed","ping_status":"open","template":"","meta":{"ngg_post_thumbnail":0,"footnotes":"","_mc_calendar":[]},"aioseo_notices":[],"_links":{"self":[{"href":"https:\/\/blogsaverroes.juntadeandalucia.es\/ceipmaestrorojas\/wp-json\/wp\/v2\/pages\/141"}],"collection":[{"href":"https:\/\/blogsaverroes.juntadeandalucia.es\/ceipmaestrorojas\/wp-json\/wp\/v2\/pages"}],"about":[{"href":"https:\/\/blogsaverroes.juntadeandalucia.es\/ceipmaestrorojas\/wp-json\/wp\/v2\/types\/page"}],"author":[{"embeddable":true,"href":"https:\/\/blogsaverroes.juntadeandalucia.es\/ceipmaestrorojas\/wp-json\/wp\/v2\/users\/1"}],"replies":[{"embeddable":true,"href":"https:\/\/blogsaverroes.juntadeandalucia.es\/ceipmaestrorojas\/wp-json\/wp\/v2\/comments?post=141"}],"version-history":[{"count":7,"href":"https:\/\/blogsaverroes.juntadeandalucia.es\/ceipmaestrorojas\/wp-json\/wp\/v2\/pages\/141\/revisions"}],"predecessor-version":[{"id":2382,"href":"https:\/\/blogsaverroes.juntadeandalucia.es\/ceipmaestrorojas\/wp-json\/wp\/v2\/pages\/141\/revisions\/2382"}],"wp:attachment":[{"href":"https:\/\/blogsaverroes.juntadeandalucia.es\/ceipmaestrorojas\/wp-json\/wp\/v2\/media?parent=141"}],"curies":[{"name":"wp","href":"https:\/\/api.w.org\/{rel}","templated":true}]}}

Escolarización

<p><a href="https://www.juntadeandalucia.es/educacion/portales/web/escolarizacion" target="_blank" rel="noopener">Enlace al portal de escolarización</a></p>
<p><a href="https://www.juntadeandalucia.es/educacion/portales/web/escolarizacion/infantil-a-bachillerato/normativa" target="_blank" rel="noopener">Enlace normativa escolarización</a></p>
<p><strong>Calendario de actuaciones curso 26/27:</strong></p>
<p><strong>Admisión</strong>: 1-31 de marzo</p>
<p><strong>Matriculación:</strong> primeros ocho días hábiles de junio.</p>
<p><strong>Solicitud de servicios complementarios:</strong> primeros ocho días hábiles de junio junto con la matrícula.</p>
<p><strong>Solicitud de bonificación y matrícula extraordinaria:</strong> primeros ocho días hábiles de septiembre</p>

<p>Enlace al portal de escolarización Enlace normativa escolarización Calendario de actuaciones curso 26/27: Admisión: 1-31 de marzo Matriculación: primeros ocho días hábiles de junio. Solicitud de servicios complementarios: primeros ocho días hábiles de junio&#46;&#46;&#46;</p>
