{"id":141,"date":"2015-03-17T07:13:24","date_gmt":"2015-03-17T07:13:24","guid":{"rendered":"http:\/\/blogsaverroes.juntadeandalucia.es\/pre\/ceip\/?page_id=141"},"modified":"2020-09-09T16:14:26","modified_gmt":"2020-09-09T16:14:26","slug":"escolarizacion","status":"publish","type":"page","link":"https:\/\/blogsaverroes.juntadeandalucia.es\/ceipmanuelcanela\/escolarizacion\/","title":{"rendered":"Escolarizaci\u00f3n"},"content":{"rendered":"<p>&nbsp;<\/p>\n<p>&nbsp; &nbsp; &nbsp; &nbsp; &nbsp; &nbsp; &nbsp; &nbsp; &nbsp;<\/p>\n<h3 style=\"text-align: center\">Del 1 marzo al 1 de abril, ap\u00fantate al cole, ap\u00fantate al CEIP Manuel Canela.&nbsp;<br \/>\nVen y no te quedes sin tu plaza,&nbsp;<br \/>\nqueremos que formes parte de nuestra gran familia.<br \/>\n\u00a1Te esperamos!<\/h3>\n<div class=\"separator\">&nbsp; &nbsp; &nbsp; &nbsp; &nbsp; &nbsp; &nbsp; &nbsp; &nbsp; &nbsp; &nbsp; &nbsp; &nbsp; &nbsp; &nbsp; &nbsp; &nbsp; &nbsp; &nbsp; &nbsp; &nbsp; &nbsp; &nbsp; &nbsp; &nbsp; &nbsp; &nbsp; &nbsp; &nbsp; &nbsp; &nbsp; &nbsp; &nbsp; <iframe loading=\"lazy\" src=\"https:\/\/www.youtube.com\/embed\/hKubmyTAtwU?feature=player_embedded\" width=\"320\" height=\"266\" frameborder=\"0\"><\/iframe><\/div>\n<h3>&nbsp;<\/h3>\n<h3 style=\"text-align: center\">Toda la informaci\u00f3n la puedes consultar en la Secretar\u00eda de nuestro centro, as\u00ed como en la p\u00e1gina web de escolarizaci\u00f3n a la que puedes acceder haciendo clic en la imagen inferior.<\/h3>\n<p style=\"text-align: center\"><a href=\"http:\/\/www.juntadeandalucia.es\/educacion\/portals\/web\/escolarizacion\"><img loading=\"lazy\" decoding=\"async\" class=\"aligncenter size-full wp-image-3028\" src=\"https:\/\/blogsaverroes.juntadeandalucia.es\/ceipmanuelcanela\/files\/2020\/03\/logo-junta-principal.png\" alt=\"\" width=\"450\" height=\"100\" srcset=\"https:\/\/blogsaverroes.juntadeandalucia.es\/ceipmanuelcanela\/files\/2020\/03\/logo-junta-principal.png 450w, https:\/\/blogsaverroes.juntadeandalucia.es\/ceipmanuelcanela\/files\/2020\/03\/logo-junta-principal-300x67.png 300w, https:\/\/blogsaverroes.juntadeandalucia.es\/ceipmanuelcanela\/files\/2020\/03\/logo-junta-principal-24x5.png 24w, https:\/\/blogsaverroes.juntadeandalucia.es\/ceipmanuelcanela\/files\/2020\/03\/logo-junta-principal-36x8.png 36w, https:\/\/blogsaverroes.juntadeandalucia.es\/ceipmanuelcanela\/files\/2020\/03\/logo-junta-principal-48x11.png 48w\" sizes=\"(max-width: 450px) 100vw, 450px\" \/><\/a><\/p>\n<p style=\"text-align: center\">&nbsp;<\/p>\n<p>&nbsp;<\/p>\n<p><a href=\"https:\/\/1.bp.blogspot.com\/-jBpA9uzzd2U\/XHkNmoby3PI\/AAAAAAAAB5Y\/1TAJlmSQfToEFnbaudkh7Ao-zb8lKdfPQCEwYBhgL\/s1600\/NORMATIVA.png\">&nbsp; &nbsp; &nbsp; &nbsp; &nbsp; &nbsp; &nbsp; &nbsp; &nbsp; &nbsp;<img loading=\"lazy\" decoding=\"async\" title=\"Toda la informaci\u00f3n la puedes consultar en la Secretar\u00eda de nuestro centro, as\u00ed como en la p\u00e1gina web de escolarizaci\u00f3n a la que puedes acceder haciendo clic en la imagen inferior.\" src=\"https:\/\/1.bp.blogspot.com\/-jBpA9uzzd2U\/XHkNmoby3PI\/AAAAAAAAB5Y\/1TAJlmSQfToEFnbaudkh7Ao-zb8lKdfPQCEwYBhgL\/s320\/NORMATIVA.png\" alt=\"\" width=\"320\" height=\"320\" border=\"0\" data-original-height=\"800\" data-original-width=\"800\"> <\/a><a href=\"https:\/\/1.bp.blogspot.com\/-0-QU-jlNASE\/XHkOFmqKKTI\/AAAAAAAAB5g\/Tal5Jl8DJi8KwQhMOSVl9QBhz524pv7aQCEwYBhgL\/s1600\/PREGUNTAS%2BFRECUENTES%2BESCOLARIZACI%25C3%2593N.png\"><img loading=\"lazy\" decoding=\"async\" class=\"\" src=\"https:\/\/1.bp.blogspot.com\/-0-QU-jlNASE\/XHkOFmqKKTI\/AAAAAAAAB5g\/Tal5Jl8DJi8KwQhMOSVl9QBhz524pv7aQCEwYBhgL\/s320\/PREGUNTAS%2BFRECUENTES%2BESCOLARIZACI%25C3%2593N.png\" width=\"377\" height=\"316\" border=\"0\" data-original-height=\"789\" data-original-width=\"940\"><\/a><\/p>\n","protected":false},"excerpt":{"rendered":"<p>&nbsp; &nbsp; &nbsp; &nbsp; &nbsp; &nbsp; &nbsp; &nbsp; &nbsp; &nbsp; Del 1 marzo al 1 de abril, ap\u00fantate al cole, ap\u00fantate al CEIP Manuel Canela.&nbsp; Ven y no te quedes sin tu plaza,&nbsp; queremos que formes parte de nuestra gran familia. \u00a1Te esperamos! &nbsp; &nbsp; &nbsp; &nbsp; &nbsp; &nbsp; &nbsp; &nbsp; &nbsp; &nbsp; &nbsp; &nbsp; [&hellip;]<\/p>\n","protected":false},"author":1,"featured_media":0,"parent":0,"menu_order":0,"comment_status":"closed","ping_status":"open","template":"","meta":{"ngg_post_thumbnail":0,"footnotes":"","_mc_calendar":[]},"aioseo_notices":[],"_links":{"self":[{"href":"https:\/\/blogsaverroes.juntadeandalucia.es\/ceipmanuelcanela\/wp-json\/wp\/v2\/pages\/141"}],"collection":[{"href":"https:\/\/blogsaverroes.juntadeandalucia.es\/ceipmanuelcanela\/wp-json\/wp\/v2\/pages"}],"about":[{"href":"https:\/\/blogsaverroes.juntadeandalucia.es\/ceipmanuelcanela\/wp-json\/wp\/v2\/types\/page"}],"author":[{"embeddable":true,"href":"https:\/\/blogsaverroes.juntadeandalucia.es\/ceipmanuelcanela\/wp-json\/wp\/v2\/users\/1"}],"replies":[{"embeddable":true,"href":"https:\/\/blogsaverroes.juntadeandalucia.es\/ceipmanuelcanela\/wp-json\/wp\/v2\/comments?post=141"}],"version-history":[{"count":8,"href":"https:\/\/blogsaverroes.juntadeandalucia.es\/ceipmanuelcanela\/wp-json\/wp\/v2\/pages\/141\/revisions"}],"predecessor-version":[{"id":3746,"href":"https:\/\/blogsaverroes.juntadeandalucia.es\/ceipmanuelcanela\/wp-json\/wp\/v2\/pages\/141\/revisions\/3746"}],"wp:attachment":[{"href":"https:\/\/blogsaverroes.juntadeandalucia.es\/ceipmanuelcanela\/wp-json\/wp\/v2\/media?parent=141"}],"curies":[{"name":"wp","href":"https:\/\/api.w.org\/{rel}","templated":true}]}}