{"id":3128,"date":"2020-04-08T10:32:03","date_gmt":"2020-04-08T10:32:03","guid":{"rendered":"https:\/\/blogsaverroes.juntadeandalucia.es\/ceipmanuelcanela\/?page_id=3128"},"modified":"2020-05-06T19:50:58","modified_gmt":"2020-05-06T19:50:58","slug":"convivencia","status":"publish","type":"page","link":"https:\/\/blogsaverroes.juntadeandalucia.es\/ceipmanuelcanela\/convivencia\/","title":{"rendered":"Convivencia +"},"content":{"rendered":"<h1 style=\"text-align: center\"><strong>CONVIVENCIA PLUS<\/strong><\/h1>\n<p><img loading=\"lazy\" decoding=\"async\" class=\"aligncenter size-full wp-image-3293\" src=\"https:\/\/blogsaverroes.juntadeandalucia.es\/ceipmanuelcanela\/files\/2020\/05\/Convivencia-.jpg\" alt=\"\" width=\"880\" height=\"312\" srcset=\"https:\/\/blogsaverroes.juntadeandalucia.es\/ceipmanuelcanela\/files\/2020\/05\/Convivencia-.jpg 880w, https:\/\/blogsaverroes.juntadeandalucia.es\/ceipmanuelcanela\/files\/2020\/05\/Convivencia--300x106.jpg 300w, https:\/\/blogsaverroes.juntadeandalucia.es\/ceipmanuelcanela\/files\/2020\/05\/Convivencia--768x272.jpg 768w, https:\/\/blogsaverroes.juntadeandalucia.es\/ceipmanuelcanela\/files\/2020\/05\/Convivencia--24x9.jpg 24w, https:\/\/blogsaverroes.juntadeandalucia.es\/ceipmanuelcanela\/files\/2020\/05\/Convivencia--36x13.jpg 36w, https:\/\/blogsaverroes.juntadeandalucia.es\/ceipmanuelcanela\/files\/2020\/05\/Convivencia--48x17.jpg 48w\" sizes=\"(max-width: 880px) 100vw, 880px\" \/><\/p>\n<p>&nbsp;<\/p>\n<p style=\"text-align: justify\">Nuestro proyecto va encaminado a la mejora del clima escolar y a la promoci\u00f3n de una cultura de paz a trav\u00e9s de la prevenci\u00f3n y resoluci\u00f3n pac\u00edfica de conflictos.<\/p>\n<p style=\"text-align: justify\">El objetivo primordial es mejorar la gesti\u00f3n del aula y el clima de convivencia del centro. Para ello, se establecen nuevas estructuras de funcionamiento que giran en torno a la convivencia, as\u00ed como t\u00e9cnicas y estrategias para atender al alumnado que presenta conductas contrarias a las normas de convivencia.<\/p>\n<p style=\"text-align: justify\">Asimismo, podemos destacar dos objetivos fundamentales que marcan el coraz\u00f3n de este proyecto:<\/p>\n<ul>\n<li style=\"text-align: justify\">Prevenir situaciones de riesgo para la convivencia.<\/li>\n<li style=\"text-align: justify\">Efectuar intervenciones paliativas ante conductas contrarias o gravemente perjudiciales para la convivencia.<\/li>\n<\/ul>\n<p style=\"text-align: justify\">Las actuaciones realizadas se corresponden con el esfuerzo que est\u00e1 realizando el CEP de Sevilla, junto con el Comisionado del Pol\u00edgono Sur con respecto a la convivencia escolar. A lo largo de los \u00faltimos a\u00f1os se han organizado cursos, seminarios, grupos de trabajo y jornadas en los que han participado numerosos docentes con el objetivo de mejorar la convivencia de nuestro centro.<\/p>\n<p style=\"text-align: justify\">Hace varios a\u00f1os empezamos con este proyecto y cabe destacar que ha mejorado considerablemente el bienestar del profesorado y del alumnado, cre\u00e1ndose un clima de aula positivo y, en consecuencia, contribuyendo a la mejora del rendimiento acad\u00e9mico.&nbsp;<\/p>\n","protected":false},"excerpt":{"rendered":"<p>CONVIVENCIA PLUS &nbsp; Nuestro proyecto va encaminado a la mejora del clima escolar y a la promoci\u00f3n de una cultura de paz a trav\u00e9s de la prevenci\u00f3n y resoluci\u00f3n pac\u00edfica de conflictos. El objetivo primordial es mejorar la gesti\u00f3n del aula y el clima de convivencia del centro. Para ello, se establecen nuevas estructuras de [&hellip;]<\/p>\n","protected":false},"author":8707,"featured_media":0,"parent":0,"menu_order":0,"comment_status":"closed","ping_status":"closed","template":"","meta":{"ngg_post_thumbnail":0,"footnotes":"","_mc_calendar":[]},"aioseo_notices":[],"_links":{"self":[{"href":"https:\/\/blogsaverroes.juntadeandalucia.es\/ceipmanuelcanela\/wp-json\/wp\/v2\/pages\/3128"}],"collection":[{"href":"https:\/\/blogsaverroes.juntadeandalucia.es\/ceipmanuelcanela\/wp-json\/wp\/v2\/pages"}],"about":[{"href":"https:\/\/blogsaverroes.juntadeandalucia.es\/ceipmanuelcanela\/wp-json\/wp\/v2\/types\/page"}],"author":[{"embeddable":true,"href":"https:\/\/blogsaverroes.juntadeandalucia.es\/ceipmanuelcanela\/wp-json\/wp\/v2\/users\/8707"}],"replies":[{"embeddable":true,"href":"https:\/\/blogsaverroes.juntadeandalucia.es\/ceipmanuelcanela\/wp-json\/wp\/v2\/comments?post=3128"}],"version-history":[{"count":7,"href":"https:\/\/blogsaverroes.juntadeandalucia.es\/ceipmanuelcanela\/wp-json\/wp\/v2\/pages\/3128\/revisions"}],"predecessor-version":[{"id":3310,"href":"https:\/\/blogsaverroes.juntadeandalucia.es\/ceipmanuelcanela\/wp-json\/wp\/v2\/pages\/3128\/revisions\/3310"}],"wp:attachment":[{"href":"https:\/\/blogsaverroes.juntadeandalucia.es\/ceipmanuelcanela\/wp-json\/wp\/v2\/media?parent=3128"}],"curies":[{"name":"wp","href":"https:\/\/api.w.org\/{rel}","templated":true}]}}

<h1 style="text-align: center"><strong>CONVIVENCIA PLUS</strong></h1>
<p><img loading="lazy" decoding="async" class="aligncenter size-full wp-image-3293" src="https://blogsaverroes.juntadeandalucia.es/ceipmanuelcanela/files/2020/05/Convivencia-.jpg" alt="" width="880" height="312" srcset="https://blogsaverroes.juntadeandalucia.es/ceipmanuelcanela/files/2020/05/Convivencia-.jpg 880w, https://blogsaverroes.juntadeandalucia.es/ceipmanuelcanela/files/2020/05/Convivencia--300x106.jpg 300w, https://blogsaverroes.juntadeandalucia.es/ceipmanuelcanela/files/2020/05/Convivencia--768x272.jpg 768w, https://blogsaverroes.juntadeandalucia.es/ceipmanuelcanela/files/2020/05/Convivencia--24x9.jpg 24w, https://blogsaverroes.juntadeandalucia.es/ceipmanuelcanela/files/2020/05/Convivencia--36x13.jpg 36w, https://blogsaverroes.juntadeandalucia.es/ceipmanuelcanela/files/2020/05/Convivencia--48x17.jpg 48w" sizes="(max-width: 880px) 100vw, 880px" /></p>
<p>&nbsp;</p>
<p style="text-align: justify">Nuestro proyecto va encaminado a la mejora del clima escolar y a la promoción de una cultura de paz a través de la prevención y resolución pacífica de conflictos.</p>
<p style="text-align: justify">El objetivo primordial es mejorar la gestión del aula y el clima de convivencia del centro. Para ello, se establecen nuevas estructuras de funcionamiento que giran en torno a la convivencia, así como técnicas y estrategias para atender al alumnado que presenta conductas contrarias a las normas de convivencia.</p>
<p style="text-align: justify">Asimismo, podemos destacar dos objetivos fundamentales que marcan el corazón de este proyecto:</p>
<ul>
<li style="text-align: justify">Prevenir situaciones de riesgo para la convivencia.</li>
<li style="text-align: justify">Efectuar intervenciones paliativas ante conductas contrarias o gravemente perjudiciales para la convivencia.</li>
</ul>
<p style="text-align: justify">Las actuaciones realizadas se corresponden con el esfuerzo que está realizando el CEP de Sevilla, junto con el Comisionado del Polígono Sur con respecto a la convivencia escolar. A lo largo de los últimos años se han organizado cursos, seminarios, grupos de trabajo y jornadas en los que han participado numerosos docentes con el objetivo de mejorar la convivencia de nuestro centro.</p>
<p style="text-align: justify">Hace varios años empezamos con este proyecto y cabe destacar que ha mejorado considerablemente el bienestar del profesorado y del alumnado, creándose un clima de aula positivo y, en consecuencia, contribuyendo a la mejora del rendimiento académico.&nbsp;</p>

<p>CONVIVENCIA PLUS &nbsp; Nuestro proyecto va encaminado a la mejora del clima escolar y a la promoción de una cultura de paz a través de la prevención y resolución pacífica de conflictos. El objetivo primordial es mejorar la gestión del aula y el clima de convivencia del centro. Para ello, se establecen nuevas estructuras de [&hellip;]</p>
