{"id":4690,"date":"2021-04-28T09:13:02","date_gmt":"2021-04-28T09:13:02","guid":{"rendered":"https:\/\/blogsaverroes.juntadeandalucia.es\/ceipmanuelcanela\/?page_id=4690"},"modified":"2021-04-28T09:51:27","modified_gmt":"2021-04-28T09:51:27","slug":"reglamento-de-organizacion-y-funcionamiento","status":"publish","type":"page","link":"https:\/\/blogsaverroes.juntadeandalucia.es\/ceipmanuelcanela\/reglamento-de-organizacion-y-funcionamiento\/","title":{"rendered":"Reglamento de Organizaci\u00f3n y Funcionamiento"},"content":{"rendered":"<p>El reglamento de organizaci\u00f3n y funcionamiento recoge las normas organizativas y funcionales que facilitan la consecuci\u00f3n del clima adecuado para alcanzar los objetivos que el centro se ha propuesto y permitiendo mantener un ambiente de respeto, confianza y colaboraci\u00f3n entre todos los sectores de la comunidad educativa.<\/p>\n<p><iframe loading=\"lazy\" src=\"https:\/\/drive.google.com\/file\/d\/1c-6qA47gz84EznIfVtpy3vN8Jb418sqV\/preview\" width=\"640\" height=\"480\"><\/iframe><\/p>\n","protected":false},"excerpt":{"rendered":"<p>El reglamento de organizaci\u00f3n y funcionamiento recoge las normas organizativas y funcionales que facilitan la consecuci\u00f3n del clima adecuado para alcanzar los objetivos que el centro se ha propuesto y permitiendo mantener un ambiente de respeto, confianza y colaboraci\u00f3n entre todos los sectores de la comunidad educativa.<\/p>\n","protected":false},"author":8707,"featured_media":0,"parent":0,"menu_order":0,"comment_status":"closed","ping_status":"closed","template":"","meta":{"ngg_post_thumbnail":0,"footnotes":"","_mc_calendar":[]},"aioseo_notices":[],"_links":{"self":[{"href":"https:\/\/blogsaverroes.juntadeandalucia.es\/ceipmanuelcanela\/wp-json\/wp\/v2\/pages\/4690"}],"collection":[{"href":"https:\/\/blogsaverroes.juntadeandalucia.es\/ceipmanuelcanela\/wp-json\/wp\/v2\/pages"}],"about":[{"href":"https:\/\/blogsaverroes.juntadeandalucia.es\/ceipmanuelcanela\/wp-json\/wp\/v2\/types\/page"}],"author":[{"embeddable":true,"href":"https:\/\/blogsaverroes.juntadeandalucia.es\/ceipmanuelcanela\/wp-json\/wp\/v2\/users\/8707"}],"replies":[{"embeddable":true,"href":"https:\/\/blogsaverroes.juntadeandalucia.es\/ceipmanuelcanela\/wp-json\/wp\/v2\/comments?post=4690"}],"version-history":[{"count":3,"href":"https:\/\/blogsaverroes.juntadeandalucia.es\/ceipmanuelcanela\/wp-json\/wp\/v2\/pages\/4690\/revisions"}],"predecessor-version":[{"id":4708,"href":"https:\/\/blogsaverroes.juntadeandalucia.es\/ceipmanuelcanela\/wp-json\/wp\/v2\/pages\/4690\/revisions\/4708"}],"wp:attachment":[{"href":"https:\/\/blogsaverroes.juntadeandalucia.es\/ceipmanuelcanela\/wp-json\/wp\/v2\/media?parent=4690"}],"curies":[{"name":"wp","href":"https:\/\/api.w.org\/{rel}","templated":true}]}}

Reglamento de Organización y Funcionamiento

<p>El reglamento de organización y funcionamiento recoge las normas organizativas y funcionales que facilitan la consecución del clima adecuado para alcanzar los objetivos que el centro se ha propuesto y permitiendo mantener un ambiente de respeto, confianza y colaboración entre todos los sectores de la comunidad educativa.</p>
<p><iframe loading="lazy" src="https://drive.google.com/file/d/1c-6qA47gz84EznIfVtpy3vN8Jb418sqV/preview" width="640" height="480"></iframe></p>

<p>El reglamento de organización y funcionamiento recoge las normas organizativas y funcionales que facilitan la consecución del clima adecuado para alcanzar los objetivos que el centro se ha propuesto y permitiendo mantener un ambiente de respeto, confianza y colaboración entre todos los sectores de la comunidad educativa.</p>
