{"id":99,"date":"2015-03-16T07:22:54","date_gmt":"2015-03-16T07:22:54","guid":{"rendered":"http:\/\/blogsaverroes.juntadeandalucia.es\/pre\/ceip\/?page_id=99"},"modified":"2020-09-17T17:36:46","modified_gmt":"2020-09-17T17:36:46","slug":"comedor-escolar","status":"publish","type":"page","link":"https:\/\/blogsaverroes.juntadeandalucia.es\/ceipmanuelcanela\/comedor-escolar\/","title":{"rendered":"Comedor escolar"},"content":{"rendered":"<p>&nbsp;<\/p>\n<h4 style=\"text-align: center\">\u00a1Nuestro centro educativo cuenta con comedor escolar con cocina propia!<\/h4>\n<p><img loading=\"lazy\" decoding=\"async\" class=\"alignleft wp-image-3788\" src=\"https:\/\/blogsaverroes.juntadeandalucia.es\/ceipmanuelcanela\/files\/2020\/09\/piramidealimentariani\u00f1os-830x553-1.jpg\" alt=\"\" width=\"540\" height=\"360\" srcset=\"https:\/\/blogsaverroes.juntadeandalucia.es\/ceipmanuelcanela\/files\/2020\/09\/piramidealimentariani\u00f1os-830x553-1.jpg 830w, https:\/\/blogsaverroes.juntadeandalucia.es\/ceipmanuelcanela\/files\/2020\/09\/piramidealimentariani\u00f1os-830x553-1-300x200.jpg 300w, https:\/\/blogsaverroes.juntadeandalucia.es\/ceipmanuelcanela\/files\/2020\/09\/piramidealimentariani\u00f1os-830x553-1-768x512.jpg 768w, https:\/\/blogsaverroes.juntadeandalucia.es\/ceipmanuelcanela\/files\/2020\/09\/piramidealimentariani\u00f1os-830x553-1-24x16.jpg 24w, https:\/\/blogsaverroes.juntadeandalucia.es\/ceipmanuelcanela\/files\/2020\/09\/piramidealimentariani\u00f1os-830x553-1-36x24.jpg 36w, https:\/\/blogsaverroes.juntadeandalucia.es\/ceipmanuelcanela\/files\/2020\/09\/piramidealimentariani\u00f1os-830x553-1-48x32.jpg 48w\" sizes=\"(max-width: 540px) 100vw, 540px\" \/><\/p>\n<p>&nbsp;<\/p>\n<p>&nbsp;<\/p>\n<p style=\"text-align: justify\">&nbsp; &nbsp; &nbsp; Esta cocina de elaboraci\u00f3n propia, se convierte en una de las piezas fundamental en la alimentaci\u00f3n de nuestro alumnado, ofreciendo importantes medidas dirigidas a mejorar los h\u00e1bitos alimenticios de nuestros ni\u00f1os y ni\u00f1as dirigidas a la prevenci\u00f3n de problemas de salud, como la obesidad infantil.<\/p>\n<p style=\"text-align: justify\">&nbsp; &nbsp; &nbsp; &nbsp; &nbsp; Los men\u00fas que ofrecemos&nbsp; siguen las recomendaciones de los organismos responsables en materia de sanidad en cuanto a alimentaci\u00f3n saludable, siendo supervisados por nutricionistas, apostando por una dieta mediterr\u00e1nea y ecol\u00f3gica,fomentando as\u00ed el consumo&nbsp;de verdura y fruta fresca como postre y el uso de aceite de oliva virgen extra.<img loading=\"lazy\" decoding=\"async\" class=\"alignright size-medium wp-image-3769\" src=\"https:\/\/blogsaverroes.juntadeandalucia.es\/ceipmanuelcanela\/files\/2020\/09\/Presentaci\u00f3n1-1-300x225.jpg\" alt=\"\" width=\"300\" height=\"225\" srcset=\"https:\/\/blogsaverroes.juntadeandalucia.es\/ceipmanuelcanela\/files\/2020\/09\/Presentaci\u00f3n1-1-300x225.jpg 300w, https:\/\/blogsaverroes.juntadeandalucia.es\/ceipmanuelcanela\/files\/2020\/09\/Presentaci\u00f3n1-1-768x576.jpg 768w, https:\/\/blogsaverroes.juntadeandalucia.es\/ceipmanuelcanela\/files\/2020\/09\/Presentaci\u00f3n1-1-24x18.jpg 24w, https:\/\/blogsaverroes.juntadeandalucia.es\/ceipmanuelcanela\/files\/2020\/09\/Presentaci\u00f3n1-1-36x27.jpg 36w, https:\/\/blogsaverroes.juntadeandalucia.es\/ceipmanuelcanela\/files\/2020\/09\/Presentaci\u00f3n1-1-48x36.jpg 48w, https:\/\/blogsaverroes.juntadeandalucia.es\/ceipmanuelcanela\/files\/2020\/09\/Presentaci\u00f3n1-1.jpg 960w\" sizes=\"(max-width: 300px) 100vw, 300px\" \/><\/p>\n<p>&nbsp;<\/p>\n<p style=\"text-align: justify\">&nbsp; &nbsp; &nbsp; &nbsp; &nbsp; La gesti\u00f3n diaria del servicio se realiza teniendo en cuenta el aforo y el n\u00famero de comensales que hacen uso de dicho servicio. Actualmente, y debido a la situaci\u00f3n extraordinaria&nbsp; producida por el COVID-19, nuestro comedor se organiza en grupos de convivencia, coincidiendo con los del aula.<\/p>\n<p>&nbsp;<\/p>\n<p>&nbsp;<\/p>\n<p>&nbsp;<\/p>\n<p>&nbsp;<\/p>\n<p style=\"text-align: justify\">&nbsp; &nbsp; &nbsp; &nbsp; &nbsp;El servicio de comedor escolar se solicita en el mes de junio en la matriculaci\u00f3n del alumnado y la solicitud de bonificaciones al precio p\u00fablico de dicho servicio se realiza a principios del mes de septiembre para posibilitar que los ingresos de referencia para el c\u00e1lculo de la bonificaci\u00f3n sea el del a\u00f1o inmediatamente anterior, y adecuarse en lo posible a la capacidad econ\u00f3mica real de las familias.<\/p>\n","protected":false},"excerpt":{"rendered":"<p>&nbsp; \u00a1Nuestro centro educativo cuenta con comedor escolar con cocina propia! &nbsp; &nbsp; &nbsp; &nbsp; &nbsp; Esta cocina de elaboraci\u00f3n propia, se convierte en una de las piezas fundamental en la alimentaci\u00f3n de nuestro alumnado, ofreciendo importantes medidas dirigidas a mejorar los h\u00e1bitos alimenticios de nuestros ni\u00f1os y ni\u00f1as dirigidas a la prevenci\u00f3n de problemas [&hellip;]<\/p>\n","protected":false},"author":1,"featured_media":0,"parent":0,"menu_order":0,"comment_status":"closed","ping_status":"open","template":"","meta":{"ngg_post_thumbnail":0,"footnotes":"","_mc_calendar":[]},"aioseo_notices":[],"_links":{"self":[{"href":"https:\/\/blogsaverroes.juntadeandalucia.es\/ceipmanuelcanela\/wp-json\/wp\/v2\/pages\/99"}],"collection":[{"href":"https:\/\/blogsaverroes.juntadeandalucia.es\/ceipmanuelcanela\/wp-json\/wp\/v2\/pages"}],"about":[{"href":"https:\/\/blogsaverroes.juntadeandalucia.es\/ceipmanuelcanela\/wp-json\/wp\/v2\/types\/page"}],"author":[{"embeddable":true,"href":"https:\/\/blogsaverroes.juntadeandalucia.es\/ceipmanuelcanela\/wp-json\/wp\/v2\/users\/1"}],"replies":[{"embeddable":true,"href":"https:\/\/blogsaverroes.juntadeandalucia.es\/ceipmanuelcanela\/wp-json\/wp\/v2\/comments?post=99"}],"version-history":[{"count":12,"href":"https:\/\/blogsaverroes.juntadeandalucia.es\/ceipmanuelcanela\/wp-json\/wp\/v2\/pages\/99\/revisions"}],"predecessor-version":[{"id":3794,"href":"https:\/\/blogsaverroes.juntadeandalucia.es\/ceipmanuelcanela\/wp-json\/wp\/v2\/pages\/99\/revisions\/3794"}],"wp:attachment":[{"href":"https:\/\/blogsaverroes.juntadeandalucia.es\/ceipmanuelcanela\/wp-json\/wp\/v2\/media?parent=99"}],"curies":[{"name":"wp","href":"https:\/\/api.w.org\/{rel}","templated":true}]}}

<p>&nbsp;</p>
<h4 style="text-align: center">¡Nuestro centro educativo cuenta con comedor escolar con cocina propia!</h4>
<p><img loading="lazy" decoding="async" class="alignleft wp-image-3788" src="https://blogsaverroes.juntadeandalucia.es/ceipmanuelcanela/files/2020/09/piramidealimentarianiños-830x553-1.jpg" alt="" width="540" height="360" srcset="https://blogsaverroes.juntadeandalucia.es/ceipmanuelcanela/files/2020/09/piramidealimentarianiños-830x553-1.jpg 830w, https://blogsaverroes.juntadeandalucia.es/ceipmanuelcanela/files/2020/09/piramidealimentarianiños-830x553-1-300x200.jpg 300w, https://blogsaverroes.juntadeandalucia.es/ceipmanuelcanela/files/2020/09/piramidealimentarianiños-830x553-1-768x512.jpg 768w, https://blogsaverroes.juntadeandalucia.es/ceipmanuelcanela/files/2020/09/piramidealimentarianiños-830x553-1-24x16.jpg 24w, https://blogsaverroes.juntadeandalucia.es/ceipmanuelcanela/files/2020/09/piramidealimentarianiños-830x553-1-36x24.jpg 36w, https://blogsaverroes.juntadeandalucia.es/ceipmanuelcanela/files/2020/09/piramidealimentarianiños-830x553-1-48x32.jpg 48w" sizes="(max-width: 540px) 100vw, 540px" /></p>
<p>&nbsp;</p>
<p>&nbsp;</p>
<p style="text-align: justify">&nbsp; &nbsp; &nbsp; Esta cocina de elaboración propia, se convierte en una de las piezas fundamental en la alimentación de nuestro alumnado, ofreciendo importantes medidas dirigidas a mejorar los hábitos alimenticios de nuestros niños y niñas dirigidas a la prevención de problemas de salud, como la obesidad infantil.</p>
<p style="text-align: justify">&nbsp; &nbsp; &nbsp; &nbsp; &nbsp; Los menús que ofrecemos&nbsp; siguen las recomendaciones de los organismos responsables en materia de sanidad en cuanto a alimentación saludable, siendo supervisados por nutricionistas, apostando por una dieta mediterránea y ecológica,fomentando así el consumo&nbsp;de verdura y fruta fresca como postre y el uso de aceite de oliva virgen extra.<img loading="lazy" decoding="async" class="alignright size-medium wp-image-3769" src="https://blogsaverroes.juntadeandalucia.es/ceipmanuelcanela/files/2020/09/Presentación1-1-300x225.jpg" alt="" width="300" height="225" srcset="https://blogsaverroes.juntadeandalucia.es/ceipmanuelcanela/files/2020/09/Presentación1-1-300x225.jpg 300w, https://blogsaverroes.juntadeandalucia.es/ceipmanuelcanela/files/2020/09/Presentación1-1-768x576.jpg 768w, https://blogsaverroes.juntadeandalucia.es/ceipmanuelcanela/files/2020/09/Presentación1-1-24x18.jpg 24w, https://blogsaverroes.juntadeandalucia.es/ceipmanuelcanela/files/2020/09/Presentación1-1-36x27.jpg 36w, https://blogsaverroes.juntadeandalucia.es/ceipmanuelcanela/files/2020/09/Presentación1-1-48x36.jpg 48w, https://blogsaverroes.juntadeandalucia.es/ceipmanuelcanela/files/2020/09/Presentación1-1.jpg 960w" sizes="(max-width: 300px) 100vw, 300px" /></p>
<p>&nbsp;</p>
<p style="text-align: justify">&nbsp; &nbsp; &nbsp; &nbsp; &nbsp; La gestión diaria del servicio se realiza teniendo en cuenta el aforo y el número de comensales que hacen uso de dicho servicio. Actualmente, y debido a la situación extraordinaria&nbsp; producida por el COVID-19, nuestro comedor se organiza en grupos de convivencia, coincidiendo con los del aula.</p>
<p>&nbsp;</p>
<p>&nbsp;</p>
<p>&nbsp;</p>
<p>&nbsp;</p>
<p style="text-align: justify">&nbsp; &nbsp; &nbsp; &nbsp; &nbsp;El servicio de comedor escolar se solicita en el mes de junio en la matriculación del alumnado y la solicitud de bonificaciones al precio público de dicho servicio se realiza a principios del mes de septiembre para posibilitar que los ingresos de referencia para el cálculo de la bonificación sea el del año inmediatamente anterior, y adecuarse en lo posible a la capacidad económica real de las familias.</p>

<p>&nbsp; ¡Nuestro centro educativo cuenta con comedor escolar con cocina propia! &nbsp; &nbsp; &nbsp; &nbsp; &nbsp; Esta cocina de elaboración propia, se convierte en una de las piezas fundamental en la alimentación de nuestro alumnado, ofreciendo importantes medidas dirigidas a mejorar los hábitos alimenticios de nuestros niños y niñas dirigidas a la prevención de problemas [&hellip;]</p>
