{"id":2305,"date":"2019-02-26T09:37:19","date_gmt":"2019-02-26T09:37:19","guid":{"rendered":"http:\/\/blogsaverroes.juntadeandalucia.es\/ceipmanuelcastroorellana\/?page_id=2305"},"modified":"2024-09-07T10:21:05","modified_gmt":"2024-09-07T08:21:05","slug":"aula-buenas-tardes","status":"publish","type":"page","link":"https:\/\/blogsaverroes.juntadeandalucia.es\/ceipmanuelcastroorellana\/aula-buenas-tardes\/","title":{"rendered":"Aula Buenas tardes"},"content":{"rendered":"<div><strong>Aula de Buenas tardes<\/strong><\/div>\n<div>&nbsp;<\/div>\n<div>Se ha puesto en marcha, a trav\u00e9s del AMPA de nuestro Centro, un nuevo servicio para las familias llamado \u00abAula Buenas Tardes\u00bb.<\/div>\n<div>&nbsp;<\/div>\n<div>Consiste en que los padres y madres que lo necesiten, puedan dejar a sus hijos\/as en el Centro en horario de 14:00 a 15:15&nbsp;sin opci\u00f3n de comer durante el mismo y con el cuidado de una monitora encargada. Para m\u00e1s informaci\u00f3n pueden ponerse en contacto con las responsables de la empresa encargada.<\/div>\n<div>&nbsp;<\/div>\n<div><a href=\"https:\/\/drive.google.com\/file\/d\/19x8OTh4TkdEPqbcBu-NgK8MnLEijgC89\/view?usp=drive_link\">Impreso de solicitud&nbsp;<\/a><\/div>\n<div>&nbsp;<\/div>\n<div>Estrella:620212330<\/div>\n","protected":false},"excerpt":{"rendered":"<p>Aula de Buenas tardes &nbsp; Se ha puesto en marcha, a trav\u00e9s del AMPA de nuestro Centro, un nuevo servicio para las familias llamado \u00abAula Buenas Tardes\u00bb. &nbsp; Consiste en que los padres y madres que lo necesiten, puedan dejar a sus hijos\/as en el Centro en horario de 14:00 a 15:15&nbsp;sin opci\u00f3n de comer &hellip; <\/p>\n<p><a class=\"more-link btn\" href=\"https:\/\/blogsaverroes.juntadeandalucia.es\/ceipmanuelcastroorellana\/aula-buenas-tardes\/\">Seguir leyendo<\/a><\/p>\n","protected":false},"author":4366,"featured_media":0,"parent":0,"menu_order":0,"comment_status":"closed","ping_status":"closed","template":"","meta":{"ngg_post_thumbnail":0,"footnotes":"","_mc_calendar":[]},"aioseo_notices":[],"post_mailing_queue_ids":[],"_links":{"self":[{"href":"https:\/\/blogsaverroes.juntadeandalucia.es\/ceipmanuelcastroorellana\/wp-json\/wp\/v2\/pages\/2305"}],"collection":[{"href":"https:\/\/blogsaverroes.juntadeandalucia.es\/ceipmanuelcastroorellana\/wp-json\/wp\/v2\/pages"}],"about":[{"href":"https:\/\/blogsaverroes.juntadeandalucia.es\/ceipmanuelcastroorellana\/wp-json\/wp\/v2\/types\/page"}],"author":[{"embeddable":true,"href":"https:\/\/blogsaverroes.juntadeandalucia.es\/ceipmanuelcastroorellana\/wp-json\/wp\/v2\/users\/4366"}],"replies":[{"embeddable":true,"href":"https:\/\/blogsaverroes.juntadeandalucia.es\/ceipmanuelcastroorellana\/wp-json\/wp\/v2\/comments?post=2305"}],"version-history":[{"count":5,"href":"https:\/\/blogsaverroes.juntadeandalucia.es\/ceipmanuelcastroorellana\/wp-json\/wp\/v2\/pages\/2305\/revisions"}],"predecessor-version":[{"id":3546,"href":"https:\/\/blogsaverroes.juntadeandalucia.es\/ceipmanuelcastroorellana\/wp-json\/wp\/v2\/pages\/2305\/revisions\/3546"}],"wp:attachment":[{"href":"https:\/\/blogsaverroes.juntadeandalucia.es\/ceipmanuelcastroorellana\/wp-json\/wp\/v2\/media?parent=2305"}],"curies":[{"name":"wp","href":"https:\/\/api.w.org\/{rel}","templated":true}]}}

<div><strong>Aula de Buenas tardes</strong></div>
<div>&nbsp;</div>
<div>Se ha puesto en marcha, a través del AMPA de nuestro Centro, un nuevo servicio para las familias llamado «Aula Buenas Tardes».</div>
<div>&nbsp;</div>
<div>Consiste en que los padres y madres que lo necesiten, puedan dejar a sus hijos/as en el Centro en horario de 14:00 a 15:15&nbsp;sin opción de comer durante el mismo y con el cuidado de una monitora encargada. Para más información pueden ponerse en contacto con las responsables de la empresa encargada.</div>
<div>&nbsp;</div>
<div><a href="https://drive.google.com/file/d/19x8OTh4TkdEPqbcBu-NgK8MnLEijgC89/view?usp=drive_link">Impreso de solicitud&nbsp;</a></div>
<div>&nbsp;</div>
<div>Estrella:620212330</div>

<p>Aula de Buenas tardes &nbsp; Se ha puesto en marcha, a través del AMPA de nuestro Centro, un nuevo servicio para las familias llamado «Aula Buenas Tardes». &nbsp; Consiste en que los padres y madres que lo necesiten, puedan dejar a sus hijos/as en el Centro en horario de 14:00 a 15:15&nbsp;sin opción de comer &hellip; </p>
<p><a class="more-link btn" href="https://blogsaverroes.juntadeandalucia.es/ceipmanuelcastroorellana/aula-buenas-tardes/">Seguir leyendo</a></p>
