{"id":42,"date":"2015-03-13T08:40:47","date_gmt":"2015-03-13T08:40:47","guid":{"rendered":"http:\/\/blogsaverroes.juntadeandalucia.es\/pre\/ceip\/?page_id=42"},"modified":"2019-04-25T10:57:44","modified_gmt":"2019-04-25T10:57:44","slug":"equipo-directivo","status":"publish","type":"page","link":"https:\/\/blogsaverroes.juntadeandalucia.es\/ceipmanuelcastroorellana\/equipo-directivo\/","title":{"rendered":"Equipo directivo"},"content":{"rendered":"<p>&nbsp;<\/p>\n<p>El equipo Directivo del CEIP Manuel Castro Orellana est\u00e1 formado por:<\/p>\n<p><strong>Direcci\u00f3n: Manuel Garc\u00eda Iglesias<\/strong><\/p>\n<p><strong>Jefatura de estudios: Concepci\u00f3n Macarro Flores<\/strong><\/p>\n<p><strong>Secretar\u00eda: Manuel Mart\u00edn Barrag\u00e1n<\/strong><\/p>\n","protected":false},"excerpt":{"rendered":"<p>&nbsp; El equipo Directivo del CEIP Manuel Castro Orellana est\u00e1 formado por: Direcci\u00f3n: Manuel Garc\u00eda Iglesias Jefatura de estudios: Concepci\u00f3n Macarro Flores Secretar\u00eda: Manuel Mart\u00edn Barrag\u00e1n<\/p>\n","protected":false},"author":1,"featured_media":0,"parent":0,"menu_order":0,"comment_status":"closed","ping_status":"open","template":"","meta":{"ngg_post_thumbnail":0,"footnotes":"","_mc_calendar":[]},"aioseo_notices":[],"post_mailing_queue_ids":[],"_links":{"self":[{"href":"https:\/\/blogsaverroes.juntadeandalucia.es\/ceipmanuelcastroorellana\/wp-json\/wp\/v2\/pages\/42"}],"collection":[{"href":"https:\/\/blogsaverroes.juntadeandalucia.es\/ceipmanuelcastroorellana\/wp-json\/wp\/v2\/pages"}],"about":[{"href":"https:\/\/blogsaverroes.juntadeandalucia.es\/ceipmanuelcastroorellana\/wp-json\/wp\/v2\/types\/page"}],"author":[{"embeddable":true,"href":"https:\/\/blogsaverroes.juntadeandalucia.es\/ceipmanuelcastroorellana\/wp-json\/wp\/v2\/users\/1"}],"replies":[{"embeddable":true,"href":"https:\/\/blogsaverroes.juntadeandalucia.es\/ceipmanuelcastroorellana\/wp-json\/wp\/v2\/comments?post=42"}],"version-history":[{"count":3,"href":"https:\/\/blogsaverroes.juntadeandalucia.es\/ceipmanuelcastroorellana\/wp-json\/wp\/v2\/pages\/42\/revisions"}],"predecessor-version":[{"id":2351,"href":"https:\/\/blogsaverroes.juntadeandalucia.es\/ceipmanuelcastroorellana\/wp-json\/wp\/v2\/pages\/42\/revisions\/2351"}],"wp:attachment":[{"href":"https:\/\/blogsaverroes.juntadeandalucia.es\/ceipmanuelcastroorellana\/wp-json\/wp\/v2\/media?parent=42"}],"curies":[{"name":"wp","href":"https:\/\/api.w.org\/{rel}","templated":true}]}}

<p>&nbsp;</p>
<p>El equipo Directivo del CEIP Manuel Castro Orellana está formado por:</p>
<p><strong>Dirección: Manuel García Iglesias</strong></p>
<p><strong>Jefatura de estudios: Concepción Macarro Flores</strong></p>
<p><strong>Secretaría: Manuel Martín Barragán</strong></p>

<p>&nbsp; El equipo Directivo del CEIP Manuel Castro Orellana está formado por: Dirección: Manuel García Iglesias Jefatura de estudios: Concepción Macarro Flores Secretaría: Manuel Martín Barragán</p>
