{"id":77,"date":"2015-03-16T06:54:56","date_gmt":"2015-03-16T06:54:56","guid":{"rendered":"http:\/\/blogsaverroes.juntadeandalucia.es\/pre\/ceip\/?page_id=77"},"modified":"2021-04-22T21:41:13","modified_gmt":"2021-04-22T19:41:13","slug":"secretaria","status":"publish","type":"page","link":"https:\/\/blogsaverroes.juntadeandalucia.es\/ceipmanuelcastroorellana\/secretaria\/","title":{"rendered":"Secretar\u00eda"},"content":{"rendered":"<p>Para solicitar un certificado rellene el siguiente cuestionario:<\/p>\n<p><a href=\"https:\/\/docs.google.com\/forms\/d\/12yZvy9QhgW_npY3nYmoTxOSUk9tGCCz66zXFpD4iajI\/edit?usp=sharing\"><img loading=\"lazy\" decoding=\"async\" class=\"alignnone size-full wp-image-2670\" src=\"https:\/\/blogsaverroes.juntadeandalucia.es\/ceipmanuelcastroorellana\/files\/2020\/09\/SOLICITUD-CERTIFICADOS.png\" alt=\"\" width=\"397\" height=\"133\" srcset=\"https:\/\/blogsaverroes.juntadeandalucia.es\/ceipmanuelcastroorellana\/files\/2020\/09\/SOLICITUD-CERTIFICADOS.png 397w, https:\/\/blogsaverroes.juntadeandalucia.es\/ceipmanuelcastroorellana\/files\/2020\/09\/SOLICITUD-CERTIFICADOS-300x101.png 300w, https:\/\/blogsaverroes.juntadeandalucia.es\/ceipmanuelcastroorellana\/files\/2020\/09\/SOLICITUD-CERTIFICADOS-24x8.png 24w, https:\/\/blogsaverroes.juntadeandalucia.es\/ceipmanuelcastroorellana\/files\/2020\/09\/SOLICITUD-CERTIFICADOS-36x12.png 36w, https:\/\/blogsaverroes.juntadeandalucia.es\/ceipmanuelcastroorellana\/files\/2020\/09\/SOLICITUD-CERTIFICADOS-48x16.png 48w\" sizes=\"(max-width: 397px) 100vw, 397px\" \/><\/a><\/p>\n<p>Para recuperar las credenciales de acceso a Pasen\/IPasen rellene el siguiente cuestionario:<\/p>\n<p><a href=\"https:\/\/forms.gle\/zB1p9rJC3SYucJJi7\"><img loading=\"lazy\" decoding=\"async\" class=\"alignnone size-full wp-image-2776\" src=\"https:\/\/blogsaverroes.juntadeandalucia.es\/ceipmanuelcastroorellana\/files\/2021\/04\/Captura-de-pantalla-2020-03-30-a-las-16.02.19.png\" alt=\"\" width=\"324\" height=\"156\" srcset=\"https:\/\/blogsaverroes.juntadeandalucia.es\/ceipmanuelcastroorellana\/files\/2021\/04\/Captura-de-pantalla-2020-03-30-a-las-16.02.19.png 324w, https:\/\/blogsaverroes.juntadeandalucia.es\/ceipmanuelcastroorellana\/files\/2021\/04\/Captura-de-pantalla-2020-03-30-a-las-16.02.19-300x144.png 300w\" sizes=\"(max-width: 324px) 100vw, 324px\" \/><\/a><\/p>\n<hr>\n<p>Se realizar\u00e1 mediante Ipasen siguiendo las instrucciones que aparecen el tutorial siguiente:<\/p>\n<p><a title=\"A\u00f1adir personas autorizadas para la recogida\" href=\"http:\/\/blogsaverroes.juntadeandalucia.es\/ceipmanuelcastroorellana\/anadir-personas-autorizadas-para-la-recogida\/\"><img loading=\"lazy\" decoding=\"async\" class=\"alignnone size-full wp-image-2674\" src=\"https:\/\/blogsaverroes.juntadeandalucia.es\/ceipmanuelcastroorellana\/files\/2020\/09\/SOLICITUDA\u00d1ADIRPERSONASAUTORIZADAS.png\" alt=\"\" width=\"397\" height=\"133\" srcset=\"https:\/\/blogsaverroes.juntadeandalucia.es\/ceipmanuelcastroorellana\/files\/2020\/09\/SOLICITUDA\u00d1ADIRPERSONASAUTORIZADAS.png 397w, https:\/\/blogsaverroes.juntadeandalucia.es\/ceipmanuelcastroorellana\/files\/2020\/09\/SOLICITUDA\u00d1ADIRPERSONASAUTORIZADAS-300x101.png 300w, https:\/\/blogsaverroes.juntadeandalucia.es\/ceipmanuelcastroorellana\/files\/2020\/09\/SOLICITUDA\u00d1ADIRPERSONASAUTORIZADAS-24x8.png 24w, https:\/\/blogsaverroes.juntadeandalucia.es\/ceipmanuelcastroorellana\/files\/2020\/09\/SOLICITUDA\u00d1ADIRPERSONASAUTORIZADAS-36x12.png 36w, https:\/\/blogsaverroes.juntadeandalucia.es\/ceipmanuelcastroorellana\/files\/2020\/09\/SOLICITUDA\u00d1ADIRPERSONASAUTORIZADAS-48x16.png 48w\" sizes=\"(max-width: 397px) 100vw, 397px\" \/><\/a><\/p>\n<p>Para actualizar los datos del alumnado se realizar\u00e1 mediante la APP IPasen:<\/p>\n<p><a href=\"https:\/\/blogsaverroes.juntadeandalucia.es\/ceipmanuelcastroorellana\/files\/2020\/09\/SOLICITUDACUALIZACIONDATOSPERSONALES.png\"><img loading=\"lazy\" decoding=\"async\" class=\"alignnone size-full wp-image-2673\" src=\"https:\/\/blogsaverroes.juntadeandalucia.es\/ceipmanuelcastroorellana\/files\/2020\/09\/SOLICITUDACUALIZACIONDATOSPERSONALES.png\" alt=\"\" width=\"397\" height=\"133\" srcset=\"https:\/\/blogsaverroes.juntadeandalucia.es\/ceipmanuelcastroorellana\/files\/2020\/09\/SOLICITUDACUALIZACIONDATOSPERSONALES.png 397w, https:\/\/blogsaverroes.juntadeandalucia.es\/ceipmanuelcastroorellana\/files\/2020\/09\/SOLICITUDACUALIZACIONDATOSPERSONALES-300x101.png 300w, https:\/\/blogsaverroes.juntadeandalucia.es\/ceipmanuelcastroorellana\/files\/2020\/09\/SOLICITUDACUALIZACIONDATOSPERSONALES-24x8.png 24w, https:\/\/blogsaverroes.juntadeandalucia.es\/ceipmanuelcastroorellana\/files\/2020\/09\/SOLICITUDACUALIZACIONDATOSPERSONALES-36x12.png 36w, https:\/\/blogsaverroes.juntadeandalucia.es\/ceipmanuelcastroorellana\/files\/2020\/09\/SOLICITUDACUALIZACIONDATOSPERSONALES-48x16.png 48w\" sizes=\"(max-width: 397px) 100vw, 397px\" \/><\/a><\/p>\n<hr>\n<h1 style=\"text-align: center\"><strong>PLAN DE APERTURA DE CENTROS<\/strong><\/h1>\n<p>Los cambios de uso de comedor y\/o aula matinal se realizar\u00e1n rellenando el siguiente cuestionario y entrar\u00e1n en vigor los d\u00eda 1 y 15 del mes.<\/p>\n<p><a href=\"https:\/\/forms.gle\/ctZDhA73hrhH5c8U6\"><img loading=\"lazy\" decoding=\"async\" class=\"alignnone size-full wp-image-2679\" src=\"https:\/\/blogsaverroes.juntadeandalucia.es\/ceipmanuelcastroorellana\/files\/2020\/09\/SOLICITUDCAMBIOS-COMEDOR.png\" alt=\"\" width=\"394\" height=\"128\" srcset=\"https:\/\/blogsaverroes.juntadeandalucia.es\/ceipmanuelcastroorellana\/files\/2020\/09\/SOLICITUDCAMBIOS-COMEDOR.png 394w, https:\/\/blogsaverroes.juntadeandalucia.es\/ceipmanuelcastroorellana\/files\/2020\/09\/SOLICITUDCAMBIOS-COMEDOR-300x97.png 300w, https:\/\/blogsaverroes.juntadeandalucia.es\/ceipmanuelcastroorellana\/files\/2020\/09\/SOLICITUDCAMBIOS-COMEDOR-24x8.png 24w, https:\/\/blogsaverroes.juntadeandalucia.es\/ceipmanuelcastroorellana\/files\/2020\/09\/SOLICITUDCAMBIOS-COMEDOR-36x12.png 36w, https:\/\/blogsaverroes.juntadeandalucia.es\/ceipmanuelcastroorellana\/files\/2020\/09\/SOLICITUDCAMBIOS-COMEDOR-48x16.png 48w\" sizes=\"(max-width: 394px) 100vw, 394px\" \/><\/a><\/p>\n<p>La baja se realizar\u00e1 rellenando el siguiente documento y mand\u00e1ndolo firmado al email secretaria@ceiopmanuelcastroorellana.com&nbsp;<\/p>\n<p><a href=\"https:\/\/drive.google.com\/file\/d\/1ldtkCYX6QMiT9QPiEZd0-4ShLPPyMk8h\/view\"><img loading=\"lazy\" decoding=\"async\" class=\"alignnone size-full wp-image-2680\" src=\"https:\/\/blogsaverroes.juntadeandalucia.es\/ceipmanuelcastroorellana\/files\/2020\/09\/SOLICITUDBAJACOMEDOR.png\" alt=\"\" width=\"394\" height=\"128\" srcset=\"https:\/\/blogsaverroes.juntadeandalucia.es\/ceipmanuelcastroorellana\/files\/2020\/09\/SOLICITUDBAJACOMEDOR.png 394w, https:\/\/blogsaverroes.juntadeandalucia.es\/ceipmanuelcastroorellana\/files\/2020\/09\/SOLICITUDBAJACOMEDOR-300x97.png 300w, https:\/\/blogsaverroes.juntadeandalucia.es\/ceipmanuelcastroorellana\/files\/2020\/09\/SOLICITUDBAJACOMEDOR-24x8.png 24w, https:\/\/blogsaverroes.juntadeandalucia.es\/ceipmanuelcastroorellana\/files\/2020\/09\/SOLICITUDBAJACOMEDOR-36x12.png 36w, https:\/\/blogsaverroes.juntadeandalucia.es\/ceipmanuelcastroorellana\/files\/2020\/09\/SOLICITUDBAJACOMEDOR-48x16.png 48w\" sizes=\"(max-width: 394px) 100vw, 394px\" \/><\/a><\/p>\n<hr>\n<h1 style=\"text-align: center\"><strong>SOLICITUD DE CITA PREVIA<\/strong><\/h1>\n<p>Para solicitar cita previa para reunirse con miembros del equipo directivo o secretar\u00eda llame al tel\u00e9fono del centro para concertar un d\u00eda y hora que venga bien a ambas partes.<\/p>\n<p>&nbsp; &nbsp; &nbsp; &nbsp; &nbsp; &nbsp; &nbsp; <a href=\"https:\/\/blogsaverroes.juntadeandalucia.es\/ceipmanuelcastroorellana\/files\/2020\/09\/SOLICITUDCITA-EQUIPODIRECTIVO.png\">&nbsp; &nbsp; &nbsp; &nbsp; &nbsp; &nbsp;<\/a> &nbsp; &nbsp; &nbsp; &nbsp; &nbsp; &nbsp;<\/p>\n","protected":false},"excerpt":{"rendered":"<p>Para solicitar un certificado rellene el siguiente cuestionario: Para recuperar las credenciales de acceso a Pasen\/IPasen rellene el siguiente cuestionario: Se realizar\u00e1 mediante Ipasen siguiendo las instrucciones que aparecen el tutorial siguiente: Para actualizar los datos del alumnado se realizar\u00e1 mediante la APP IPasen: PLAN DE APERTURA DE CENTROS Los cambios de uso de comedor &hellip; <\/p>\n<p><a class=\"more-link btn\" href=\"https:\/\/blogsaverroes.juntadeandalucia.es\/ceipmanuelcastroorellana\/secretaria\/\">Seguir leyendo<\/a><\/p>\n","protected":false},"author":1,"featured_media":0,"parent":0,"menu_order":0,"comment_status":"closed","ping_status":"open","template":"","meta":{"ngg_post_thumbnail":0,"footnotes":"","_mc_calendar":[]},"aioseo_notices":[],"post_mailing_queue_ids":[],"_links":{"self":[{"href":"https:\/\/blogsaverroes.juntadeandalucia.es\/ceipmanuelcastroorellana\/wp-json\/wp\/v2\/pages\/77"}],"collection":[{"href":"https:\/\/blogsaverroes.juntadeandalucia.es\/ceipmanuelcastroorellana\/wp-json\/wp\/v2\/pages"}],"about":[{"href":"https:\/\/blogsaverroes.juntadeandalucia.es\/ceipmanuelcastroorellana\/wp-json\/wp\/v2\/types\/page"}],"author":[{"embeddable":true,"href":"https:\/\/blogsaverroes.juntadeandalucia.es\/ceipmanuelcastroorellana\/wp-json\/wp\/v2\/users\/1"}],"replies":[{"embeddable":true,"href":"https:\/\/blogsaverroes.juntadeandalucia.es\/ceipmanuelcastroorellana\/wp-json\/wp\/v2\/comments?post=77"}],"version-history":[{"count":17,"href":"https:\/\/blogsaverroes.juntadeandalucia.es\/ceipmanuelcastroorellana\/wp-json\/wp\/v2\/pages\/77\/revisions"}],"predecessor-version":[{"id":2667,"href":"https:\/\/blogsaverroes.juntadeandalucia.es\/ceipmanuelcastroorellana\/wp-json\/wp\/v2\/pages\/77\/revisions\/2667"}],"wp:attachment":[{"href":"https:\/\/blogsaverroes.juntadeandalucia.es\/ceipmanuelcastroorellana\/wp-json\/wp\/v2\/media?parent=77"}],"curies":[{"name":"wp","href":"https:\/\/api.w.org\/{rel}","templated":true}]}}