{"id":2244,"date":"2021-01-13T18:28:49","date_gmt":"2021-01-13T18:28:49","guid":{"rendered":"https:\/\/blogsaverroes.juntadeandalucia.es\/ceipmanuelmedina\/?page_id=2244"},"modified":"2024-11-23T14:25:09","modified_gmt":"2024-11-23T14:25:09","slug":"nuestro-colegio","status":"publish","type":"page","link":"https:\/\/blogsaverroes.juntadeandalucia.es\/ceipmanuelmedina\/","title":{"rendered":"Nuestro colegio"},"content":{"rendered":"<p style=\"text-align: center\"><a href=\"https:\/\/blogsaverroes.juntadeandalucia.es\/ceipmanuelmedina\/files\/2024\/11\/LOGO-CEIP-MANUEL-MEDINA.jpg\"><img loading=\"lazy\" decoding=\"async\" class=\"wp-image-3117 alignnone\" src=\"https:\/\/blogsaverroes.juntadeandalucia.es\/ceipmanuelmedina\/files\/2024\/11\/LOGO-CEIP-MANUEL-MEDINA.jpg\" alt=\"\" width=\"162\" height=\"140\" srcset=\"https:\/\/blogsaverroes.juntadeandalucia.es\/ceipmanuelmedina\/files\/2024\/11\/LOGO-CEIP-MANUEL-MEDINA.jpg 1650w, https:\/\/blogsaverroes.juntadeandalucia.es\/ceipmanuelmedina\/files\/2024\/11\/LOGO-CEIP-MANUEL-MEDINA-300x260.jpg 300w, https:\/\/blogsaverroes.juntadeandalucia.es\/ceipmanuelmedina\/files\/2024\/11\/LOGO-CEIP-MANUEL-MEDINA-1024x887.jpg 1024w, https:\/\/blogsaverroes.juntadeandalucia.es\/ceipmanuelmedina\/files\/2024\/11\/LOGO-CEIP-MANUEL-MEDINA-768x666.jpg 768w, https:\/\/blogsaverroes.juntadeandalucia.es\/ceipmanuelmedina\/files\/2024\/11\/LOGO-CEIP-MANUEL-MEDINA-1536x1331.jpg 1536w\" sizes=\"(max-width: 162px) 100vw, 162px\" \/><\/a><\/p>\n<p>&nbsp;<\/p>\n<p style=\"text-align: center\"><strong>Bienvenidos a la p\u00e1gina web de nuestro colegio de Educaci\u00f3n Infantil y Primaria (C.E.I.P.) Manuel Medina situado en la localidad de Burguillos (Sevilla).<\/strong><\/p>\n<p style=\"text-align: center\"><strong>Desde esta p\u00e1gina podr\u00e1 conocer nuestro centro y acceder a diferentes apartados y secciones \u00fatiles que sin duda facilitar\u00e1n las relaciones y comunicaci\u00f3n con nuestro colegio.<\/strong><\/p>\n<p style=\"text-align: center\"><strong>Esta web es otra v\u00eda m\u00e1s de comunicaci\u00f3n con toda la comunidad educativa. Deseamos, &nbsp;le sirva para conocernos mejor y espero, como siempre, las aportaciones de todos y todas a trav\u00e9s del buz\u00f3n de sugerencias y del correo electr\u00f3nico para avanzar en un colegio mejor.<\/strong><\/p>\n<p style=\"text-align: center\">\u00abLA EDUCACI\u00d3N ES EL ARMA M\u00c1S PODEROSA&nbsp;<\/p>\n<p style=\"text-align: center\">QUE PUEDES USAR PARA CAMBIAR EL MUNDO.\u00bb<\/p>\n<p style=\"text-align: center\">Nelson Mandela<\/p>\n<p>&nbsp;<\/p>\n<p><a href=\"https:\/\/blogsaverroes.juntadeandalucia.es\/ceipmanuelmedina\/files\/2021\/01\/dise\u00f1o-web.jpg\"><img loading=\"lazy\" decoding=\"async\" class=\" wp-image-2242 aligncenter\" src=\"https:\/\/blogsaverroes.juntadeandalucia.es\/ceipmanuelmedina\/files\/2021\/01\/dise\u00f1o-web.jpg\" alt=\"\" width=\"390\" height=\"234\" srcset=\"https:\/\/blogsaverroes.juntadeandalucia.es\/ceipmanuelmedina\/files\/2021\/01\/dise\u00f1o-web.jpg 300w, https:\/\/blogsaverroes.juntadeandalucia.es\/ceipmanuelmedina\/files\/2021\/01\/dise\u00f1o-web-24x14.jpg 24w, https:\/\/blogsaverroes.juntadeandalucia.es\/ceipmanuelmedina\/files\/2021\/01\/dise\u00f1o-web-36x22.jpg 36w, https:\/\/blogsaverroes.juntadeandalucia.es\/ceipmanuelmedina\/files\/2021\/01\/dise\u00f1o-web-48x29.jpg 48w\" sizes=\"(max-width: 390px) 100vw, 390px\" \/><\/a><\/p>\n","protected":false},"excerpt":{"rendered":"<p>&nbsp; Bienvenidos a la p\u00e1gina web de nuestro colegio de Educaci\u00f3n Infantil y Primaria (C.E.I.P.) Manuel Medina situado en la localidad de Burguillos (Sevilla). Desde esta p\u00e1gina podr\u00e1 conocer nuestro centro y acceder a&#46;&#46;&#46;<\/p>\n","protected":false},"author":11819,"featured_media":0,"parent":0,"menu_order":0,"comment_status":"closed","ping_status":"closed","template":"","meta":{"ngg_post_thumbnail":0,"footnotes":"","_mc_calendar":[]},"aioseo_notices":[],"_links":{"self":[{"href":"https:\/\/blogsaverroes.juntadeandalucia.es\/ceipmanuelmedina\/wp-json\/wp\/v2\/pages\/2244"}],"collection":[{"href":"https:\/\/blogsaverroes.juntadeandalucia.es\/ceipmanuelmedina\/wp-json\/wp\/v2\/pages"}],"about":[{"href":"https:\/\/blogsaverroes.juntadeandalucia.es\/ceipmanuelmedina\/wp-json\/wp\/v2\/types\/page"}],"author":[{"embeddable":true,"href":"https:\/\/blogsaverroes.juntadeandalucia.es\/ceipmanuelmedina\/wp-json\/wp\/v2\/users\/11819"}],"replies":[{"embeddable":true,"href":"https:\/\/blogsaverroes.juntadeandalucia.es\/ceipmanuelmedina\/wp-json\/wp\/v2\/comments?post=2244"}],"version-history":[{"count":4,"href":"https:\/\/blogsaverroes.juntadeandalucia.es\/ceipmanuelmedina\/wp-json\/wp\/v2\/pages\/2244\/revisions"}],"predecessor-version":[{"id":3116,"href":"https:\/\/blogsaverroes.juntadeandalucia.es\/ceipmanuelmedina\/wp-json\/wp\/v2\/pages\/2244\/revisions\/3116"}],"wp:attachment":[{"href":"https:\/\/blogsaverroes.juntadeandalucia.es\/ceipmanuelmedina\/wp-json\/wp\/v2\/media?parent=2244"}],"curies":[{"name":"wp","href":"https:\/\/api.w.org\/{rel}","templated":true}]}}