{"id":2331,"date":"2025-11-14T12:19:05","date_gmt":"2025-11-14T12:19:05","guid":{"rendered":"https:\/\/blogsaverroes.juntadeandalucia.es\/ceipmanuelmedina\/?page_id=2331"},"modified":"2025-11-19T11:51:29","modified_gmt":"2025-11-19T11:51:29","slug":"e-p-1o-ciclo","status":"publish","type":"page","link":"https:\/\/blogsaverroes.juntadeandalucia.es\/ceipmanuelmedina\/e-p-1o-ciclo\/","title":{"rendered":"E.P. 1\u00ba CICLO"},"content":{"rendered":"<h3 style=\"text-align: center\"><span style=\"color: #0000ff\"><strong>EQUIPO DE 1\u00ba CICLO<\/strong><\/span><\/h3>\n<table style=\"width: 100%;border-collapse: collapse;border-color: #0c08d1\" border=\"2\">\n<tbody>\n<tr>\n<td style=\"width: 50%;text-align: center\">\n<h3>1\u00baA<\/h3>\n<\/td>\n<td style=\"width: 50%;text-align: center\">\n<h3>M\u00aa Dolores S\u00e1nchez Santos<\/h3>\n<p>&nbsp;<\/p>\n<p>(msansan102@g.educaand.es)<\/td>\n<\/tr>\n<tr>\n<td style=\"width: 50%;text-align: center\">\n<h3>2\u00baA<\/h3>\n<\/td>\n<td style=\"width: 50%;text-align: center\">\n<h4><strong>To\u00f1i Campo Zaragoza<\/strong><\/h4>\n<p>(acamzar437@g.educaand.es)<\/td>\n<\/tr>\n<tr>\n<td style=\"width: 50%;text-align: center\">\n<h3>2\u00baB<\/h3>\n<\/td>\n<td style=\"width: 50%;text-align: center\">\n<h3>Manuel Rodr\u00edguez Fern\u00e1ndez<\/h3>\n<p>(mrodfer032@g.educaand.es)<\/td>\n<\/tr>\n<\/tbody>\n<\/table>\n<p>&nbsp;<\/p>\n<h3 style=\"text-align: center\"><strong><span style=\"color: #0000ff\">ESPECIALISTAS ADJUDICADOS AL CICLO<\/span><\/strong><\/h3>\n<table style=\"width: 100%;border-collapse: collapse;border-color: #0c08d1\" border=\"2\">\n<tbody>\n<tr>\n<td style=\"width: 50%;text-align: center\">\n<h3>INGL\u00c9S<\/h3>\n<\/td>\n<td style=\"width: 50%;text-align: center\">\n<h3>Juan Ram\u00f3n Carmona Garrido<\/h3>\n<p>(jcargar381@g.educaand.es)<\/td>\n<\/tr>\n<\/tbody>\n<\/table>\n<p>&nbsp;<\/p>\n<p><a href=\"https:\/\/blogsaverroes.juntadeandalucia.es\/ceipmanuelmedina\/files\/2024\/11\/Captura-de-pantalla-2024-11-25-a-las-21.16.49.png\"><img loading=\"lazy\" decoding=\"async\" class=\"wp-image-3172 aligncenter\" src=\"https:\/\/blogsaverroes.juntadeandalucia.es\/ceipmanuelmedina\/files\/2024\/11\/Captura-de-pantalla-2024-11-25-a-las-21.16.49.png\" alt=\"\" width=\"432\" height=\"308\" srcset=\"https:\/\/blogsaverroes.juntadeandalucia.es\/ceipmanuelmedina\/files\/2024\/11\/Captura-de-pantalla-2024-11-25-a-las-21.16.49.png 918w, https:\/\/blogsaverroes.juntadeandalucia.es\/ceipmanuelmedina\/files\/2024\/11\/Captura-de-pantalla-2024-11-25-a-las-21.16.49-300x214.png 300w, https:\/\/blogsaverroes.juntadeandalucia.es\/ceipmanuelmedina\/files\/2024\/11\/Captura-de-pantalla-2024-11-25-a-las-21.16.49-768x547.png 768w\" sizes=\"(max-width: 432px) 100vw, 432px\" \/><\/a><\/p>\n<p>&nbsp;<\/p>\n","protected":false},"excerpt":{"rendered":"<p>EQUIPO DE 1\u00ba CICLO 1\u00baA M\u00aa Dolores S\u00e1nchez Santos &nbsp; (msansan102@g.educaand.es) 2\u00baA To\u00f1i Campo Zaragoza (acamzar437@g.educaand.es) 2\u00baB Manuel Rodr\u00edguez Fern\u00e1ndez (mrodfer032@g.educaand.es) &nbsp; ESPECIALISTAS ADJUDICADOS AL CICLO INGL\u00c9S Juan Ram\u00f3n Carmona Garrido (jcargar381@g.educaand.es) &nbsp; &nbsp;<\/p>\n","protected":false},"author":11819,"featured_media":0,"parent":0,"menu_order":0,"comment_status":"closed","ping_status":"closed","template":"","meta":{"ngg_post_thumbnail":0,"footnotes":"","_mc_calendar":[]},"aioseo_notices":[],"_links":{"self":[{"href":"https:\/\/blogsaverroes.juntadeandalucia.es\/ceipmanuelmedina\/wp-json\/wp\/v2\/pages\/2331"}],"collection":[{"href":"https:\/\/blogsaverroes.juntadeandalucia.es\/ceipmanuelmedina\/wp-json\/wp\/v2\/pages"}],"about":[{"href":"https:\/\/blogsaverroes.juntadeandalucia.es\/ceipmanuelmedina\/wp-json\/wp\/v2\/types\/page"}],"author":[{"embeddable":true,"href":"https:\/\/blogsaverroes.juntadeandalucia.es\/ceipmanuelmedina\/wp-json\/wp\/v2\/users\/11819"}],"replies":[{"embeddable":true,"href":"https:\/\/blogsaverroes.juntadeandalucia.es\/ceipmanuelmedina\/wp-json\/wp\/v2\/comments?post=2331"}],"version-history":[{"count":8,"href":"https:\/\/blogsaverroes.juntadeandalucia.es\/ceipmanuelmedina\/wp-json\/wp\/v2\/pages\/2331\/revisions"}],"predecessor-version":[{"id":3295,"href":"https:\/\/blogsaverroes.juntadeandalucia.es\/ceipmanuelmedina\/wp-json\/wp\/v2\/pages\/2331\/revisions\/3295"}],"wp:attachment":[{"href":"https:\/\/blogsaverroes.juntadeandalucia.es\/ceipmanuelmedina\/wp-json\/wp\/v2\/media?parent=2331"}],"curies":[{"name":"wp","href":"https:\/\/api.w.org\/{rel}","templated":true}]}}

E.P. 1º CICLO

<h3 style="text-align: center"><span style="color: #0000ff"><strong>EQUIPO DE 1º CICLO</strong></span></h3>
<table style="width: 100%;border-collapse: collapse;border-color: #0c08d1" border="2">
<tbody>
<tr>
<td style="width: 50%;text-align: center">
<h3>1ºA</h3>
</td>
<td style="width: 50%;text-align: center">
<h3>Mª Dolores Sánchez Santos</h3>
<p>&nbsp;</p>
<p>(msansan102@g.educaand.es)</td>
</tr>
<tr>
<td style="width: 50%;text-align: center">
<h3>2ºA</h3>
</td>
<td style="width: 50%;text-align: center">
<h4><strong>Toñi Campo Zaragoza</strong></h4>
<p>(acamzar437@g.educaand.es)</td>
</tr>
<tr>
<td style="width: 50%;text-align: center">
<h3>2ºB</h3>
</td>
<td style="width: 50%;text-align: center">
<h3>Manuel Rodríguez Fernández</h3>
<p>(mrodfer032@g.educaand.es)</td>
</tr>
</tbody>
</table>
<p>&nbsp;</p>
<h3 style="text-align: center"><strong><span style="color: #0000ff">ESPECIALISTAS ADJUDICADOS AL CICLO</span></strong></h3>
<table style="width: 100%;border-collapse: collapse;border-color: #0c08d1" border="2">
<tbody>
<tr>
<td style="width: 50%;text-align: center">
<h3>INGLÉS</h3>
</td>
<td style="width: 50%;text-align: center">
<h3>Juan Ramón Carmona Garrido</h3>
<p>(jcargar381@g.educaand.es)</td>
</tr>
</tbody>
</table>
<p>&nbsp;</p>
<p><a href="https://blogsaverroes.juntadeandalucia.es/ceipmanuelmedina/files/2024/11/Captura-de-pantalla-2024-11-25-a-las-21.16.49.png"><img loading="lazy" decoding="async" class="wp-image-3172 aligncenter" src="https://blogsaverroes.juntadeandalucia.es/ceipmanuelmedina/files/2024/11/Captura-de-pantalla-2024-11-25-a-las-21.16.49.png" alt="" width="432" height="308" srcset="https://blogsaverroes.juntadeandalucia.es/ceipmanuelmedina/files/2024/11/Captura-de-pantalla-2024-11-25-a-las-21.16.49.png 918w, https://blogsaverroes.juntadeandalucia.es/ceipmanuelmedina/files/2024/11/Captura-de-pantalla-2024-11-25-a-las-21.16.49-300x214.png 300w, https://blogsaverroes.juntadeandalucia.es/ceipmanuelmedina/files/2024/11/Captura-de-pantalla-2024-11-25-a-las-21.16.49-768x547.png 768w" sizes="(max-width: 432px) 100vw, 432px" /></a></p>
<p>&nbsp;</p>

<p>EQUIPO DE 1º CICLO 1ºA Mª Dolores Sánchez Santos &nbsp; (msansan102@g.educaand.es) 2ºA Toñi Campo Zaragoza (acamzar437@g.educaand.es) 2ºB Manuel Rodríguez Fernández (mrodfer032@g.educaand.es) &nbsp; ESPECIALISTAS ADJUDICADOS AL CICLO INGLÉS Juan Ramón Carmona Garrido (jcargar381@g.educaand.es) &nbsp; &nbsp;</p>
