{"id":2354,"date":"2024-11-26T21:25:52","date_gmt":"2024-11-26T21:25:52","guid":{"rendered":"https:\/\/blogsaverroes.juntadeandalucia.es\/ceipmanuelmedina\/?page_id=2354"},"modified":"2024-11-26T19:59:29","modified_gmt":"2024-11-26T19:59:29","slug":"programa-de-refuerzo-orientacion-y-apoyo-proa","status":"publish","type":"page","link":"https:\/\/blogsaverroes.juntadeandalucia.es\/ceipmanuelmedina\/programa-de-refuerzo-orientacion-y-apoyo-proa\/","title":{"rendered":"PROGRAMA DE REFUERZO, ORIENTACI\u00d3N Y APOYO (PROA)"},"content":{"rendered":"<h3 style=\"text-align: center\"><span style=\"color: #800080\"><strong>PLAN DE ACOMPA\u00d1AMIENTO CURSO 2024-2025<\/strong><\/span><\/h3>\n<p style=\"text-align: center\"><span style=\"color: #993366\"><strong>EQUIPO DE MENTORES<\/strong><\/span><\/p>\n<table style=\"width: 100%;border-collapse: collapse;border-color: #7e06cf\" border=\"2\">\n<tbody>\n<tr>\n<td style=\"width: 50%;text-align: center\">\n<h3>3\u00ba<\/h3>\n<\/td>\n<td style=\"width: 50%;text-align: center\">\n<h3>Ana Mar\u00eda Fern\u00e1ndez de los R\u00edos L\u00f3pez<\/h3>\n<\/td>\n<\/tr>\n<tr>\n<td style=\"width: 50%;text-align: center\">\n<h3>4\u00ba<\/h3>\n<\/td>\n<td style=\"width: 50%;text-align: center\">\n<h3>Roc\u00edo del Rosario L\u00f3pez Benito<\/h3>\n<\/td>\n<\/tr>\n<tr>\n<td style=\"width: 50%;text-align: center\">\n<h3>5\u00ba y 6\u00ba<\/h3>\n<\/td>\n<td style=\"width: 50%;text-align: center\">\n<h3>Arancha Morales Garc\u00eda<\/h3>\n<\/td>\n<\/tr>\n<tr>\n<td style=\"width: 50%;text-align: center\">\n<h3>PALI<\/h3>\n<\/td>\n<td style=\"width: 50%;text-align: center\">\n<h3>Sohaila Meberbeche Tabani<\/h3>\n<\/td>\n<\/tr>\n<\/tbody>\n<\/table>\n<p>&nbsp;<\/p>\n<p>&nbsp;<\/p>\n<p><a href=\"https:\/\/blogsaverroes.juntadeandalucia.es\/ceipmanuelmedina\/files\/2024\/11\/Captura-de-pantalla-2024-11-26-a-las-20.58.29.png\"><img loading=\"lazy\" decoding=\"async\" class=\"wp-image-3193 aligncenter\" src=\"https:\/\/blogsaverroes.juntadeandalucia.es\/ceipmanuelmedina\/files\/2024\/11\/Captura-de-pantalla-2024-11-26-a-las-20.58.29.png\" alt=\"\" width=\"622\" height=\"479\" srcset=\"https:\/\/blogsaverroes.juntadeandalucia.es\/ceipmanuelmedina\/files\/2024\/11\/Captura-de-pantalla-2024-11-26-a-las-20.58.29.png 1062w, https:\/\/blogsaverroes.juntadeandalucia.es\/ceipmanuelmedina\/files\/2024\/11\/Captura-de-pantalla-2024-11-26-a-las-20.58.29-300x231.png 300w, https:\/\/blogsaverroes.juntadeandalucia.es\/ceipmanuelmedina\/files\/2024\/11\/Captura-de-pantalla-2024-11-26-a-las-20.58.29-1024x789.png 1024w, https:\/\/blogsaverroes.juntadeandalucia.es\/ceipmanuelmedina\/files\/2024\/11\/Captura-de-pantalla-2024-11-26-a-las-20.58.29-768x592.png 768w\" sizes=\"(max-width: 622px) 100vw, 622px\" \/><\/a><\/p>\n","protected":false},"excerpt":{"rendered":"<p>PLAN DE ACOMPA\u00d1AMIENTO CURSO 2024-2025 EQUIPO DE MENTORES 3\u00ba Ana Mar\u00eda Fern\u00e1ndez de los R\u00edos L\u00f3pez 4\u00ba Roc\u00edo del Rosario L\u00f3pez Benito 5\u00ba y 6\u00ba Arancha Morales Garc\u00eda PALI Sohaila Meberbeche Tabani &nbsp; &nbsp;<\/p>\n","protected":false},"author":11819,"featured_media":0,"parent":0,"menu_order":0,"comment_status":"closed","ping_status":"closed","template":"","meta":{"ngg_post_thumbnail":0,"footnotes":"","_mc_calendar":[]},"aioseo_notices":[],"_links":{"self":[{"href":"https:\/\/blogsaverroes.juntadeandalucia.es\/ceipmanuelmedina\/wp-json\/wp\/v2\/pages\/2354"}],"collection":[{"href":"https:\/\/blogsaverroes.juntadeandalucia.es\/ceipmanuelmedina\/wp-json\/wp\/v2\/pages"}],"about":[{"href":"https:\/\/blogsaverroes.juntadeandalucia.es\/ceipmanuelmedina\/wp-json\/wp\/v2\/types\/page"}],"author":[{"embeddable":true,"href":"https:\/\/blogsaverroes.juntadeandalucia.es\/ceipmanuelmedina\/wp-json\/wp\/v2\/users\/11819"}],"replies":[{"embeddable":true,"href":"https:\/\/blogsaverroes.juntadeandalucia.es\/ceipmanuelmedina\/wp-json\/wp\/v2\/comments?post=2354"}],"version-history":[{"count":8,"href":"https:\/\/blogsaverroes.juntadeandalucia.es\/ceipmanuelmedina\/wp-json\/wp\/v2\/pages\/2354\/revisions"}],"predecessor-version":[{"id":2882,"href":"https:\/\/blogsaverroes.juntadeandalucia.es\/ceipmanuelmedina\/wp-json\/wp\/v2\/pages\/2354\/revisions\/2882"}],"wp:attachment":[{"href":"https:\/\/blogsaverroes.juntadeandalucia.es\/ceipmanuelmedina\/wp-json\/wp\/v2\/media?parent=2354"}],"curies":[{"name":"wp","href":"https:\/\/api.w.org\/{rel}","templated":true}]}}

PROGRAMA DE REFUERZO, ORIENTACIÓN Y APOYO (PROA)

<h3 style="text-align: center"><span style="color: #800080"><strong>PLAN DE ACOMPAÑAMIENTO CURSO 2024-2025</strong></span></h3>
<p style="text-align: center"><span style="color: #993366"><strong>EQUIPO DE MENTORES</strong></span></p>
<table style="width: 100%;border-collapse: collapse;border-color: #7e06cf" border="2">
<tbody>
<tr>
<td style="width: 50%;text-align: center">
<h3>3º</h3>
</td>
<td style="width: 50%;text-align: center">
<h3>Ana María Fernández de los Ríos López</h3>
</td>
</tr>
<tr>
<td style="width: 50%;text-align: center">
<h3>4º</h3>
</td>
<td style="width: 50%;text-align: center">
<h3>Rocío del Rosario López Benito</h3>
</td>
</tr>
<tr>
<td style="width: 50%;text-align: center">
<h3>5º y 6º</h3>
</td>
<td style="width: 50%;text-align: center">
<h3>Arancha Morales García</h3>
</td>
</tr>
<tr>
<td style="width: 50%;text-align: center">
<h3>PALI</h3>
</td>
<td style="width: 50%;text-align: center">
<h3>Sohaila Meberbeche Tabani</h3>
</td>
</tr>
</tbody>
</table>
<p>&nbsp;</p>
<p>&nbsp;</p>
<p><a href="https://blogsaverroes.juntadeandalucia.es/ceipmanuelmedina/files/2024/11/Captura-de-pantalla-2024-11-26-a-las-20.58.29.png"><img loading="lazy" decoding="async" class="wp-image-3193 aligncenter" src="https://blogsaverroes.juntadeandalucia.es/ceipmanuelmedina/files/2024/11/Captura-de-pantalla-2024-11-26-a-las-20.58.29.png" alt="" width="622" height="479" srcset="https://blogsaverroes.juntadeandalucia.es/ceipmanuelmedina/files/2024/11/Captura-de-pantalla-2024-11-26-a-las-20.58.29.png 1062w, https://blogsaverroes.juntadeandalucia.es/ceipmanuelmedina/files/2024/11/Captura-de-pantalla-2024-11-26-a-las-20.58.29-300x231.png 300w, https://blogsaverroes.juntadeandalucia.es/ceipmanuelmedina/files/2024/11/Captura-de-pantalla-2024-11-26-a-las-20.58.29-1024x789.png 1024w, https://blogsaverroes.juntadeandalucia.es/ceipmanuelmedina/files/2024/11/Captura-de-pantalla-2024-11-26-a-las-20.58.29-768x592.png 768w" sizes="(max-width: 622px) 100vw, 622px" /></a></p>

<p>PLAN DE ACOMPAÑAMIENTO CURSO 2024-2025 EQUIPO DE MENTORES 3º Ana María Fernández de los Ríos López 4º Rocío del Rosario López Benito 5º y 6º Arancha Morales García PALI Sohaila Meberbeche Tabani &nbsp; &nbsp;</p>
