{"id":2657,"date":"2021-10-18T16:02:36","date_gmt":"2021-10-18T16:02:36","guid":{"rendered":"https:\/\/blogsaverroes.juntadeandalucia.es\/ceipmanuelmedina\/?page_id=2657"},"modified":"2021-12-11T12:43:51","modified_gmt":"2021-12-11T12:43:51","slug":"plan-de-igualdad","status":"publish","type":"page","link":"https:\/\/blogsaverroes.juntadeandalucia.es\/ceipmanuelmedina\/plan-de-igualdad\/","title":{"rendered":"25 de Noviembre"},"content":{"rendered":"<p>&nbsp;<\/p>\n<p style=\"text-align: center\"><a href=\"https:\/\/blogsaverroes.juntadeandalucia.es\/ceipmanuelmedina\/files\/2021\/10\/unnamed.jpg\"><img loading=\"lazy\" decoding=\"async\" class=\"alignnone size-full wp-image-2664\" src=\"https:\/\/blogsaverroes.juntadeandalucia.es\/ceipmanuelmedina\/files\/2021\/10\/unnamed.jpg\" alt=\"\" width=\"236\" height=\"166\"><\/a><\/p>\n<p style=\"font-weight: 400\"><strong>V\u00eddeocuentos, cortometrajes, lecturas y canciones alusivas a la Igualdad<\/strong>&nbsp;<strong>y contra la Violencia&nbsp;<\/strong><strong>de G\u00e9nero.&nbsp;<\/strong><\/p>\n<p style=\"font-weight: 400\">&nbsp;<u>Infantil<\/u>:&nbsp;<\/p>\n<p style=\"font-weight: 400\"><strong>Cuento \u00abTe quiero (casi siempre)\u00bb<\/strong><\/p>\n<p><iframe loading=\"lazy\" title=\"TE QUIERO (CASI SIEMPRE)   Anna Llenas   Editorial Espasa Libros\" width=\"500\" height=\"281\" src=\"https:\/\/www.youtube.com\/embed\/tXJOGPZz3nM?feature=oembed&#038;wmode=opaque\" frameborder=\"0\" allow=\"accelerometer; autoplay; clipboard-write; encrypted-media; gyroscope; picture-in-picture; web-share\" allowfullscreen><\/iframe><\/p>\n<p>Canci\u00f3n del cuento:&nbsp;<\/p>\n<p><iframe loading=\"lazy\" title=\"Te Quiero (casi siempre) - Yo soy Rat\u00f3n y Anna LLenas (video liric)\" width=\"500\" height=\"281\" src=\"https:\/\/www.youtube.com\/embed\/TaObwAsK1Hs?feature=oembed&#038;wmode=opaque\" frameborder=\"0\" allow=\"accelerometer; autoplay; clipboard-write; encrypted-media; gyroscope; picture-in-picture; web-share\" allowfullscreen><\/iframe><\/p>\n<p style=\"font-weight: 400\"><u>1\u00ba y 2\u00ba Ciclo:&nbsp;<\/u><\/p>\n<p style=\"font-weight: 400\"><strong>\u201cYo voy conmigo\u201d. Contado por Rozal\u00e9n.<\/strong><\/p>\n<p><iframe loading=\"lazy\" title=\"Yo, voy conmigo, por Rozal\u00e9n\" width=\"500\" height=\"281\" src=\"https:\/\/www.youtube.com\/embed\/jrpxixzQ790?feature=oembed&#038;wmode=opaque\" frameborder=\"0\" allow=\"accelerometer; autoplay; clipboard-write; encrypted-media; gyroscope; picture-in-picture; web-share\" allowfullscreen><\/iframe><\/p>\n<p style=\"font-weight: 400\"><strong><u style=\"font-weight: 400\">3\u00ba Ciclo:&nbsp;<\/u><br \/>\n<\/strong><\/p>\n<p style=\"font-weight: 400\"><strong>Cuento: \u00abEl maltrato sutil\u00bb<\/strong><\/p>\n<p><iframe loading=\"lazy\" title=\"El Maltrato &quot;Sutil&quot;\" width=\"500\" height=\"375\" src=\"https:\/\/www.youtube.com\/embed\/0y9zJ5J2bWA?feature=oembed&#038;wmode=opaque\" frameborder=\"0\" allow=\"accelerometer; autoplay; clipboard-write; encrypted-media; gyroscope; picture-in-picture; web-share\" allowfullscreen><\/iframe><\/p>\n<p><b>Cortometraje<\/b> contra la violencia de g\u00e9nero \u201cMario y Mar\u00eda\u201d&nbsp;<\/p>\n<p><iframe loading=\"lazy\" title=\"Cortometraje - Contra la violencia de g\u00e9nero\" width=\"500\" height=\"281\" src=\"https:\/\/www.youtube.com\/embed\/nuet5WZKe6w?feature=oembed&#038;wmode=opaque\" frameborder=\"0\" allow=\"accelerometer; autoplay; clipboard-write; encrypted-media; gyroscope; picture-in-picture; web-share\" allowfullscreen><\/iframe><\/p>\n<p><b>Canci\u00f3n<\/b>: Se acabaron las l\u00e1grimas. (Huecco)&nbsp;<\/p>\n<p><iframe loading=\"lazy\" title=\"Huecco - Se acabaron las l\u00e1grimas feat. HANNA (Videoclip Oficial)\" width=\"500\" height=\"375\" src=\"https:\/\/www.youtube.com\/embed\/tz4IOZboD5A?feature=oembed&#038;wmode=opaque\" frameborder=\"0\" allow=\"accelerometer; autoplay; clipboard-write; encrypted-media; gyroscope; picture-in-picture; web-share\" allowfullscreen><\/iframe><\/p>\n<p>M\u00fasica para la elaboraci\u00f3n de las mariposas del mural.<\/p>\n<p><iframe loading=\"lazy\" title=\"Jarabe De Palo - Dejame Vivir (Videoclip Oficial)\" width=\"500\" height=\"281\" src=\"https:\/\/www.youtube.com\/embed\/o0j3CzLJ4lM?feature=oembed&#038;wmode=opaque\" frameborder=\"0\" allow=\"accelerometer; autoplay; clipboard-write; encrypted-media; gyroscope; picture-in-picture; web-share\" allowfullscreen><\/iframe><\/p>\n<p>Tras haber visionado todos los v\u00eddeos y trabajados los mismos, los alumnos y alumnas realizaron sus trabajos que han sido expuestos en el vest\u00edbulo del colegio. Posteriormente, iniciamos una marcha hacia el Ayuntamiento de Burguillos donde se ley\u00f3 un manifiesto y se hizo entrega de una pancarta conmemorativa.<\/p>\n<p>En el siguiente v\u00eddeo se puede ver c\u00f3mo qued\u00f3 todo:&nbsp;<\/p>\n<p><iframe loading=\"lazy\" title=\"25 de Noviembre: D\u00eda Internacional de la Eliminaci\u00f3n de la Violencia\" width=\"500\" height=\"281\" src=\"https:\/\/www.youtube.com\/embed\/lUYEkxv_Oqk?feature=oembed&#038;wmode=opaque\" frameborder=\"0\" allow=\"accelerometer; autoplay; clipboard-write; encrypted-media; gyroscope; picture-in-picture; web-share\" allowfullscreen><\/iframe><\/p>\n","protected":false},"excerpt":{"rendered":"<p>&nbsp; V\u00eddeocuentos, cortometrajes, lecturas y canciones alusivas a la Igualdad&nbsp;y contra la Violencia&nbsp;de G\u00e9nero.&nbsp; &nbsp;Infantil:&nbsp; Cuento \u00abTe quiero (casi siempre)\u00bb Canci\u00f3n del cuento:&nbsp; 1\u00ba y 2\u00ba Ciclo:&nbsp; \u201cYo voy conmigo\u201d. Contado por Rozal\u00e9n. 3\u00ba&#46;&#46;&#46;<\/p>\n","protected":false},"author":11819,"featured_media":0,"parent":0,"menu_order":0,"comment_status":"closed","ping_status":"closed","template":"","meta":{"ngg_post_thumbnail":0,"footnotes":"","_mc_calendar":[]},"aioseo_notices":[],"_links":{"self":[{"href":"https:\/\/blogsaverroes.juntadeandalucia.es\/ceipmanuelmedina\/wp-json\/wp\/v2\/pages\/2657"}],"collection":[{"href":"https:\/\/blogsaverroes.juntadeandalucia.es\/ceipmanuelmedina\/wp-json\/wp\/v2\/pages"}],"about":[{"href":"https:\/\/blogsaverroes.juntadeandalucia.es\/ceipmanuelmedina\/wp-json\/wp\/v2\/types\/page"}],"author":[{"embeddable":true,"href":"https:\/\/blogsaverroes.juntadeandalucia.es\/ceipmanuelmedina\/wp-json\/wp\/v2\/users\/11819"}],"replies":[{"embeddable":true,"href":"https:\/\/blogsaverroes.juntadeandalucia.es\/ceipmanuelmedina\/wp-json\/wp\/v2\/comments?post=2657"}],"version-history":[{"count":5,"href":"https:\/\/blogsaverroes.juntadeandalucia.es\/ceipmanuelmedina\/wp-json\/wp\/v2\/pages\/2657\/revisions"}],"predecessor-version":[{"id":2863,"href":"https:\/\/blogsaverroes.juntadeandalucia.es\/ceipmanuelmedina\/wp-json\/wp\/v2\/pages\/2657\/revisions\/2863"}],"wp:attachment":[{"href":"https:\/\/blogsaverroes.juntadeandalucia.es\/ceipmanuelmedina\/wp-json\/wp\/v2\/media?parent=2657"}],"curies":[{"name":"wp","href":"https:\/\/api.w.org\/{rel}","templated":true}]}}