{"id":2860,"date":"2021-12-11T12:38:07","date_gmt":"2021-12-11T12:38:07","guid":{"rendered":"https:\/\/blogsaverroes.juntadeandalucia.es\/ceipmanuelmedina\/?page_id=2860"},"modified":"2022-03-23T16:09:26","modified_gmt":"2022-03-23T16:09:26","slug":"volando-hacia-la-igualdad","status":"publish","type":"page","link":"https:\/\/blogsaverroes.juntadeandalucia.es\/ceipmanuelmedina\/volando-hacia-la-igualdad\/","title":{"rendered":"VOLANDO HACIA LA IGUALDAD"},"content":{"rendered":"<p style=\"text-align: center\"><a href=\"https:\/\/blogsaverroes.juntadeandalucia.es\/ceipmanuelmedina\/files\/2021\/12\/OQVX3347.jpg\"><img loading=\"lazy\" decoding=\"async\" class=\"alignnone wp-image-2864\" src=\"https:\/\/blogsaverroes.juntadeandalucia.es\/ceipmanuelmedina\/files\/2021\/12\/OQVX3347.jpg\" alt=\"\" width=\"500\" height=\"667\" srcset=\"https:\/\/blogsaverroes.juntadeandalucia.es\/ceipmanuelmedina\/files\/2021\/12\/OQVX3347.jpg 1200w, https:\/\/blogsaverroes.juntadeandalucia.es\/ceipmanuelmedina\/files\/2021\/12\/OQVX3347-225x300.jpg 225w, https:\/\/blogsaverroes.juntadeandalucia.es\/ceipmanuelmedina\/files\/2021\/12\/OQVX3347-768x1024.jpg 768w, https:\/\/blogsaverroes.juntadeandalucia.es\/ceipmanuelmedina\/files\/2021\/12\/OQVX3347-1152x1536.jpg 1152w\" sizes=\"(max-width: 500px) 100vw, 500px\" \/><\/a><\/p>\n<p><span style=\"font-weight: 400\">Os damos la bienvenida a este espacio \u201cVolando hacia la Igualdad\u201d.<\/span><\/p>\n<p><span style=\"font-weight: 400\">Educar en Igualdad determina que nuestros alumnos y alumnas crezcan libres de estereotipos y perjuicios e identifiquen las desigualdades de g\u00e9nero. Por ello, es imprescindible trabajar la coeducaci\u00f3n de&nbsp;<\/span><b>forma transversal<\/b><span style=\"font-weight: 400\">&nbsp;en todas las \u00e1reas y en todos los espacios del colegio, siendo un paso importante para&nbsp;corregir las&nbsp;desigualdades que existen en la sociedad.<\/span><\/p>\n<p><span style=\"font-weight: 400\">En nuestro colegio trabajamos la Igualdad como eje prioritario cuyos ingredientes b\u00e1sicos son el respeto, la empat\u00eda, la educaci\u00f3n emocional, el cari\u00f1o, el apoyo y el compa\u00f1erismo, entre otros. Desde esta secci\u00f3n se comparten recursos, materiales y experiencias trabajadas desde nuestro Centro durante este curso escolar.<\/span><\/p>\n<p><span style=\"font-weight: 400\">\u00a1Contamos con vuestra participaci\u00f3n para CONSTRUIR IGUALDAD!<\/span><\/p>\n<p><span style=\"font-weight: 400\">Volemos hacia la Igualdad\u2026<\/span><\/p>\n<p><iframe loading=\"lazy\" title=\"El feminismo contado para ni\u00f1os: &quot;\u00c9rase una vez una lucha justa&quot;\" width=\"500\" height=\"281\" src=\"https:\/\/www.youtube.com\/embed\/O5pZCwlH3tE?feature=oembed&#038;wmode=opaque\" frameborder=\"0\" allow=\"accelerometer; autoplay; clipboard-write; encrypted-media; gyroscope; picture-in-picture; web-share\" allowfullscreen><\/iframe><\/p>\n","protected":false},"excerpt":{"rendered":"<p>Os damos la bienvenida a este espacio \u201cVolando hacia la Igualdad\u201d. Educar en Igualdad determina que nuestros alumnos y alumnas crezcan libres de estereotipos y perjuicios e identifiquen las desigualdades de g\u00e9nero. Por ello,&#46;&#46;&#46;<\/p>\n","protected":false},"author":11819,"featured_media":0,"parent":0,"menu_order":0,"comment_status":"closed","ping_status":"closed","template":"","meta":{"ngg_post_thumbnail":0,"footnotes":"","_mc_calendar":[]},"aioseo_notices":[],"_links":{"self":[{"href":"https:\/\/blogsaverroes.juntadeandalucia.es\/ceipmanuelmedina\/wp-json\/wp\/v2\/pages\/2860"}],"collection":[{"href":"https:\/\/blogsaverroes.juntadeandalucia.es\/ceipmanuelmedina\/wp-json\/wp\/v2\/pages"}],"about":[{"href":"https:\/\/blogsaverroes.juntadeandalucia.es\/ceipmanuelmedina\/wp-json\/wp\/v2\/types\/page"}],"author":[{"embeddable":true,"href":"https:\/\/blogsaverroes.juntadeandalucia.es\/ceipmanuelmedina\/wp-json\/wp\/v2\/users\/11819"}],"replies":[{"embeddable":true,"href":"https:\/\/blogsaverroes.juntadeandalucia.es\/ceipmanuelmedina\/wp-json\/wp\/v2\/comments?post=2860"}],"version-history":[{"count":5,"href":"https:\/\/blogsaverroes.juntadeandalucia.es\/ceipmanuelmedina\/wp-json\/wp\/v2\/pages\/2860\/revisions"}],"predecessor-version":[{"id":3040,"href":"https:\/\/blogsaverroes.juntadeandalucia.es\/ceipmanuelmedina\/wp-json\/wp\/v2\/pages\/2860\/revisions\/3040"}],"wp:attachment":[{"href":"https:\/\/blogsaverroes.juntadeandalucia.es\/ceipmanuelmedina\/wp-json\/wp\/v2\/media?parent=2860"}],"curies":[{"name":"wp","href":"https:\/\/api.w.org\/{rel}","templated":true}]}}