{"id":2593,"date":"2020-08-19T08:09:44","date_gmt":"2020-08-19T08:09:44","guid":{"rendered":"https:\/\/blogsaverroes.juntadeandalucia.es\/ceipmanuelsiurot\/?page_id=2593"},"modified":"2020-08-28T20:22:49","modified_gmt":"2020-08-28T18:22:49","slug":"programa-de-gratuidad-de-libros-de-texto","status":"publish","type":"page","link":"https:\/\/blogsaverroes.juntadeandalucia.es\/ceipmanuelsiurot\/programa-de-gratuidad-de-libros-de-texto\/","title":{"rendered":"Programa de Gratuidad de Libros de Texto"},"content":{"rendered":"<p style=\"text-align: justify\"><a href=\"https:\/\/blogsaverroes.juntadeandalucia.es\/ceipmanuelsiurot\/files\/2020\/08\/Gratuidad-de-Libros.png\"><img loading=\"lazy\" decoding=\"async\" class=\"wp-image-2596 aligncenter\" src=\"https:\/\/blogsaverroes.juntadeandalucia.es\/ceipmanuelsiurot\/files\/2020\/08\/Gratuidad-de-Libros-300x300.png\" alt=\"\" width=\"183\" height=\"183\" srcset=\"https:\/\/blogsaverroes.juntadeandalucia.es\/ceipmanuelsiurot\/files\/2020\/08\/Gratuidad-de-Libros-300x300.png 300w, https:\/\/blogsaverroes.juntadeandalucia.es\/ceipmanuelsiurot\/files\/2020\/08\/Gratuidad-de-Libros-150x150.png 150w, https:\/\/blogsaverroes.juntadeandalucia.es\/ceipmanuelsiurot\/files\/2020\/08\/Gratuidad-de-Libros-768x768.png 768w, https:\/\/blogsaverroes.juntadeandalucia.es\/ceipmanuelsiurot\/files\/2020\/08\/Gratuidad-de-Libros-100x100.png 100w, https:\/\/blogsaverroes.juntadeandalucia.es\/ceipmanuelsiurot\/files\/2020\/08\/Gratuidad-de-Libros-246x246.png 246w, https:\/\/blogsaverroes.juntadeandalucia.es\/ceipmanuelsiurot\/files\/2020\/08\/Gratuidad-de-Libros-520x520.png 520w, https:\/\/blogsaverroes.juntadeandalucia.es\/ceipmanuelsiurot\/files\/2020\/08\/Gratuidad-de-Libros-185x185.png 185w, https:\/\/blogsaverroes.juntadeandalucia.es\/ceipmanuelsiurot\/files\/2020\/08\/Gratuidad-de-Libros-220x220.png 220w, https:\/\/blogsaverroes.juntadeandalucia.es\/ceipmanuelsiurot\/files\/2020\/08\/Gratuidad-de-Libros-60x60.png 60w, https:\/\/blogsaverroes.juntadeandalucia.es\/ceipmanuelsiurot\/files\/2020\/08\/Gratuidad-de-Libros-384x384.png 384w, https:\/\/blogsaverroes.juntadeandalucia.es\/ceipmanuelsiurot\/files\/2020\/08\/Gratuidad-de-Libros-24x24.png 24w, https:\/\/blogsaverroes.juntadeandalucia.es\/ceipmanuelsiurot\/files\/2020\/08\/Gratuidad-de-Libros-36x36.png 36w, https:\/\/blogsaverroes.juntadeandalucia.es\/ceipmanuelsiurot\/files\/2020\/08\/Gratuidad-de-Libros-48x48.png 48w, https:\/\/blogsaverroes.juntadeandalucia.es\/ceipmanuelsiurot\/files\/2020\/08\/Gratuidad-de-Libros.png 800w\" sizes=\"(max-width: 183px) 100vw, 183px\" \/><\/a><\/p>\n<p style=\"text-align: justify\">El Estatuto de Autonom\u00eda reconoce como derecho la gratuidad de los libros de texto&nbsp; en la ense\u00f1anza obligatoria en los centros docentes sostenidos con fondos p\u00fablicos.<\/p>\n<p style=\"text-align: justify\">La aplicaci\u00f3n de este derecho se canaliza a trav\u00e9s del Programa de Gratuidad de Libros de Texto que ejecuta la Consejer\u00eda de Educaci\u00f3n.<\/p>\n<p style=\"text-align: justify\">Los libros de textos ser\u00e1n propiedad de la Administraci\u00f3n educativa y permanecer\u00e1n, una vez concluido el curso escolar, en el centro docente donde el alumnado haya cursado las ense\u00f1anzas, de forma que puedan ser utilizados por otros alumnos o alumnas en a\u00f1os acad\u00e9micos sucesivos.<\/p>\n<p style=\"text-align: justify\">Al impulsar el uso compartido y la reutilizaci\u00f3n de los libros de texto, supone un ahorro econ\u00f3mico muy importante para las familias y contribuye al fomento de la equidad y al fortalecimiento de valores de corresponsabilidad y solidaridad en la comunidad educativa, as\u00ed como al refuerzo de actitudes positivas de aprecio y conservaci\u00f3n de los libros de texto y los materiales de estudio y lectura, a la atenci\u00f3n y cuidado de los bienes colectivos de uso com\u00fan, al respeto al medio ambiente y al desarrollo sostenible.<\/p>\n<div class=\"tituloCajaColor\" style=\"text-align: justify\"><strong>Beneficiarios\/as:<\/strong><\/div>\n<p style=\"text-align: justify\">El alumnado matriculado en los centros docentes de Andaluc\u00eda sostenidos con fondos p\u00fablicos en los cursos de la Educaci\u00f3n Primaria, de la Educaci\u00f3n Secundaria Obligatoria, y de la Formaci\u00f3n Profesional B\u00e1sica. Asimismo, ser\u00e1 beneficiario del Programa el alumnado con necesidades educativas especiales que est\u00e9 matriculado en los cursos del per\u00edodo de Formaci\u00f3n B\u00e1sica de car\u00e1cter obligatorio.<\/p>\n<p style=\"text-align: justify\">Los centros educativos tendr\u00e1n a disposici\u00f3n de las familias que lo soliciten un impreso de renuncia voluntaria al Programa para el alumnado que no desee formar parte de \u00e9l.<\/p>\n<div class=\"page\" style=\"text-align: justify\" title=\"Page 3\">\n<div class=\"section\">\n<div class=\"layoutArea\">\n<div class=\"column\">\n<p><strong>Obligaciones:<\/strong><\/p>\n<p>Los beneficiarios\/as del Programa est\u00e1n obligados\/as a:<\/p>\n<p>\u2022\u200b Garantizar un uso adecuado y cuidadoso de los libros de texto.<\/p>\n<p>\u2022 \u200bForrar los libros con pl\u00e1stico transparente, colocando el nombre del alumno\/a y apellidos en una pegatina, que se colocar\u00e1 en la parte central superior de la portada del libro. En el caso de que los libros no sean nuevos, se debe proceder a una renovaci\u00f3n del forro.<\/p>\n<p>\u2022 \u200bLos libros de texto no se podr\u00e1n subrayar, ni pintar, ni hacer anotaciones al margen, cuidando al m\u00e1ximo su uso.<\/p>\n<p>\u2022 \u200bUna Comisi\u00f3n har\u00e1 revisiones peri\u00f3dicas para comprobar el estado de conservaci\u00f3n de los mismos. En caso de observar alg\u00fan incumplimiento de las normas, se notificar\u00e1 a los padres, madres o tutores o tutoras legales.<\/p>\n<p>\u2022 \u200bAl finalizar el curso, o en el momento de la baja en caso de traslado, los libros deber\u00e1n ser entregados al centro. En el supuesto de que el libro no se encuentre en situaci\u00f3n de ser reutilizado, por un deterioro malintencionado, se haya extraviado&#8230;; los padres, madres o tutores\/as legales deber\u00e1n reponerlo. Si no se repone el libro de texto el alumno\/a perder\u00e1 el derecho a solicitar el Programa de Gratuidad de los Libros de Texto para el curso siguiente.<\/p>\n<p><strong>Cheque-libro: <\/strong><\/p>\n<div class=\"page\" title=\"Page 4\">\n<div class=\"section\">\n<div class=\"layoutArea\">\n<div class=\"column\">\n<p>Cada a\u00f1o, la Consejer\u00eda de Educaci\u00f3n informar\u00e1 de los cursos escolares a los que les corresponde renovar los libros de texto. El proceso de adquisici\u00f3n de dichos libros acogi\u00e9ndose al programa de&nbsp;gratuidad habr\u00e1 de seguir los pasos siguientes:<\/p>\n<ol>\n<li>Durante el mes de junio los centros docentes sostenidos con fondos p\u00fablicos seleccionan y aprueban la relaci\u00f3n de libros y materiales curriculares que se utilizar\u00e1n a partir del curso siguiente.<\/li>\n<li>A finales de junio o principios de julio, las familias del alumnado que ese a\u00f1o deban adquirir libros de texto nuevos recibir\u00e1n un cheque-libro. Dicho cheque s\u00f3lo podr\u00e1 emplearse para comprar los libros de texto designados como tales por el centro docente. El resto de materiales complementarios y fungibles que, por su naturaleza, no puedan ser reutilizados, deber\u00e1n ser adquiridos por las familias.<\/li>\n<li>Las familias podr\u00e1n adquirir los libros de texto en cualquier establecimiento de su elecci\u00f3n, canje\u00e1ndolos por el cheque-libro debidamente cumplimentado.<\/li>\n<li>Las librer\u00edas o establecimientos comerciales remitir\u00e1n a los centros escolares las correspondientes facturas para su abono, antes del 30 de noviembre de cada a\u00f1o.<\/li>\n<\/ol>\n<p><strong>Normativa:<\/strong><\/p>\n<\/div>\n<div class=\"page\" title=\"Page 4\">\n<div class=\"section\">\n<div class=\"layoutArea\">\n<div class=\"column\">\n<p>Instrucciones de 28 de mayo de 2020\u200b, de la Direcci\u00f3n General de Atenci\u00f3n a la Diversidad, Participaci\u00f3n y Convivencia Escolar sobre el Programa de Gratuidad de los Libros de Texto para el curso escolar 2019-2020.<\/p>\n<p><strong>M\u00e1s informaci\u00f3n:<\/strong><\/p>\n<p><a href=\"https:\/\/www.juntadeandalucia.es\/educacion\/portals\/web\/becas-y-ayudas\/gratuidad-de-libros\">Web de la Junta.<\/a><\/p>\n<div class=\"page\" title=\"Page 4\">\n<div class=\"section\">\n<div class=\"layoutArea\">\n<div class=\"column\">\n<p>&nbsp;<\/p>\n<\/div>\n<\/div>\n<\/div>\n<\/div>\n<div class=\"page\" title=\"Page 6\">\n<div class=\"section\">\n<div class=\"layoutArea\">\n<div class=\"column\">\n<p>&nbsp;<\/p>\n<p>&nbsp;<\/p>\n<\/div>\n<\/div>\n<\/div>\n<\/div>\n<p>&nbsp;<\/p>\n<\/div>\n<\/div>\n<\/div>\n<\/div>\n<\/div>\n<\/div>\n<\/div>\n<\/div>\n<\/div>\n<\/div>\n<\/div>\n","protected":false},"excerpt":{"rendered":"<p>El Estatuto de Autonom\u00eda reconoce como derecho la gratuidad de los libros de texto&nbsp; en la ense\u00f1anza obligatoria en los centros docentes sostenidos con fondos p\u00fablicos. La aplicaci\u00f3n de este derecho se canaliza a&#46;&#46;&#46;<\/p>\n","protected":false},"author":5690,"featured_media":0,"parent":0,"menu_order":0,"comment_status":"closed","ping_status":"closed","template":"","meta":{"ngg_post_thumbnail":0,"footnotes":"","_mc_calendar":[]},"aioseo_notices":[],"_links":{"self":[{"href":"https:\/\/blogsaverroes.juntadeandalucia.es\/ceipmanuelsiurot\/wp-json\/wp\/v2\/pages\/2593"}],"collection":[{"href":"https:\/\/blogsaverroes.juntadeandalucia.es\/ceipmanuelsiurot\/wp-json\/wp\/v2\/pages"}],"about":[{"href":"https:\/\/blogsaverroes.juntadeandalucia.es\/ceipmanuelsiurot\/wp-json\/wp\/v2\/types\/page"}],"author":[{"embeddable":true,"href":"https:\/\/blogsaverroes.juntadeandalucia.es\/ceipmanuelsiurot\/wp-json\/wp\/v2\/users\/5690"}],"replies":[{"embeddable":true,"href":"https:\/\/blogsaverroes.juntadeandalucia.es\/ceipmanuelsiurot\/wp-json\/wp\/v2\/comments?post=2593"}],"version-history":[{"count":14,"href":"https:\/\/blogsaverroes.juntadeandalucia.es\/ceipmanuelsiurot\/wp-json\/wp\/v2\/pages\/2593\/revisions"}],"predecessor-version":[{"id":2670,"href":"https:\/\/blogsaverroes.juntadeandalucia.es\/ceipmanuelsiurot\/wp-json\/wp\/v2\/pages\/2593\/revisions\/2670"}],"wp:attachment":[{"href":"https:\/\/blogsaverroes.juntadeandalucia.es\/ceipmanuelsiurot\/wp-json\/wp\/v2\/media?parent=2593"}],"curies":[{"name":"wp","href":"https:\/\/api.w.org\/{rel}","templated":true}]}}

<p style="text-align: justify"><a href="https://blogsaverroes.juntadeandalucia.es/ceipmanuelsiurot/files/2020/08/Gratuidad-de-Libros.png"><img loading="lazy" decoding="async" class="wp-image-2596 aligncenter" src="https://blogsaverroes.juntadeandalucia.es/ceipmanuelsiurot/files/2020/08/Gratuidad-de-Libros-300x300.png" alt="" width="183" height="183" srcset="https://blogsaverroes.juntadeandalucia.es/ceipmanuelsiurot/files/2020/08/Gratuidad-de-Libros-300x300.png 300w, https://blogsaverroes.juntadeandalucia.es/ceipmanuelsiurot/files/2020/08/Gratuidad-de-Libros-150x150.png 150w, https://blogsaverroes.juntadeandalucia.es/ceipmanuelsiurot/files/2020/08/Gratuidad-de-Libros-768x768.png 768w, https://blogsaverroes.juntadeandalucia.es/ceipmanuelsiurot/files/2020/08/Gratuidad-de-Libros-100x100.png 100w, https://blogsaverroes.juntadeandalucia.es/ceipmanuelsiurot/files/2020/08/Gratuidad-de-Libros-246x246.png 246w, https://blogsaverroes.juntadeandalucia.es/ceipmanuelsiurot/files/2020/08/Gratuidad-de-Libros-520x520.png 520w, https://blogsaverroes.juntadeandalucia.es/ceipmanuelsiurot/files/2020/08/Gratuidad-de-Libros-185x185.png 185w, https://blogsaverroes.juntadeandalucia.es/ceipmanuelsiurot/files/2020/08/Gratuidad-de-Libros-220x220.png 220w, https://blogsaverroes.juntadeandalucia.es/ceipmanuelsiurot/files/2020/08/Gratuidad-de-Libros-60x60.png 60w, https://blogsaverroes.juntadeandalucia.es/ceipmanuelsiurot/files/2020/08/Gratuidad-de-Libros-384x384.png 384w, https://blogsaverroes.juntadeandalucia.es/ceipmanuelsiurot/files/2020/08/Gratuidad-de-Libros-24x24.png 24w, https://blogsaverroes.juntadeandalucia.es/ceipmanuelsiurot/files/2020/08/Gratuidad-de-Libros-36x36.png 36w, https://blogsaverroes.juntadeandalucia.es/ceipmanuelsiurot/files/2020/08/Gratuidad-de-Libros-48x48.png 48w, https://blogsaverroes.juntadeandalucia.es/ceipmanuelsiurot/files/2020/08/Gratuidad-de-Libros.png 800w" sizes="(max-width: 183px) 100vw, 183px" /></a></p>
<p style="text-align: justify">El Estatuto de Autonomía reconoce como derecho la gratuidad de los libros de texto&nbsp; en la enseñanza obligatoria en los centros docentes sostenidos con fondos públicos.</p>
<p style="text-align: justify">La aplicación de este derecho se canaliza a través del Programa de Gratuidad de Libros de Texto que ejecuta la Consejería de Educación.</p>
<p style="text-align: justify">Los libros de textos serán propiedad de la Administración educativa y permanecerán, una vez concluido el curso escolar, en el centro docente donde el alumnado haya cursado las enseñanzas, de forma que puedan ser utilizados por otros alumnos o alumnas en años académicos sucesivos.</p>
<p style="text-align: justify">Al impulsar el uso compartido y la reutilización de los libros de texto, supone un ahorro económico muy importante para las familias y contribuye al fomento de la equidad y al fortalecimiento de valores de corresponsabilidad y solidaridad en la comunidad educativa, así como al refuerzo de actitudes positivas de aprecio y conservación de los libros de texto y los materiales de estudio y lectura, a la atención y cuidado de los bienes colectivos de uso común, al respeto al medio ambiente y al desarrollo sostenible.</p>
<div class="tituloCajaColor" style="text-align: justify"><strong>Beneficiarios/as:</strong></div>
<p style="text-align: justify">El alumnado matriculado en los centros docentes de Andalucía sostenidos con fondos públicos en los cursos de la Educación Primaria, de la Educación Secundaria Obligatoria, y de la Formación Profesional Básica. Asimismo, será beneficiario del Programa el alumnado con necesidades educativas especiales que esté matriculado en los cursos del período de Formación Básica de carácter obligatorio.</p>
<p style="text-align: justify">Los centros educativos tendrán a disposición de las familias que lo soliciten un impreso de renuncia voluntaria al Programa para el alumnado que no desee formar parte de él.</p>
<div class="page" style="text-align: justify" title="Page 3">
<div class="section">
<div class="layoutArea">
<div class="column">
<p><strong>Obligaciones:</strong></p>
<p>Los beneficiarios/as del Programa están obligados/as a:</p>
<p>•​ Garantizar un uso adecuado y cuidadoso de los libros de texto.</p>
<p>• ​Forrar los libros con plástico transparente, colocando el nombre del alumno/a y apellidos en una pegatina, que se colocará en la parte central superior de la portada del libro. En el caso de que los libros no sean nuevos, se debe proceder a una renovación del forro.</p>
<p>• ​Los libros de texto no se podrán subrayar, ni pintar, ni hacer anotaciones al margen, cuidando al máximo su uso.</p>
<p>• ​Una Comisión hará revisiones periódicas para comprobar el estado de conservación de los mismos. En caso de observar algún incumplimiento de las normas, se notificará a los padres, madres o tutores o tutoras legales.</p>
<p>• ​Al finalizar el curso, o en el momento de la baja en caso de traslado, los libros deberán ser entregados al centro. En el supuesto de que el libro no se encuentre en situación de ser reutilizado, por un deterioro malintencionado, se haya extraviado&#8230;; los padres, madres o tutores/as legales deberán reponerlo. Si no se repone el libro de texto el alumno/a perderá el derecho a solicitar el Programa de Gratuidad de los Libros de Texto para el curso siguiente.</p>
<p><strong>Cheque-libro: </strong></p>
<div class="page" title="Page 4">
<div class="section">
<div class="layoutArea">
<div class="column">
<p>Cada año, la Consejería de Educación informará de los cursos escolares a los que les corresponde renovar los libros de texto. El proceso de adquisición de dichos libros acogiéndose al programa de&nbsp;gratuidad habrá de seguir los pasos siguientes:</p>
<ol>
<li>Durante el mes de junio los centros docentes sostenidos con fondos públicos seleccionan y aprueban la relación de libros y materiales curriculares que se utilizarán a partir del curso siguiente.</li>
<li>A finales de junio o principios de julio, las familias del alumnado que ese año deban adquirir libros de texto nuevos recibirán un cheque-libro. Dicho cheque sólo podrá emplearse para comprar los libros de texto designados como tales por el centro docente. El resto de materiales complementarios y fungibles que, por su naturaleza, no puedan ser reutilizados, deberán ser adquiridos por las familias.</li>
<li>Las familias podrán adquirir los libros de texto en cualquier establecimiento de su elección, canjeándolos por el cheque-libro debidamente cumplimentado.</li>
<li>Las librerías o establecimientos comerciales remitirán a los centros escolares las correspondientes facturas para su abono, antes del 30 de noviembre de cada año.</li>
</ol>
<p><strong>Normativa:</strong></p>
</div>
<div class="page" title="Page 4">
<div class="section">
<div class="layoutArea">
<div class="column">
<p>Instrucciones de 28 de mayo de 2020​, de la Dirección General de Atención a la Diversidad, Participación y Convivencia Escolar sobre el Programa de Gratuidad de los Libros de Texto para el curso escolar 2019-2020.</p>
<p><strong>Más información:</strong></p>
<p><a href="https://www.juntadeandalucia.es/educacion/portals/web/becas-y-ayudas/gratuidad-de-libros">Web de la Junta.</a></p>
<div class="page" title="Page 4">
<div class="section">
<div class="layoutArea">
<div class="column">
<p>&nbsp;</p>
</div>
</div>
</div>
</div>
<div class="page" title="Page 6">
<div class="section">
<div class="layoutArea">
<div class="column">
<p>&nbsp;</p>
<p>&nbsp;</p>
</div>
</div>
</div>
</div>
<p>&nbsp;</p>
</div>
</div>
</div>
</div>
</div>
</div>
</div>
</div>
</div>
</div>
</div>

<p>El Estatuto de Autonomía reconoce como derecho la gratuidad de los libros de texto&nbsp; en la enseñanza obligatoria en los centros docentes sostenidos con fondos públicos. La aplicación de este derecho se canaliza a&#46;&#46;&#46;</p>
