{"id":2636,"date":"2020-08-20T21:52:53","date_gmt":"2020-08-20T21:52:53","guid":{"rendered":"https:\/\/blogsaverroes.juntadeandalucia.es\/ceipmanuelsiurot\/?page_id=2636"},"modified":"2020-11-15T09:16:58","modified_gmt":"2020-11-15T08:16:58","slug":"claustro-del-profesorado","status":"publish","type":"page","link":"https:\/\/blogsaverroes.juntadeandalucia.es\/ceipmanuelsiurot\/claustro-del-profesorado\/","title":{"rendered":"Plantilla del Profesorado"},"content":{"rendered":"<p style=\"text-align: justify\"><span style=\"font-weight: 400\">La&nbsp; plantilla del centro&nbsp; para el curso 2020\/2021<\/span> <span style=\"font-weight: 400\">est\u00e1 constituida por un total de 41 maestros y maestras<\/span><b>, <\/b><span style=\"font-weight: 400\">dos maestras de Religi\u00f3n Cat\u00f3lica, un maestro de Religi\u00f3n Evang\u00e9lica, una maestra de ATAL, dos puestos de personal laboral de la CEJA, una t\u00e9cnica de integraci\u00f3n social-PTIS, una maestra de chino y dos auxiliares de conversaci\u00f3n.<\/span><\/p>\n<ul style=\"text-align: justify\">\n<li style=\"font-weight: 400\"><span style=\"font-weight: 400\">8 puestos de E.Infantil.<\/span><\/li>\n<li style=\"font-weight: 400\"><span style=\"font-weight: 400\">1 puesto de E.Infantil-Biling\u00fce Ingl\u00e9s.<\/span><\/li>\n<li><span style=\"font-weight: 400\">4 puestos de Lengua Extranjera-Ingl\u00e9s (Primaria).<\/span><\/li>\n<li><span style=\"font-weight: 400\">1 puesto de Lengua Extranjera-Franc\u00e9s (Primaria).<\/span><\/li>\n<li><span style=\"font-weight: 400\">1 puesto de&nbsp; E. F\u00edsica (Primaria).<\/span><\/li>\n<li><span style=\"font-weight: 400\">2 puestos de&nbsp; E. F\u00edsica (Primaria)- Biling\u00fce Ingl\u00e9s.<\/span><\/li>\n<li><span style=\"font-weight: 400\">1 puesto de&nbsp; M\u00fasica (Primaria).<\/span><\/li>\n<li><span style=\"font-weight: 400\">2 puestos de Pedagog\u00eda Terape\u00fatica.<\/span><\/li>\n<li><span style=\"font-weight: 400\"> 1 puesto de&nbsp; Audici\u00f3n y Lenguaje.&nbsp;&nbsp;<\/span><\/li>\n<li>3 puestos Educaci\u00f3n Primaria (apoyo COVID)<\/li>\n<li>1 puesto Educaci\u00f3n Infantil (apoyo COVID)<\/li>\n<li style=\"font-weight: 400\"><span style=\"font-weight: 400\">10 puestos de&nbsp; E. Primaria.<\/span><\/li>\n<li style=\"font-weight: 400\"><span style=\"font-weight: 400\">6 puestos de&nbsp; Primaria- Biling\u00fce Ingl\u00e9s<\/span><\/li>\n<li style=\"font-weight: 400\"><span style=\"font-weight: 400\">2 puestos de maestras de Religi\u00f3n Cat\u00f3lica.<\/span><\/li>\n<li style=\"font-weight: 400\"><span style=\"font-weight: 400\">1 maestro de&nbsp; Religi\u00f3n Evang\u00e9lica.<\/span><\/li>\n<li style=\"font-weight: 400\"><span style=\"font-weight: 400\">1 maestra de de ATAL<\/span><\/li>\n<li style=\"font-weight: 400\"><span style=\"font-weight: 400\">2 puestos de personal laboral de la CEJA (una educadora&nbsp; <\/span><span style=\"font-weight: 400\">y una t\u00e9cnica de integraci\u00f3n social -PTIS)<\/span><\/li>\n<li style=\"font-weight: 400\"><span style=\"font-weight: 400\">1 puesto de t\u00e9cnica de integraci\u00f3n social -PTIS.<\/span><\/li>\n<li style=\"font-weight: 400\"><span style=\"font-weight: 400\">1 auxiliar de conversaci\u00f3n<\/span><\/li>\n<li style=\"font-weight: 400\"><span style=\"font-weight: 400\">1 una maestra de chino<\/span><\/li>\n<\/ul>\n<p style=\"text-align: justify\"><span style=\"font-weight: 400\">&nbsp;El n\u00famero total de profesorado que atiende al alumnado es de 51 personas.<\/span><\/p>\n","protected":false},"excerpt":{"rendered":"<p>La&nbsp; plantilla del centro&nbsp; para el curso 2020\/2021 est\u00e1 constituida por un total de 41 maestros y maestras, dos maestras de Religi\u00f3n Cat\u00f3lica, un maestro de Religi\u00f3n Evang\u00e9lica, una maestra de ATAL, dos puestos&#46;&#46;&#46;<\/p>\n","protected":false},"author":5690,"featured_media":0,"parent":0,"menu_order":0,"comment_status":"closed","ping_status":"closed","template":"","meta":{"ngg_post_thumbnail":0,"footnotes":"","_mc_calendar":[]},"aioseo_notices":[],"_links":{"self":[{"href":"https:\/\/blogsaverroes.juntadeandalucia.es\/ceipmanuelsiurot\/wp-json\/wp\/v2\/pages\/2636"}],"collection":[{"href":"https:\/\/blogsaverroes.juntadeandalucia.es\/ceipmanuelsiurot\/wp-json\/wp\/v2\/pages"}],"about":[{"href":"https:\/\/blogsaverroes.juntadeandalucia.es\/ceipmanuelsiurot\/wp-json\/wp\/v2\/types\/page"}],"author":[{"embeddable":true,"href":"https:\/\/blogsaverroes.juntadeandalucia.es\/ceipmanuelsiurot\/wp-json\/wp\/v2\/users\/5690"}],"replies":[{"embeddable":true,"href":"https:\/\/blogsaverroes.juntadeandalucia.es\/ceipmanuelsiurot\/wp-json\/wp\/v2\/comments?post=2636"}],"version-history":[{"count":5,"href":"https:\/\/blogsaverroes.juntadeandalucia.es\/ceipmanuelsiurot\/wp-json\/wp\/v2\/pages\/2636\/revisions"}],"predecessor-version":[{"id":2762,"href":"https:\/\/blogsaverroes.juntadeandalucia.es\/ceipmanuelsiurot\/wp-json\/wp\/v2\/pages\/2636\/revisions\/2762"}],"wp:attachment":[{"href":"https:\/\/blogsaverroes.juntadeandalucia.es\/ceipmanuelsiurot\/wp-json\/wp\/v2\/media?parent=2636"}],"curies":[{"name":"wp","href":"https:\/\/api.w.org\/{rel}","templated":true}]}}