{"id":2664,"date":"2020-08-27T22:02:45","date_gmt":"2020-08-27T22:02:45","guid":{"rendered":"https:\/\/blogsaverroes.juntadeandalucia.es\/ceipmanuelsiurot\/?page_id=2664"},"modified":"2020-08-28T20:26:08","modified_gmt":"2020-08-28T18:26:08","slug":"2664-2","status":"publish","type":"page","link":"https:\/\/blogsaverroes.juntadeandalucia.es\/ceipmanuelsiurot\/2664-2\/","title":{"rendered":"Libros de texto Primaria 2020-2021."},"content":{"rendered":"<ul style=\"list-style-type: disc\">\n<li style=\"text-align: justify\"><strong><em>Cheque libro de 1<sup>er<\/sup> ciclo <\/em><\/strong>(1\u00ba y 2\u00ba&nbsp; E.Primaria).<\/li>\n<\/ul>\n<p style=\"text-align: justify\">El cheque libro se recoger\u00e1 en la Secretar\u00eda del centro. Se firmar\u00e1 la recepci\u00f3n del mismo por parte de la familia. Este cheque puede ser entregado en cualquier establecimiento dedicado a la venta de libros. Se aconseja reservarlos cuanto antes. El cheque se entregar\u00e1 al establecimiento una vez que nos den todos los libros que en \u00e9l figuran.<\/p>\n<p style=\"text-align: justify\">Las familias<u> deben comprobar que los libros entregados son los que aparecen en el cheque libro<\/u>.<\/p>\n<p style=\"text-align: justify\">Los libros que adquiere el alumnado de 1\u00ba y 2\u00ba&nbsp; son fungibles, es decir, el alumnado podr\u00e1 escribir en ellos durante el curso y al finalizar \u00e9ste se lo llevar\u00e1n para su casa.<u> En el caso de que un alumno\/a se traslade de centro antes de finalizar el curso, debe dejar en el colegio los libros no usados.<\/u><\/p>\n<p style=\"text-align: justify\">A principios de septiembre, las familias llevar\u00e1n los libros al colegio y una vez tengan la certeza de que son los que se han pedido, los forrar\u00e1n y pondr\u00e1n el nombre, apellidos y curso de su hijo\/a en la portada exterior en la parte superior central, con una etiqueta o similar.<\/p>\n<p style=\"text-align: justify\"><em>&nbsp;<\/em><\/p>\n<ul style=\"list-style-type: disc;text-align: justify\">\n<li><strong><em>Cheque libro de 2\u00ba ciclo <\/em><\/strong>(3\u00ba y 4\u00ba E.Primaria),&nbsp; <strong><em>3<sup>er<\/sup> ciclo<\/em><\/strong> (5\u00ba y 6\u00ba de E. Primaria).<\/li>\n<\/ul>\n<p style=\"text-align: justify\">El alumnado de 3\u00ba, 4\u00ba, 5\u00ba y 6\u00ba de E.Primaria tendr\u00e1 los <strong>libros en servicio de pr\u00e9stamo del curso anterior,<\/strong> por lo que las familias&nbsp; de este alumnado no tendr\u00e1n que recoger ning\u00fan cheque libro en la Secretar\u00eda del centro.<\/p>\n<p style=\"text-align: justify\">Los libros que adquiere el alumnado de 3\u00ba, 4\u00ba, 5\u00ba y 6\u00ba&nbsp; <strong>no son fungibles<\/strong>, es decir, el alumnado&nbsp; <strong>no podr\u00e1 escribir en ellos durante el curso <\/strong>y al finalizar \u00e9ste se entregar\u00e1 al centro en la \u00faltima semana del curso. Son <strong>libros que se utilizan en servicio de pr\u00e9stamo<\/strong> y en la portada interior, el centro coloca una etiqueta donde se escribe el nombre y apellidos del alumno\/a que lo va usando cada a\u00f1o.<\/p>\n<p style=\"text-align: justify\"><strong>A principios de septiembre,<\/strong> <strong>se entregar\u00e1 al alumnado los libros de texto <\/strong>correspondientes, para que lo forren, y encima de este forro, peguen en la&nbsp; portada en la parte superior central, una etiqueta con su nombre, apellidos y curso.<\/p>\n<p style=\"text-align: justify\">Al final de curso, la Comisi\u00f3n Permanente del Consejo Escolar o Comisi\u00f3n de Gratuidad de Libros del Consejo Escolar, revisar\u00e1 el estado de estos libros y, en caso de deterioro por parte del alumnado, ser\u00e1 repuesto por la familia y ,en caso de deterioro por&nbsp; el uso de muchos alumnos\/as, ser\u00e1 repuesto por el centro.<\/p>\n<p style=\"text-align: justify\"><a href=\"https:\/\/blogsaverroes.juntadeandalucia.es\/ceipmanuelsiurot\/files\/2020\/08\/Libros-Primaria-2020-2021.pdf\">Acceda al listado de libros de texto para Primaria haciendo clic aqu\u00ed.<\/a><\/p>\n<p style=\"text-align: justify\">&nbsp;<\/p>\n<ul style=\"list-style-type: disc;text-align: justify\">\n<li><strong><em>Cheques libros de 1\u00ba de la ESO <\/em><\/strong><em>(alumnado de 6\u00ba de E:primaria que pasa al Instituto).<\/em>&nbsp;&nbsp;&nbsp;&nbsp;&nbsp;&nbsp;&nbsp;&nbsp;&nbsp;&nbsp;&nbsp;&nbsp;&nbsp;&nbsp;&nbsp;&nbsp;&nbsp;&nbsp;&nbsp;&nbsp;&nbsp;&nbsp;&nbsp;&nbsp;&nbsp;&nbsp;&nbsp;&nbsp;&nbsp;&nbsp;&nbsp;&nbsp;&nbsp;&nbsp;&nbsp;&nbsp;&nbsp;&nbsp;&nbsp;&nbsp;&nbsp;&nbsp;&nbsp;&nbsp;&nbsp;&nbsp;<\/li>\n<\/ul>\n<p style=\"text-align: justify\">Al alumnado de 1\u00ba de Educaci\u00f3n Secundaria Obligatoria, se&nbsp; le&nbsp; har\u00e1 entrega, en el instituto correspondiente, de los <strong>libros de texto en<\/strong> servicio de pr\u00e9stamo, o en su caso, del cheque libro.<\/p>\n<p>&nbsp;<\/p>\n<p>&nbsp;<\/p>\n","protected":false},"excerpt":{"rendered":"<p>Cheque libro de 1er ciclo (1\u00ba y 2\u00ba&nbsp; E.Primaria). El cheque libro se recoger\u00e1 en la Secretar\u00eda del centro. Se firmar\u00e1 la recepci\u00f3n del mismo por parte de la familia. Este cheque puede ser&#46;&#46;&#46;<\/p>\n","protected":false},"author":5690,"featured_media":0,"parent":0,"menu_order":0,"comment_status":"closed","ping_status":"closed","template":"","meta":{"ngg_post_thumbnail":0,"footnotes":"","_mc_calendar":[]},"aioseo_notices":[],"_links":{"self":[{"href":"https:\/\/blogsaverroes.juntadeandalucia.es\/ceipmanuelsiurot\/wp-json\/wp\/v2\/pages\/2664"}],"collection":[{"href":"https:\/\/blogsaverroes.juntadeandalucia.es\/ceipmanuelsiurot\/wp-json\/wp\/v2\/pages"}],"about":[{"href":"https:\/\/blogsaverroes.juntadeandalucia.es\/ceipmanuelsiurot\/wp-json\/wp\/v2\/types\/page"}],"author":[{"embeddable":true,"href":"https:\/\/blogsaverroes.juntadeandalucia.es\/ceipmanuelsiurot\/wp-json\/wp\/v2\/users\/5690"}],"replies":[{"embeddable":true,"href":"https:\/\/blogsaverroes.juntadeandalucia.es\/ceipmanuelsiurot\/wp-json\/wp\/v2\/comments?post=2664"}],"version-history":[{"count":4,"href":"https:\/\/blogsaverroes.juntadeandalucia.es\/ceipmanuelsiurot\/wp-json\/wp\/v2\/pages\/2664\/revisions"}],"predecessor-version":[{"id":2674,"href":"https:\/\/blogsaverroes.juntadeandalucia.es\/ceipmanuelsiurot\/wp-json\/wp\/v2\/pages\/2664\/revisions\/2674"}],"wp:attachment":[{"href":"https:\/\/blogsaverroes.juntadeandalucia.es\/ceipmanuelsiurot\/wp-json\/wp\/v2\/media?parent=2664"}],"curies":[{"name":"wp","href":"https:\/\/api.w.org\/{rel}","templated":true}]}}