{"id":870,"date":"2015-03-16T07:24:27","date_gmt":"2015-03-16T07:24:27","guid":{"rendered":"http:\/\/blogsaverroes.juntadeandalucia.es\/pre\/ceip\/?page_id=103"},"modified":"2020-08-02T18:11:07","modified_gmt":"2020-08-02T18:11:07","slug":"aula-matinal","status":"publish","type":"page","link":"https:\/\/blogsaverroes.juntadeandalucia.es\/ceipmanuelsiurot\/aula-matinal\/","title":{"rendered":"Aula Matinal"},"content":{"rendered":"<p><img loading=\"lazy\" decoding=\"async\" class=\" size-medium wp-image-226 alignleft\" src=\"http:\/\/blogsaverroes.juntadeandalucia.es\/pre\/ceip\/files\/2015\/03\/aula_matinal-300x186.jpg\" alt=\"aula_matinal\" width=\"300\" height=\"186\" srcset=\"https:\/\/blogsaverroes.juntadeandalucia.es\/ceipmanuelsiurot\/files\/2015\/03\/aula_matinal-300x186.jpg 300w, https:\/\/blogsaverroes.juntadeandalucia.es\/ceipmanuelsiurot\/files\/2015\/03\/aula_matinal-700x433.jpg 700w, https:\/\/blogsaverroes.juntadeandalucia.es\/ceipmanuelsiurot\/files\/2015\/03\/aula_matinal-332x206.jpg 332w, https:\/\/blogsaverroes.juntadeandalucia.es\/ceipmanuelsiurot\/files\/2015\/03\/aula_matinal.jpg 709w\" sizes=\"(max-width: 300px) 100vw, 300px\" \/><\/p>\n<h4>Ejemplo de informaci\u00f3n sobre Aula Matinal<\/h4>\n<p>El <strong>Aula Matinal<\/strong> abre a las 7.30 horas de lunes a viernes, ofreciendo actividades diversas a los estudiantes hasta el comienzo del horario lectivo.<\/p>\n<p>Puede&nbsp;utilizarse&nbsp;cualquier d\u00eda previa inscripci\u00f3n y domicializaci\u00f3n bancaria.<\/p>\n<p>Desc\u00e1rgate aqu\u00ed el formulario, rell\u00e9nalo y envi\u00e1noslo por email a<\/p>\n<p>___________________________ o entr\u00e9galo en la secretar\u00eda del Colegio.<\/p>\n<p>&nbsp;<\/p>\n<p>Horario&nbsp;<\/p>\n<p>07:30 a 9:30 h, del 11 de septiembre al 22 de junio.<\/p>\n<p>Aulas<\/p>\n<p>El aula matinal se distribuye en dos espacios seg\u00fan la edad del alumnado:<\/p>\n<p>Aula de E.Infantil y 1\u00ba y 2\u00ba de E.Primaria, ubicada en el aula de la AMPA y aula anexa.<\/p>\n<p>Aula de 3\u00ba a 6\u00ba de E. Primaria, ubicada en el comedor escolar.<\/p>\n<p>Acceso al aula matinal<\/p>\n<p>El acceso al aula matinal se realizar\u00e1 por la puerta principal del centro, llamando al timbre y esperando a que el monitor o monitora abra la puerta y verifique que el alumno o alumna est\u00e1 inscrito y anote el uso del servicio. &nbsp;A continuaci\u00f3n, la monitora acompa\u00f1ar\u00e1 al alumno o alumna a su aula, en el caso del alumnado de E. Infantil y 1\u00ba y 2\u00ba de E.Primaria; o bien el alumno o alumna &nbsp;de 3\u00ba a 6 de E. Primaria, se dirigir\u00e1 s\u00f3lo al aula ubicada en el comedor escolar.<\/p>\n<p>Las familias no dejar\u00e1n a su hijo o hija &nbsp;en la puerta de entrada al centro, hasta no asegurarse que los recibe el monitor o monitora y entran en el centro.<\/p>\n<p>No est\u00e1 permitido la entrada de las familias al centro para dejar al alumnado en sus aulas correspondientes.<\/p>\n<p>Plazas<\/p>\n<p>El aula matinal de nuestro colegio cuenta actualmente con un total de 180 plazas autorizadas.<\/p>\n<p>Solicitudes<\/p>\n<p>El servicio de aula matinal se solicita del <strong>1 al &nbsp;8 de junio <\/strong>(ambos inclusive), durante el periodo de matriculaci\u00f3n del alumnado.<\/p>\n<p>Tambi\u00e9n puede solicitarse durante el curso escolar, previa inscripci\u00f3n, estando sujeto a la disponibilidad de plazas vacantes, o &nbsp;a que se acredite que ambos progenitores est\u00e9n trabajando o cualquier situaci\u00f3n de excepcionalidad de las recogidas en la normativa que garantice el uso del servicio.<\/p>\n<p>Cualquier tr\u00e1mite relativo al aula matinal deber\u00e1 ser comunicado por escrito en la secretar\u00eda del centro (baja del servicio, modificaciones del servicio, &nbsp;incidencias,&#8230;).<\/p>\n<p>Desc\u00e1rguese la solicitud, rell\u00e9nela y entr\u00e9guela en la secretar\u00eda de nuestro centro:<\/p>\n<p>Solicitud de alta en el aula matinal: anexo II&nbsp; <a href=\"http:\/\/www.ceipvirgendelcarmen.es\/images\/\/Documentos_Centro\/Solicitudes\/Anexo_II.pdf\" target=\"_blank\" rel=\"noopener noreferrer\"><img loading=\"lazy\" decoding=\"async\" src=\"https:\/\/www.ceipvirgendelcarmen.es\/images\/Imagenes_Centro\/Iconos\/descargarpdf.jpg\" alt=\"descargarpdf\" width=\"65\" height=\"81\"><\/a><\/p>\n<p>Solicitud &nbsp;de baja en el aula matinal:<\/p>\n<p>Comunicaci\u00f3n de incidencias<\/p>\n<p>&nbsp;<\/p>\n<p>Precio<\/p>\n<p>El importe del aula matinal, sin bonificaci\u00f3n, es de 15,40\u20ac\/mes (1,18 euros por d\u00eda).<\/p>\n<p>&nbsp;<\/p>\n<p>Bonificaci\u00f3n<\/p>\n<p>La solicitud de bonificaci\u00f3n al precio p\u00fablico de dicho servicio se realiza del <strong>1 al 7 de septiembre<\/strong>, para posibilitar que los ingresos de referencia para el c\u00e1lculo de la bonificaci\u00f3n sea el del a\u00f1o inmediatamente anterior, y adecuarse en lo posible a la capacidad econ\u00f3mica real de las familias.<\/p>\n<p>Desc\u00e1rguese la solicitud, rell\u00e9nela y entr\u00e9guela en la secretar\u00eda de nuestro centro:<\/p>\n<p>Solicitud de bonificaci\u00f3n aula matinal: Anexo V&nbsp; <a href=\"http:\/\/www.ceipvirgendelcarmen.es\/images\/\/Documentos_Centro\/Solicitudes\/Anexo_V.pdf\" target=\"_blank\" rel=\"noopener noreferrer\"><img loading=\"lazy\" decoding=\"async\" src=\"https:\/\/www.ceipvirgendelcarmen.es\/images\/Imagenes_Centro\/Iconos\/descargarpdf.jpg\" alt=\"descargarpdf\" width=\"65\" height=\"81\"><\/a><\/p>\n<p>&nbsp;<\/p>\n<p>Normativa<\/p>\n<table class=\"table\">\n<tbody>\n<tr style=\"height: 52px\">\n<td style=\"height: 52px\"><a href=\"https:\/\/www.juntadeandalucia.es\/boja\/2019\/94\/BOJA19-094-00003-7200-01_00155556.pdf\" target=\"_blank\" rel=\"noopener noreferrer\">Correcci\u00f3n de errores de la Orden de 27 de marzo de 2019<\/a>, por la que se modifica la Orden de 17 de abril de 2017, por la que se regula la organizaci\u00f3n y el funcionamiento de los servicios complementarios de aula matinal, comedor escolar y actividades extraescolares, as\u00ed como el uso de las instalaciones de los centros docentes p\u00fablicos de la Comunidad Aut\u00f3noma de Andaluc\u00eda fuera del horario escolar.<\/td>\n<\/tr>\n<tr style=\"height: 52px\">\n<td style=\"height: 52px\"><a href=\"https:\/\/www.juntadeandalucia.es\/boja\/2019\/71\/BOJA19-071-00002-5332-01_00153708.pdf\" target=\"_blank\" rel=\"noopener noreferrer\">Resoluci\u00f3n de 4 de abril de 2019<\/a>, de la Direcci\u00f3n General de Planificaci\u00f3n y Centros, por la que se establece el calendario de actuaciones en el procedimiento de admisi\u00f3n del alumnado en los servicios complementarios de aula matinal, comedor escolar y actividades extraescolares para el curso escolar 2019\/20.<\/td>\n<\/tr>\n<tr style=\"height: 52px\">\n<td style=\"height: 52px\"><a href=\"https:\/\/juntadeandalucia.es\/boja\/2019\/70\/BOJA19-070-00015-5172-01_00153551.pdf\" target=\"_blank\" rel=\"noopener noreferrer\">Orden de 27 de marzo de 2019<\/a>, por la que se modifica la Orden de 17 de abril de 2017, por la que se regula la organizaci\u00f3n y el funcionamiento de los servicios complementarios de aula matinal, comedor escolar y actividades extraescolares, as\u00ed como el uso de las instalaciones de los centros docentes p\u00fablicos de la Comunidad Aut\u00f3noma de Andaluc\u00eda fuera del horario escolar.<\/td>\n<\/tr>\n<tr style=\"height: 52px\">\n<td style=\"height: 52px\"><a href=\"http:\/\/juntadeandalucia.es\/boja\/2018\/78\/BOJA18-078-00002-6999-01_00134423.pdf\" target=\"_blank\" rel=\"noopener noreferrer\">Resoluci\u00f3n de 10 de abril de 2018<\/a>, de la Direcci\u00f3n General de Planificaci\u00f3n y Centros, por la que se establece el calendario de actuaciones en el procedimiento de admisi\u00f3n del alumnado en los servicios complementarios de aula matinal, comedor escolar y actividades extraescolares para el curso escolar 2018\/19.<\/td>\n<\/tr>\n<tr style=\"height: 52px\">\n<td style=\"height: 52px\"><a title=\"Resoluci\u00f3n de 15 de mayo de 2017, de la Direcci\u00f3n General de Planificaci\u00f3n y Centros, por la que se establece el calendario de actuaciones en el procedimiento de admisi\u00f3n del alumnado en los servicios complementarios de aula matinal, comedor escolar y actividades extraescolares para el curso escolar 2017\/18.\" href=\"http:\/\/www.juntadeandalucia.es\/eboja\/2017\/97\/BOJA17-097-00002-9046-01_00114271.pdf\" target=\"_blank\" rel=\"noopener noreferrer\">Resoluci\u00f3n de 15 de mayo de 2017<\/a>, de la Direcci\u00f3n General de Planificaci\u00f3n y Centros, por la que se establece el calendario de actuaciones en el procedimiento de admisi\u00f3n del alumnado en los servicios complementarios de aula matinal, comedor escolar y actividades extraescolares para el curso escolar 2017\/18.<\/td>\n<\/tr>\n<tr style=\"height: 52px\">\n<td style=\"height: 52px\"><a title=\"Orden de 17 abril de 2017, por la que se regula la organizaci\u00f3n y el funcionamiento de los servicios complementarios de aula matinal, comedor escolar y actividades extraescolares, as\u00ed como el uso de las instalaciones de los centros docentes p\u00fablicos de la Comunidad Aut\u00f3noma de Andaluc\u00eda fuera del horario escolar.\" href=\"http:\/\/www.juntadeandalucia.es\/eboja\/2017\/78\/BOJA17-078-00027-7095-01_00112396.pdf\" target=\"_blank\" rel=\"noopener noreferrer\">Orden de 17 abril de 2017<\/a>, por la que se regula la organizaci\u00f3n y el funcionamiento de los servicios complementarios de aula matinal, comedor escolar y actividades extraescolares, as\u00ed como el uso de las instalaciones de los centros docentes p\u00fablicos de la Comunidad Aut\u00f3noma de Andaluc\u00eda fuera del horario escolar.<\/td>\n<\/tr>\n<tr style=\"height: 52px\">\n<td style=\"height: 52px\"><a title=\"Resoluci\u00f3n de 27 de febrero de 2017, de la Direcci\u00f3n General de Planificaci\u00f3n y Centros, por la que se actualizan los centros docentes p\u00fablicos que tienen autorizados y en funcionamiento los servicios complementarios de aula matinal, comedor escolar y actividades extraescolares.\" href=\"http:\/\/www.juntadeandalucia.es\/eboja\/2017\/50\/BOJA17-050-00049-4316-01_00109654.pdf\" target=\"_blank\" rel=\"noopener noreferrer\">Resoluci\u00f3n de 27 de febrero de 2017<\/a>, de la Direcci\u00f3n General de Planificaci\u00f3n y Centros, por la que se actualizan los centros docentes p\u00fablicos que tienen autorizados y en funcionamiento los servicios complementarios de aula matinal, comedor escolar y actividades extraescolares.<\/td>\n<\/tr>\n<tr style=\"height: 52px\">\n<td style=\"height: 52px\"><a title=\"Decreto 6\/2017, de 16 de enero, por el que se regulan los servicios complementarios de aula matinal, comedor escolar y actividades extraescolares, as\u00ed como el uso de las instalaciones de los centros docentes p\u00fablicos de la Comunidad Aut\u00f3noma de Andaluc\u00eda fuera del horario escolar.\" href=\"http:\/\/www.juntadeandalucia.es\/eboja\/2017\/20\/BOJA17-020-00009-1424-01_00106823.pdf\" target=\"_blank\" rel=\"noopener noreferrer\">Decreto 6\/2017, de 16 de enero<\/a>, por el que se regulan los servicios complementarios de aula matinal, comedor escolar y actividades extraescolares, as\u00ed como el uso de las instalaciones de los centros docentes p\u00fablicos de la Comunidad Aut\u00f3noma de Andaluc\u00eda fuera del horario escolar.<\/td>\n<\/tr>\n<tr style=\"height: 52.875px\">\n<td style=\"height: 52.875px\"><a title=\"Acuerdo de 7 de julio de 2009, del Consejo de Gobierno, por el que se fija la cuant\u00eda de los precios p\u00fablicos por los servicios prestados en los centros de Primer Ciclo de Educaci\u00f3n Infantil, y por los servicios de aula matinal, comedor escolar y actividades extraescolares en los centros docentes p\u00fablicos. (BOJA 17-7-2009)\" href=\"http:\/\/www.juntadeandalucia.es\/educacion\/portals\/abaco-portlet\/content\/e51e6981-53cb-4602-aa7c-141efc07dce9\" target=\"_blank\" rel=\"noopener noreferrer\">Acuerdo de 7 de julio de 2009<\/a>, del Consejo de Gobierno, por el que se fija la cuant\u00eda de los precios p\u00fablicos por los servicios prestados en los centros de Primer Ciclo de Educaci\u00f3n Infantil, y por los servicios de aula matinal, comedor escolar y actividades extraescolares en los centros docentes p\u00fablicos. (BOJA 17-7-2009).<\/td>\n<\/tr>\n<\/tbody>\n<\/table>\n<p>Empresa&nbsp;<\/p>\n<p>Coperaula<\/p>\n<p>\u2022 Tel\u00e9fono de contacto: 959 819 223 .<\/p>\n<p>\u2022 Email: <span style=\"color: #0000ff\">administracion@coperaula.com<\/span><\/p>\n","protected":false},"excerpt":{"rendered":"<p>Ejemplo de informaci\u00f3n sobre Aula Matinal El Aula Matinal abre a las 7.30 horas de lunes a viernes, ofreciendo actividades diversas a los estudiantes hasta el comienzo del horario lectivo. Puede&nbsp;utilizarse&nbsp;cualquier d\u00eda previa inscripci\u00f3n&#46;&#46;&#46;<\/p>\n","protected":false},"author":1,"featured_media":0,"parent":0,"menu_order":0,"comment_status":"closed","ping_status":"open","template":"","meta":{"ngg_post_thumbnail":0,"footnotes":"","_mc_calendar":[]},"aioseo_notices":[],"_links":{"self":[{"href":"https:\/\/blogsaverroes.juntadeandalucia.es\/ceipmanuelsiurot\/wp-json\/wp\/v2\/pages\/870"}],"collection":[{"href":"https:\/\/blogsaverroes.juntadeandalucia.es\/ceipmanuelsiurot\/wp-json\/wp\/v2\/pages"}],"about":[{"href":"https:\/\/blogsaverroes.juntadeandalucia.es\/ceipmanuelsiurot\/wp-json\/wp\/v2\/types\/page"}],"author":[{"embeddable":true,"href":"https:\/\/blogsaverroes.juntadeandalucia.es\/ceipmanuelsiurot\/wp-json\/wp\/v2\/users\/1"}],"replies":[{"embeddable":true,"href":"https:\/\/blogsaverroes.juntadeandalucia.es\/ceipmanuelsiurot\/wp-json\/wp\/v2\/comments?post=870"}],"version-history":[{"count":4,"href":"https:\/\/blogsaverroes.juntadeandalucia.es\/ceipmanuelsiurot\/wp-json\/wp\/v2\/pages\/870\/revisions"}],"predecessor-version":[{"id":2534,"href":"https:\/\/blogsaverroes.juntadeandalucia.es\/ceipmanuelsiurot\/wp-json\/wp\/v2\/pages\/870\/revisions\/2534"}],"wp:attachment":[{"href":"https:\/\/blogsaverroes.juntadeandalucia.es\/ceipmanuelsiurot\/wp-json\/wp\/v2\/media?parent=870"}],"curies":[{"name":"wp","href":"https:\/\/api.w.org\/{rel}","templated":true}]}}

<p><img loading="lazy" decoding="async" class=" size-medium wp-image-226 alignleft" src="http://blogsaverroes.juntadeandalucia.es/pre/ceip/files/2015/03/aula_matinal-300x186.jpg" alt="aula_matinal" width="300" height="186" srcset="https://blogsaverroes.juntadeandalucia.es/ceipmanuelsiurot/files/2015/03/aula_matinal-300x186.jpg 300w, https://blogsaverroes.juntadeandalucia.es/ceipmanuelsiurot/files/2015/03/aula_matinal-700x433.jpg 700w, https://blogsaverroes.juntadeandalucia.es/ceipmanuelsiurot/files/2015/03/aula_matinal-332x206.jpg 332w, https://blogsaverroes.juntadeandalucia.es/ceipmanuelsiurot/files/2015/03/aula_matinal.jpg 709w" sizes="(max-width: 300px) 100vw, 300px" /></p>
<h4>Ejemplo de información sobre Aula Matinal</h4>
<p>El <strong>Aula Matinal</strong> abre a las 7.30 horas de lunes a viernes, ofreciendo actividades diversas a los estudiantes hasta el comienzo del horario lectivo.</p>
<p>Puede&nbsp;utilizarse&nbsp;cualquier día previa inscripción y domicialización bancaria.</p>
<p>Descárgate aquí el formulario, rellénalo y enviánoslo por email a</p>
<p>___________________________ o entrégalo en la secretaría del Colegio.</p>
<p>&nbsp;</p>
<p>Horario&nbsp;</p>
<p>07:30 a 9:30 h, del 11 de septiembre al 22 de junio.</p>
<p>Aulas</p>
<p>El aula matinal se distribuye en dos espacios según la edad del alumnado:</p>
<p>Aula de E.Infantil y 1º y 2º de E.Primaria, ubicada en el aula de la AMPA y aula anexa.</p>
<p>Aula de 3º a 6º de E. Primaria, ubicada en el comedor escolar.</p>
<p>Acceso al aula matinal</p>
<p>El acceso al aula matinal se realizará por la puerta principal del centro, llamando al timbre y esperando a que el monitor o monitora abra la puerta y verifique que el alumno o alumna está inscrito y anote el uso del servicio. &nbsp;A continuación, la monitora acompañará al alumno o alumna a su aula, en el caso del alumnado de E. Infantil y 1º y 2º de E.Primaria; o bien el alumno o alumna &nbsp;de 3º a 6 de E. Primaria, se dirigirá sólo al aula ubicada en el comedor escolar.</p>
<p>Las familias no dejarán a su hijo o hija &nbsp;en la puerta de entrada al centro, hasta no asegurarse que los recibe el monitor o monitora y entran en el centro.</p>
<p>No está permitido la entrada de las familias al centro para dejar al alumnado en sus aulas correspondientes.</p>
<p>Plazas</p>
<p>El aula matinal de nuestro colegio cuenta actualmente con un total de 180 plazas autorizadas.</p>
<p>Solicitudes</p>
<p>El servicio de aula matinal se solicita del <strong>1 al &nbsp;8 de junio </strong>(ambos inclusive), durante el periodo de matriculación del alumnado.</p>
<p>También puede solicitarse durante el curso escolar, previa inscripción, estando sujeto a la disponibilidad de plazas vacantes, o &nbsp;a que se acredite que ambos progenitores estén trabajando o cualquier situación de excepcionalidad de las recogidas en la normativa que garantice el uso del servicio.</p>
<p>Cualquier trámite relativo al aula matinal deberá ser comunicado por escrito en la secretaría del centro (baja del servicio, modificaciones del servicio, &nbsp;incidencias,&#8230;).</p>
<p>Descárguese la solicitud, rellénela y entréguela en la secretaría de nuestro centro:</p>
<p>Solicitud de alta en el aula matinal: anexo II&nbsp; <a href="http://www.ceipvirgendelcarmen.es/images//Documentos_Centro/Solicitudes/Anexo_II.pdf" target="_blank" rel="noopener noreferrer"><img loading="lazy" decoding="async" src="https://www.ceipvirgendelcarmen.es/images/Imagenes_Centro/Iconos/descargarpdf.jpg" alt="descargarpdf" width="65" height="81"></a></p>
<p>Solicitud &nbsp;de baja en el aula matinal:</p>
<p>Comunicación de incidencias</p>
<p>&nbsp;</p>
<p>Precio</p>
<p>El importe del aula matinal, sin bonificación, es de 15,40€/mes (1,18 euros por día).</p>
<p>&nbsp;</p>
<p>Bonificación</p>
<p>La solicitud de bonificación al precio público de dicho servicio se realiza del <strong>1 al 7 de septiembre</strong>, para posibilitar que los ingresos de referencia para el cálculo de la bonificación sea el del año inmediatamente anterior, y adecuarse en lo posible a la capacidad económica real de las familias.</p>
<p>Descárguese la solicitud, rellénela y entréguela en la secretaría de nuestro centro:</p>
<p>Solicitud de bonificación aula matinal: Anexo V&nbsp; <a href="http://www.ceipvirgendelcarmen.es/images//Documentos_Centro/Solicitudes/Anexo_V.pdf" target="_blank" rel="noopener noreferrer"><img loading="lazy" decoding="async" src="https://www.ceipvirgendelcarmen.es/images/Imagenes_Centro/Iconos/descargarpdf.jpg" alt="descargarpdf" width="65" height="81"></a></p>
<p>&nbsp;</p>
<p>Normativa</p>
<table class="table">
<tbody>
<tr style="height: 52px">
<td style="height: 52px"><a href="https://www.juntadeandalucia.es/boja/2019/94/BOJA19-094-00003-7200-01_00155556.pdf" target="_blank" rel="noopener noreferrer">Corrección de errores de la Orden de 27 de marzo de 2019</a>, por la que se modifica la Orden de 17 de abril de 2017, por la que se regula la organización y el funcionamiento de los servicios complementarios de aula matinal, comedor escolar y actividades extraescolares, así como el uso de las instalaciones de los centros docentes públicos de la Comunidad Autónoma de Andalucía fuera del horario escolar.</td>
</tr>
<tr style="height: 52px">
<td style="height: 52px"><a href="https://www.juntadeandalucia.es/boja/2019/71/BOJA19-071-00002-5332-01_00153708.pdf" target="_blank" rel="noopener noreferrer">Resolución de 4 de abril de 2019</a>, de la Dirección General de Planificación y Centros, por la que se establece el calendario de actuaciones en el procedimiento de admisión del alumnado en los servicios complementarios de aula matinal, comedor escolar y actividades extraescolares para el curso escolar 2019/20.</td>
</tr>
<tr style="height: 52px">
<td style="height: 52px"><a href="https://juntadeandalucia.es/boja/2019/70/BOJA19-070-00015-5172-01_00153551.pdf" target="_blank" rel="noopener noreferrer">Orden de 27 de marzo de 2019</a>, por la que se modifica la Orden de 17 de abril de 2017, por la que se regula la organización y el funcionamiento de los servicios complementarios de aula matinal, comedor escolar y actividades extraescolares, así como el uso de las instalaciones de los centros docentes públicos de la Comunidad Autónoma de Andalucía fuera del horario escolar.</td>
</tr>
<tr style="height: 52px">
<td style="height: 52px"><a href="http://juntadeandalucia.es/boja/2018/78/BOJA18-078-00002-6999-01_00134423.pdf" target="_blank" rel="noopener noreferrer">Resolución de 10 de abril de 2018</a>, de la Dirección General de Planificación y Centros, por la que se establece el calendario de actuaciones en el procedimiento de admisión del alumnado en los servicios complementarios de aula matinal, comedor escolar y actividades extraescolares para el curso escolar 2018/19.</td>
</tr>
<tr style="height: 52px">
<td style="height: 52px"><a title="Resolución de 15 de mayo de 2017, de la Dirección General de Planificación y Centros, por la que se establece el calendario de actuaciones en el procedimiento de admisión del alumnado en los servicios complementarios de aula matinal, comedor escolar y actividades extraescolares para el curso escolar 2017/18." href="http://www.juntadeandalucia.es/eboja/2017/97/BOJA17-097-00002-9046-01_00114271.pdf" target="_blank" rel="noopener noreferrer">Resolución de 15 de mayo de 2017</a>, de la Dirección General de Planificación y Centros, por la que se establece el calendario de actuaciones en el procedimiento de admisión del alumnado en los servicios complementarios de aula matinal, comedor escolar y actividades extraescolares para el curso escolar 2017/18.</td>
</tr>
<tr style="height: 52px">
<td style="height: 52px"><a title="Orden de 17 abril de 2017, por la que se regula la organización y el funcionamiento de los servicios complementarios de aula matinal, comedor escolar y actividades extraescolares, así como el uso de las instalaciones de los centros docentes públicos de la Comunidad Autónoma de Andalucía fuera del horario escolar." href="http://www.juntadeandalucia.es/eboja/2017/78/BOJA17-078-00027-7095-01_00112396.pdf" target="_blank" rel="noopener noreferrer">Orden de 17 abril de 2017</a>, por la que se regula la organización y el funcionamiento de los servicios complementarios de aula matinal, comedor escolar y actividades extraescolares, así como el uso de las instalaciones de los centros docentes públicos de la Comunidad Autónoma de Andalucía fuera del horario escolar.</td>
</tr>
<tr style="height: 52px">
<td style="height: 52px"><a title="Resolución de 27 de febrero de 2017, de la Dirección General de Planificación y Centros, por la que se actualizan los centros docentes públicos que tienen autorizados y en funcionamiento los servicios complementarios de aula matinal, comedor escolar y actividades extraescolares." href="http://www.juntadeandalucia.es/eboja/2017/50/BOJA17-050-00049-4316-01_00109654.pdf" target="_blank" rel="noopener noreferrer">Resolución de 27 de febrero de 2017</a>, de la Dirección General de Planificación y Centros, por la que se actualizan los centros docentes públicos que tienen autorizados y en funcionamiento los servicios complementarios de aula matinal, comedor escolar y actividades extraescolares.</td>
</tr>
<tr style="height: 52px">
<td style="height: 52px"><a title="Decreto 6/2017, de 16 de enero, por el que se regulan los servicios complementarios de aula matinal, comedor escolar y actividades extraescolares, así como el uso de las instalaciones de los centros docentes públicos de la Comunidad Autónoma de Andalucía fuera del horario escolar." href="http://www.juntadeandalucia.es/eboja/2017/20/BOJA17-020-00009-1424-01_00106823.pdf" target="_blank" rel="noopener noreferrer">Decreto 6/2017, de 16 de enero</a>, por el que se regulan los servicios complementarios de aula matinal, comedor escolar y actividades extraescolares, así como el uso de las instalaciones de los centros docentes públicos de la Comunidad Autónoma de Andalucía fuera del horario escolar.</td>
</tr>
<tr style="height: 52.875px">
<td style="height: 52.875px"><a title="Acuerdo de 7 de julio de 2009, del Consejo de Gobierno, por el que se fija la cuantía de los precios públicos por los servicios prestados en los centros de Primer Ciclo de Educación Infantil, y por los servicios de aula matinal, comedor escolar y actividades extraescolares en los centros docentes públicos. (BOJA 17-7-2009)" href="http://www.juntadeandalucia.es/educacion/portals/abaco-portlet/content/e51e6981-53cb-4602-aa7c-141efc07dce9" target="_blank" rel="noopener noreferrer">Acuerdo de 7 de julio de 2009</a>, del Consejo de Gobierno, por el que se fija la cuantía de los precios públicos por los servicios prestados en los centros de Primer Ciclo de Educación Infantil, y por los servicios de aula matinal, comedor escolar y actividades extraescolares en los centros docentes públicos. (BOJA 17-7-2009).</td>
</tr>
</tbody>
</table>
<p>Empresa&nbsp;</p>
<p>Coperaula</p>
<p>• Teléfono de contacto: 959 819 223 .</p>
<p>• Email: <span style="color: #0000ff">administracion@coperaula.com</span></p>

<p>Ejemplo de información sobre Aula Matinal El Aula Matinal abre a las 7.30 horas de lunes a viernes, ofreciendo actividades diversas a los estudiantes hasta el comienzo del horario lectivo. Puede&nbsp;utilizarse&nbsp;cualquier día previa inscripción&#46;&#46;&#46;</p>
