{"id":2431,"date":"2022-04-03T10:41:59","date_gmt":"2022-04-03T09:41:59","guid":{"rendered":"https:\/\/blogsaverroes.juntadeandalucia.es\/ceipmariamoreno\/?page_id=2431"},"modified":"2025-05-15T17:34:59","modified_gmt":"2025-05-15T16:34:59","slug":"quienes-somos","status":"publish","type":"page","link":"https:\/\/blogsaverroes.juntadeandalucia.es\/ceipmariamoreno\/quienes-somos\/","title":{"rendered":"Quienes somos"},"content":{"rendered":"<h1><span style=\"color: #99cc00\"><strong>Nuestra Historia<\/strong><\/span><\/h1>\n<p>&nbsp; &nbsp; &nbsp; &nbsp;Nuestro centro se encuentra ubicado en la C\/ Angosta s\/n de la barriada \u201cRonda de San Jos\u00e9\u201d y \u201cLos Bretes\u201d en la salida de la localidad hacia la carretera de Torrecampo. Fue inaugurado en el 2.001, despu\u00e9s de una ampliaci\u00f3n, pues ya exist\u00eda un edificio construido que hab\u00eda servido durante muchos a\u00f1os de escuela hogar masculina.<\/p>\n<p>&nbsp; &nbsp; &nbsp; &nbsp;El centro se reforma y remodela para poder dar cabida al alumnado de primaria, con la reforma de la LOGSE. Antiguamente se encontraba en el edificio anexo a lo que actualmente es el instituto, el cual pas\u00f3 a ser un edificio m\u00e1s para los alumnos de la ense\u00f1anza secundaria.<\/p>\n<p>&nbsp; &nbsp; &nbsp; &nbsp;Se encuentra pr\u00f3ximo a las instalaciones deportivas del pueblo: polideportivo, campo de futbol y piscina, que le sirven para desarrollar algunas de sus actividades.<\/p>\n<p>&nbsp; &nbsp; &nbsp; &nbsp;Es un centro que colabora frecuentemente con su entorno, de ah\u00ed que se hagan distintas salidas a lo largo del curso: con el hogar del pensionista se vienen realizando actividades conjuntas, colaboraciones con las residencias en d\u00edas conmemorativos y de convivencia, actividades con PROMI, centros de educaci\u00f3n infantil de la zona, Guardia civil, Polic\u00eda Local, Ayuntamiento, Centro de salud, etc. Vemos de gran importancia la sensibilizaci\u00f3n del alumnado con sus mayores y dem\u00e1s personas de la comunidad educativa.<\/p>\n<p><img loading=\"lazy\" decoding=\"async\" class=\"aligncenter wp-image-4379 size-medium\" src=\"https:\/\/blogsaverroes.juntadeandalucia.es\/ceipmariamoreno\/files\/2024\/07\/Logo_MariaMoreno-300x234.png\" alt=\"\" width=\"300\" height=\"234\" srcset=\"https:\/\/blogsaverroes.juntadeandalucia.es\/ceipmariamoreno\/files\/2024\/07\/Logo_MariaMoreno-300x234.png 300w, https:\/\/blogsaverroes.juntadeandalucia.es\/ceipmariamoreno\/files\/2024\/07\/Logo_MariaMoreno-1024x798.png 1024w, https:\/\/blogsaverroes.juntadeandalucia.es\/ceipmariamoreno\/files\/2024\/07\/Logo_MariaMoreno-768x598.png 768w, https:\/\/blogsaverroes.juntadeandalucia.es\/ceipmariamoreno\/files\/2024\/07\/Logo_MariaMoreno-1536x1196.png 1536w, https:\/\/blogsaverroes.juntadeandalucia.es\/ceipmariamoreno\/files\/2024\/07\/Logo_MariaMoreno-2048x1595.png 2048w\" sizes=\"(max-width: 300px) 100vw, 300px\" \/><\/p>\n<p>Durante el<strong>&nbsp;curso 2022-2023<\/strong> iniciamos el proceso de cambio de nuestro modelo de centro para convertirnos en Comunidad de Aprendizaje, activando una fase formativa del equipo docente y trabajando duro en la presentaci\u00f3n de una propuesta capaz de explicar nuestra visi\u00f3n del proceso educativo y nuestras expectativas. Esta primera fase concluy\u00f3 de forma satisfactoria: logramos la aprobaci\u00f3n &nbsp;del Ministerio de Educaci\u00f3n para avanzar en este ilusionante cambio, un cambio que para nosotros resulta un paso natural, pues la presencia de familia y agentes sociales siempre ha estado presente en la realidad del centro.<\/p>\n<p>El&nbsp;<strong>curso 2023-2024<\/strong>&nbsp;fue el momento de pasar a la ACCI\u00d3N. Era hora de so\u00f1ar con un colegio ideal e invitar a toda la comunidad educativa a compartir sus sue\u00f1os para, a trav\u00e9s del di\u00e1logo y la ciencia, hacer realidad esas enso\u00f1aciones. Llegaba, pues, el momento de hacer realidad este proyecto transformador. Y para representar todo este proceso de cambio se eligi\u00f3 la mariposa como emblema de nuestra Comunidad de Aprendizaje.<\/p>\n<p>La mariposa es el s\u00edmbolo del cambio por excelencia. Por un lado, la metamorfosis de la mariposa representa un profundo cambio, uno que se inicia desde el interior, al igual que nuestra transformaci\u00f3n, protagonizada por la comunidad educativa del CEIP Mar\u00eda Moreno: alumnado, equipo docente, familiares y amigos del cole. Por otro lado, el esplendor de la mariposa refleja el resultado final de un complejo proceso, representa la meta a alcanzar, la clara imagen del final del proceso. Por ello, nuestro cole se llena de mariposas de distintos colores y formas, y los diferentes matices de sus alas nos ayudan a recordar y celebrar cada peque\u00f1o logro de este prometedor cambio.<\/p>\n<p><strong>Desde el curso 2024 en adelante&#8230;<\/strong>nuestro claustro sigue implicado en su formaci\u00f3n continua y pone en pr\u00e1ctica actuaciones educativas de \u00e9xito dentro del aula, como tertulias dial\u00f3gicas, grupos interactivos o el m\u00e9todo de resoluci\u00f3n dial\u00f3gica de conflictos.<\/p>\n<p>&nbsp;<\/p>\n","protected":false},"excerpt":{"rendered":"<p>Nuestra Historia &nbsp; &nbsp; &nbsp; &nbsp;Nuestro centro se encuentra ubicado en la C\/ Angosta s\/n de la barriada \u201cRonda de San Jos\u00e9\u201d y \u201cLos Bretes\u201d en la salida de la localidad hacia la carretera&#46;&#46;&#46;<\/p>\n","protected":false},"author":13322,"featured_media":0,"parent":0,"menu_order":0,"comment_status":"closed","ping_status":"closed","template":"","meta":{"ngg_post_thumbnail":0,"footnotes":""},"aioseo_notices":[],"_links":{"self":[{"href":"https:\/\/blogsaverroes.juntadeandalucia.es\/ceipmariamoreno\/wp-json\/wp\/v2\/pages\/2431"}],"collection":[{"href":"https:\/\/blogsaverroes.juntadeandalucia.es\/ceipmariamoreno\/wp-json\/wp\/v2\/pages"}],"about":[{"href":"https:\/\/blogsaverroes.juntadeandalucia.es\/ceipmariamoreno\/wp-json\/wp\/v2\/types\/page"}],"author":[{"embeddable":true,"href":"https:\/\/blogsaverroes.juntadeandalucia.es\/ceipmariamoreno\/wp-json\/wp\/v2\/users\/13322"}],"replies":[{"embeddable":true,"href":"https:\/\/blogsaverroes.juntadeandalucia.es\/ceipmariamoreno\/wp-json\/wp\/v2\/comments?post=2431"}],"version-history":[{"count":11,"href":"https:\/\/blogsaverroes.juntadeandalucia.es\/ceipmariamoreno\/wp-json\/wp\/v2\/pages\/2431\/revisions"}],"predecessor-version":[{"id":4960,"href":"https:\/\/blogsaverroes.juntadeandalucia.es\/ceipmariamoreno\/wp-json\/wp\/v2\/pages\/2431\/revisions\/4960"}],"wp:attachment":[{"href":"https:\/\/blogsaverroes.juntadeandalucia.es\/ceipmariamoreno\/wp-json\/wp\/v2\/media?parent=2431"}],"curies":[{"name":"wp","href":"https:\/\/api.w.org\/{rel}","templated":true}]}}