{"id":2497,"date":"2022-04-03T20:07:50","date_gmt":"2022-04-03T19:07:50","guid":{"rendered":"https:\/\/blogsaverroes.juntadeandalucia.es\/ceipmariamoreno\/?page_id=2497"},"modified":"2022-04-03T20:07:50","modified_gmt":"2022-04-03T19:07:50","slug":"abn","status":"publish","type":"page","link":"https:\/\/blogsaverroes.juntadeandalucia.es\/ceipmariamoreno\/abn\/","title":{"rendered":"ABN"},"content":{"rendered":"<h1><img loading=\"lazy\" decoding=\"async\" class=\"size-medium wp-image-2498 alignleft\" src=\"https:\/\/blogsaverroes.juntadeandalucia.es\/ceipmariamoreno\/files\/2022\/04\/ABN-300x300.jpg\" alt=\"abn\" width=\"300\" height=\"300\" srcset=\"https:\/\/blogsaverroes.juntadeandalucia.es\/ceipmariamoreno\/files\/2022\/04\/ABN.jpg 300w, https:\/\/blogsaverroes.juntadeandalucia.es\/ceipmariamoreno\/files\/2022\/04\/ABN-150x150.jpg 150w, https:\/\/blogsaverroes.juntadeandalucia.es\/ceipmariamoreno\/files\/2022\/04\/ABN-100x100.jpg 100w\" sizes=\"(max-width: 300px) 100vw, 300px\" \/><strong><span style=\"color: #800000\">Proyecto ABN<\/span><\/strong><\/h1>\n<p>El Algoritmo ABN (Abierto Basado en N\u00fameros) es un m\u00e9todo innovador y revolucionario que lleva m\u00e1s de diez a\u00f1os implant\u00e1ndose en muchos colegios de la geograf\u00eda andaluza, espa\u00f1ola y fuera de ella.<\/p>\n<p>Es un m\u00e9todo que deja las puertas abiertas a la capacidad de resoluci\u00f3n de cada alumno\/a. Se centra en el manejo de los n\u00fameros y no de las cifras.<\/p>\n<p>Se llevar\u00e1 a cabo una pr\u00e1ctica continua de todos los contenidos trabajados, adaptada a las necesidades de los asistentes. Visionado de v\u00eddeos pr\u00e1cticos y puesta en com\u00fan de actividades y estrategias desarrolladas individualmente.<\/p>\n<p>En el CEIP Mar\u00eda Moreno se llevan varios a\u00f1os implementando este m\u00e9todo para la ense\u00f1anza de los contenidos de la asignatura de matem\u00e1ticas.<\/p>\n<p>&nbsp;<\/p>\n<p>&nbsp;<\/p>\n<p>&nbsp;<\/p>\n<p>&nbsp;<\/p>\n<p>&nbsp;<\/p>\n<p>&nbsp;<\/p>\n<p>&nbsp;<\/p>\n","protected":false},"excerpt":{"rendered":"<p>Proyecto ABN El Algoritmo ABN (Abierto Basado en N\u00fameros) es un m\u00e9todo innovador y revolucionario que lleva m\u00e1s de diez a\u00f1os implant\u00e1ndose en muchos colegios de la geograf\u00eda andaluza, espa\u00f1ola y fuera de ella.&#46;&#46;&#46;<\/p>\n","protected":false},"author":13322,"featured_media":0,"parent":0,"menu_order":0,"comment_status":"closed","ping_status":"closed","template":"","meta":{"ngg_post_thumbnail":0,"footnotes":""},"aioseo_notices":[],"_links":{"self":[{"href":"https:\/\/blogsaverroes.juntadeandalucia.es\/ceipmariamoreno\/wp-json\/wp\/v2\/pages\/2497"}],"collection":[{"href":"https:\/\/blogsaverroes.juntadeandalucia.es\/ceipmariamoreno\/wp-json\/wp\/v2\/pages"}],"about":[{"href":"https:\/\/blogsaverroes.juntadeandalucia.es\/ceipmariamoreno\/wp-json\/wp\/v2\/types\/page"}],"author":[{"embeddable":true,"href":"https:\/\/blogsaverroes.juntadeandalucia.es\/ceipmariamoreno\/wp-json\/wp\/v2\/users\/13322"}],"replies":[{"embeddable":true,"href":"https:\/\/blogsaverroes.juntadeandalucia.es\/ceipmariamoreno\/wp-json\/wp\/v2\/comments?post=2497"}],"version-history":[{"count":1,"href":"https:\/\/blogsaverroes.juntadeandalucia.es\/ceipmariamoreno\/wp-json\/wp\/v2\/pages\/2497\/revisions"}],"predecessor-version":[{"id":2499,"href":"https:\/\/blogsaverroes.juntadeandalucia.es\/ceipmariamoreno\/wp-json\/wp\/v2\/pages\/2497\/revisions\/2499"}],"wp:attachment":[{"href":"https:\/\/blogsaverroes.juntadeandalucia.es\/ceipmariamoreno\/wp-json\/wp\/v2\/media?parent=2497"}],"curies":[{"name":"wp","href":"https:\/\/api.w.org\/{rel}","templated":true}]}}