{"id":2504,"date":"2022-04-03T22:09:06","date_gmt":"2022-04-03T21:09:06","guid":{"rendered":"https:\/\/blogsaverroes.juntadeandalucia.es\/ceipmariamoreno\/?page_id=2504"},"modified":"2022-04-03T22:17:25","modified_gmt":"2022-04-03T21:17:25","slug":"patios-dinamicos","status":"publish","type":"page","link":"https:\/\/blogsaverroes.juntadeandalucia.es\/ceipmariamoreno\/patios-dinamicos\/","title":{"rendered":"Patios Din\u00e1micos"},"content":{"rendered":"<h1 style=\"text-align: center\"><img loading=\"lazy\" decoding=\"async\" class=\"alignleft wp-image-2448\" src=\"https:\/\/blogsaverroes.juntadeandalucia.es\/ceipmariamoreno\/files\/2022\/04\/Logo-Patios-300x217.jpg\" alt=\"Patios Din\u00e1micos\" width=\"202\" height=\"145\"\/><strong>Proyecto de <span style=\"color: #0000ff\">Patios<\/span> <span style=\"color: #f0e337\">Din\u00e1micos<\/span><\/strong><\/h1>\n<p style=\"text-align: center\"><span style=\"color: #ff6600\"><strong><span style=\"font-size: 14pt\">Los Pedroches<\/span><\/strong><\/span><\/p>\n<p><img loading=\"lazy\" decoding=\"async\" class=\"aligncenter size-medium wp-image-2505\" src=\"https:\/\/blogsaverroes.juntadeandalucia.es\/ceipmariamoreno\/files\/2022\/04\/SloganPatiosDinamicos-300x59.png\" alt=\"\" width=\"300\" height=\"59\" srcset=\"https:\/\/blogsaverroes.juntadeandalucia.es\/ceipmariamoreno\/files\/2022\/04\/SloganPatiosDinamicos-300x59.png 300w, https:\/\/blogsaverroes.juntadeandalucia.es\/ceipmariamoreno\/files\/2022\/04\/SloganPatiosDinamicos-768x150.png 768w, https:\/\/blogsaverroes.juntadeandalucia.es\/ceipmariamoreno\/files\/2022\/04\/SloganPatiosDinamicos.png 818w\" sizes=\"(max-width: 300px) 100vw, 300px\" \/><\/p>\n<p>&nbsp; <strong>&nbsp; &nbsp;<span style=\"color: #3366ff\">Patios<\/span> <span style=\"color: #cfcf65\">din\u00e1micos <\/span><span style=\"color: #ff0000\">Los Pedroches<\/span><\/strong> somos un equipo formado por maestros y maestras que promovemos el recreo inclusivo en la zona norte de C\u00f3rdoba.<\/p>\n<p>&nbsp; &nbsp; &nbsp;Nuestro fin es la prevenci\u00f3n del acoso escolar y favorecer una buena convivencia a trav\u00e9s del juego accesible, haciendo uso de una herramienta de inclusi\u00f3n social como es el programa Patios y Parques din\u00e1micos de Gey Lagar.<\/p>\n<p>&nbsp; &nbsp; &nbsp;Desde hace unos a\u00f1os, a trav\u00e9s de grupos de trabajo, formaciones en centros y formaciones en distintos Centros del Profesorado, mejoramos nuestra pr\u00e1ctica y nos hemos ido adaptando a la situaci\u00f3n actual de Covid-19 para que nuestro alumnado con necesidades de apoyo en el tiempo de recreo pueda disfrutar de ese tiempo de ocio y disfrute en horario lectivo.<\/p>\n<p>&nbsp; &nbsp; &nbsp;A continuaci\u00f3n os dejamos una presentaci\u00f3n donde se explica m\u00e1s detalladamente el proyecto: &nbsp;&nbsp; &nbsp;&nbsp; &nbsp;&nbsp; &nbsp;&nbsp; &nbsp;&nbsp; &nbsp;&nbsp; &nbsp;&nbsp; <em><span style=\"font-family: terminal, monaco, monospace;color: #0000ff\"><strong><span style=\"font-size: 12pt\"><a style=\"color: #0000ff\" title=\"Documento del Programa Patios Din\u00e1micos\" href=\"https:\/\/view.genial.ly\/619fdad280dcc40de754e00b\/video-presentation-251121-patios-los-pedroches\" target=\"_blank\" rel=\"noopener noreferrer\">ENLACE al documento<\/a><\/span><\/strong><\/span><\/em><\/p>\n<p>&nbsp;<\/p>\n<p>&nbsp;<\/p>\n","protected":false},"excerpt":{"rendered":"<p>Proyecto de Patios Din\u00e1micos Los Pedroches &nbsp; &nbsp; &nbsp;Patios din\u00e1micos Los Pedroches somos un equipo formado por maestros y maestras que promovemos el recreo inclusivo en la zona norte de C\u00f3rdoba. &nbsp; &nbsp; &nbsp;Nuestro&#46;&#46;&#46;<\/p>\n","protected":false},"author":13322,"featured_media":0,"parent":0,"menu_order":0,"comment_status":"closed","ping_status":"closed","template":"","meta":{"ngg_post_thumbnail":0,"footnotes":""},"aioseo_notices":[],"_links":{"self":[{"href":"https:\/\/blogsaverroes.juntadeandalucia.es\/ceipmariamoreno\/wp-json\/wp\/v2\/pages\/2504"}],"collection":[{"href":"https:\/\/blogsaverroes.juntadeandalucia.es\/ceipmariamoreno\/wp-json\/wp\/v2\/pages"}],"about":[{"href":"https:\/\/blogsaverroes.juntadeandalucia.es\/ceipmariamoreno\/wp-json\/wp\/v2\/types\/page"}],"author":[{"embeddable":true,"href":"https:\/\/blogsaverroes.juntadeandalucia.es\/ceipmariamoreno\/wp-json\/wp\/v2\/users\/13322"}],"replies":[{"embeddable":true,"href":"https:\/\/blogsaverroes.juntadeandalucia.es\/ceipmariamoreno\/wp-json\/wp\/v2\/comments?post=2504"}],"version-history":[{"count":4,"href":"https:\/\/blogsaverroes.juntadeandalucia.es\/ceipmariamoreno\/wp-json\/wp\/v2\/pages\/2504\/revisions"}],"predecessor-version":[{"id":2511,"href":"https:\/\/blogsaverroes.juntadeandalucia.es\/ceipmariamoreno\/wp-json\/wp\/v2\/pages\/2504\/revisions\/2511"}],"wp:attachment":[{"href":"https:\/\/blogsaverroes.juntadeandalucia.es\/ceipmariamoreno\/wp-json\/wp\/v2\/media?parent=2504"}],"curies":[{"name":"wp","href":"https:\/\/api.w.org\/{rel}","templated":true}]}}