{"id":2656,"date":"2022-04-06T12:09:30","date_gmt":"2022-04-06T11:09:30","guid":{"rendered":"https:\/\/blogsaverroes.juntadeandalucia.es\/ceipmariamoreno\/?page_id=2656"},"modified":"2022-04-06T12:09:30","modified_gmt":"2022-04-06T11:09:30","slug":"impulsa","status":"publish","type":"page","link":"https:\/\/blogsaverroes.juntadeandalucia.es\/ceipmariamoreno\/impulsa\/","title":{"rendered":"IMPULSA"},"content":{"rendered":"<header class=\"\">\n<h2 id=\"detalle_programa-impulsa-1xgre8b4e3806\" class=\"titulo\"><img loading=\"lazy\" decoding=\"async\" class=\"alignleft\" src=\"https:\/\/www.juntadeandalucia.es\/educacion\/portals\/documents\/14988\/530772\/IMG-20191025-WA0015.jpg\/1eb941f9-d897-4739-bf11-9754a17e1db4?t=1577355316354\" alt=\"Programa IMPULSA\" width=\"230\" height=\"325\"\/><\/h2>\n<\/header>\n<div class=\"contenido_detalle\">\n<section class=\"cuerpo detalle_html\">\n<div class=\"inner_cuerpo\">\n<p>&nbsp;<\/p>\n<p>&nbsp;<\/p>\n<p><strong>El Programa IMPULSA<\/strong>&nbsp;se concibe como un conjunto de actuaciones dirigidas a mejorar la formaci\u00f3n del profesorado, as\u00ed como el grado de adquisici\u00f3n de las competencias clave y la motivaci\u00f3n del alumnado en riesgo de abandono escolar. Todas las actuaciones se desarrollar\u00e1n a trav\u00e9s de experiencias innovadoras, activas y experimentales que promuevan el saber hacer del alumnado partiendo de sus conocimientos y fomentando actitudes como la autonom\u00eda, la responsabilidad, el respeto, el trabajo en equipo, la igualdad de g\u00e9nero y la atenci\u00f3n a la diversidad, en especial al alumnado con necesidades espec\u00edficas de apoyo educativo (NEAE).<\/p>\n<p><strong>Se compone de tres actuaciones diferenciadas:<\/strong><\/p>\n<ul>\n<li><strong>L\u00ednea de Actuaci\u00f3n I, Impulsa Formaci\u00f3n<\/strong>. Formaci\u00f3n para la intervenci\u00f3n en zonas desfavorecidas que consistir\u00e1 en un curso semipresencial, dividido en jornadas presenciales provinciales y un curso en el Aula Virtual de Formaci\u00f3n del Profesorado.<\/li>\n<li><strong>L\u00ednea de Actuaci\u00f3n II, Impulsa Proyectos para la Innovaci\u00f3n Educativa<\/strong>. Los centros docentes p\u00fablicos elaborar\u00e1n proyectos con medidas y actuaciones innovadoras espec\u00edficas que contribuyan al \u00e9xito educativo y a la prevenci\u00f3n del abandono escolar en consonancia con sus planes y programas.<\/li>\n<li><strong>L\u00ednea de Actuaci\u00f3n III, Impulsa Proyectos Socio-educativos<\/strong>. Los centros docentes p\u00fablicos elaborar\u00e1n proyectos destinados a la puesta en pr\u00e1ctica y mejora de las competencias clave y la educaci\u00f3n en valores adquiridos por el alumnado en los centros, a partir de experiencias motivadoras tales como semanas culturales, inmersiones ling\u00fc\u00edsticas, campamentos de rob\u00f3tica, campus de experiencias, etc.<\/li>\n<\/ul>\n<\/div>\n<\/section>\n<\/div>\n","protected":false},"excerpt":{"rendered":"<p>&nbsp; &nbsp; El Programa IMPULSA&nbsp;se concibe como un conjunto de actuaciones dirigidas a mejorar la formaci\u00f3n del profesorado, as\u00ed como el grado de adquisici\u00f3n de las competencias clave y la motivaci\u00f3n del alumnado en&#46;&#46;&#46;<\/p>\n","protected":false},"author":13322,"featured_media":0,"parent":0,"menu_order":0,"comment_status":"closed","ping_status":"closed","template":"","meta":{"ngg_post_thumbnail":0,"footnotes":""},"aioseo_notices":[],"_links":{"self":[{"href":"https:\/\/blogsaverroes.juntadeandalucia.es\/ceipmariamoreno\/wp-json\/wp\/v2\/pages\/2656"}],"collection":[{"href":"https:\/\/blogsaverroes.juntadeandalucia.es\/ceipmariamoreno\/wp-json\/wp\/v2\/pages"}],"about":[{"href":"https:\/\/blogsaverroes.juntadeandalucia.es\/ceipmariamoreno\/wp-json\/wp\/v2\/types\/page"}],"author":[{"embeddable":true,"href":"https:\/\/blogsaverroes.juntadeandalucia.es\/ceipmariamoreno\/wp-json\/wp\/v2\/users\/13322"}],"replies":[{"embeddable":true,"href":"https:\/\/blogsaverroes.juntadeandalucia.es\/ceipmariamoreno\/wp-json\/wp\/v2\/comments?post=2656"}],"version-history":[{"count":1,"href":"https:\/\/blogsaverroes.juntadeandalucia.es\/ceipmariamoreno\/wp-json\/wp\/v2\/pages\/2656\/revisions"}],"predecessor-version":[{"id":2657,"href":"https:\/\/blogsaverroes.juntadeandalucia.es\/ceipmariamoreno\/wp-json\/wp\/v2\/pages\/2656\/revisions\/2657"}],"wp:attachment":[{"href":"https:\/\/blogsaverroes.juntadeandalucia.es\/ceipmariamoreno\/wp-json\/wp\/v2\/media?parent=2656"}],"curies":[{"name":"wp","href":"https:\/\/api.w.org\/{rel}","templated":true}]}}