{"id":4351,"date":"2024-06-26T18:50:05","date_gmt":"2024-06-26T17:50:05","guid":{"rendered":"https:\/\/blogsaverroes.juntadeandalucia.es\/ceipmariamoreno\/?page_id=4351"},"modified":"2025-09-16T06:19:58","modified_gmt":"2025-09-16T05:19:58","slug":"revista-escolar","status":"publish","type":"page","link":"https:\/\/blogsaverroes.juntadeandalucia.es\/ceipmariamoreno\/revista-escolar\/","title":{"rendered":"Revista Escolar"},"content":{"rendered":"<h1>Moreno <em>News<\/em> curso 2024\/2025<\/h1>\n<p><a href=\"https:\/\/drive.google.com\/file\/d\/12ZjXsaHYEC2VcbALdEOa734sHyVsVsU4\/view?usp=drivesdk\"><img loading=\"lazy\" decoding=\"async\" class=\"aligncenter wp-image-5169\" src=\"https:\/\/blogsaverroes.juntadeandalucia.es\/ceipmariamoreno\/files\/2025\/09\/IMG_0519-795x1024.jpeg\" alt=\"\" width=\"481\" height=\"619\" srcset=\"https:\/\/blogsaverroes.juntadeandalucia.es\/ceipmariamoreno\/files\/2025\/09\/IMG_0519-795x1024.jpeg 795w, https:\/\/blogsaverroes.juntadeandalucia.es\/ceipmariamoreno\/files\/2025\/09\/IMG_0519-233x300.jpeg 233w, https:\/\/blogsaverroes.juntadeandalucia.es\/ceipmariamoreno\/files\/2025\/09\/IMG_0519-768x989.jpeg 768w, https:\/\/blogsaverroes.juntadeandalucia.es\/ceipmariamoreno\/files\/2025\/09\/IMG_0519-1193x1536.jpeg 1193w, https:\/\/blogsaverroes.juntadeandalucia.es\/ceipmariamoreno\/files\/2025\/09\/IMG_0519.jpeg 1576w\" sizes=\"(max-width: 481px) 100vw, 481px\" \/><\/a><\/p>\n<p><a href=\"https:\/\/drive.google.com\/file\/d\/12ZjXsaHYEC2VcbALdEOa734sHyVsVsU4\/view?usp=drivesdk\" target=\"_blank\" rel=\"noopener\">Mar\u00eda Moreno News 2024\/25. Equipo de Superh\u00e9roes. PDF<\/a><\/p>\n<h1>Moreno <em>News<\/em> curso 2023\/2024<\/h1>\n<p><a title=\"Moreno News 2023\/2024\" href=\"https:\/\/drive.google.com\/file\/d\/1xzJIFo3gxUQnmYW9pB8sLUprkg5bxzYt\/view?usp=sharing\"><img loading=\"lazy\" decoding=\"async\" class=\"aligncenter size-full wp-image-4349\" src=\"https:\/\/blogsaverroes.juntadeandalucia.es\/ceipmariamoreno\/files\/2024\/06\/Captura-de-pantalla-2024-06-26-a-las-19.38.49.png\" alt=\"\" width=\"481\" height=\"684\" srcset=\"https:\/\/blogsaverroes.juntadeandalucia.es\/ceipmariamoreno\/files\/2024\/06\/Captura-de-pantalla-2024-06-26-a-las-19.38.49.png 481w, https:\/\/blogsaverroes.juntadeandalucia.es\/ceipmariamoreno\/files\/2024\/06\/Captura-de-pantalla-2024-06-26-a-las-19.38.49-211x300.png 211w\" sizes=\"(max-width: 481px) 100vw, 481px\" \/><\/a><\/p>\n<p>&nbsp;<\/p>\n<h1>Moreno <em>News<\/em> curso 2022\/2023<\/h1>\n<p>Nuestra revista escolar tuvo el orgullo de recibir el Primer Premio en el concurso de Peri\u00f3dicos Escolares convocado por la Delegaci\u00f3n Territorial de Desarrollo Educativo y Formaci\u00f3n Profesional junto a Cajasur durante el curso 2022\/2023. Puedes ampliar informaci\u00f3n a trav\u00e9s del siguiente enlace: <a href=\"https:\/\/blogsaverroes.juntadeandalucia.es\/ceipmariamoreno\/obtenemos-el-primer-premio-en-la-xxvii-convocatoria-de-periodicos-escolares\/\">Obtenemos el PRIMER PREMIO en la XXVII Convocatoria de Peri\u00f3dicos Escolares<\/a><\/p>\n<p><a href=\"https:\/\/drive.google.com\/file\/d\/1ONHXJHlmendsmA9_AzSUFEANsNi_WZL0\/view\"><img loading=\"lazy\" decoding=\"async\" class=\"aligncenter size-full wp-image-4348\" src=\"https:\/\/blogsaverroes.juntadeandalucia.es\/ceipmariamoreno\/files\/2024\/06\/Captura-de-pantalla-2024-06-26-a-las-19.32.18.png\" alt=\"\" width=\"402\" height=\"567\" srcset=\"https:\/\/blogsaverroes.juntadeandalucia.es\/ceipmariamoreno\/files\/2024\/06\/Captura-de-pantalla-2024-06-26-a-las-19.32.18.png 402w, https:\/\/blogsaverroes.juntadeandalucia.es\/ceipmariamoreno\/files\/2024\/06\/Captura-de-pantalla-2024-06-26-a-las-19.32.18-213x300.png 213w\" sizes=\"(max-width: 402px) 100vw, 402px\" \/><\/a><\/p>\n","protected":false},"excerpt":{"rendered":"<p>Moreno News curso 2024\/2025 Mar\u00eda Moreno News 2024\/25. Equipo de Superh\u00e9roes. PDF Moreno News curso 2023\/2024 &nbsp; Moreno News curso 2022\/2023 Nuestra revista escolar tuvo el orgullo de recibir el Primer Premio en el&#46;&#46;&#46;<\/p>\n","protected":false},"author":13322,"featured_media":0,"parent":0,"menu_order":0,"comment_status":"closed","ping_status":"closed","template":"","meta":{"ngg_post_thumbnail":0,"footnotes":""},"aioseo_notices":[],"_links":{"self":[{"href":"https:\/\/blogsaverroes.juntadeandalucia.es\/ceipmariamoreno\/wp-json\/wp\/v2\/pages\/4351"}],"collection":[{"href":"https:\/\/blogsaverroes.juntadeandalucia.es\/ceipmariamoreno\/wp-json\/wp\/v2\/pages"}],"about":[{"href":"https:\/\/blogsaverroes.juntadeandalucia.es\/ceipmariamoreno\/wp-json\/wp\/v2\/types\/page"}],"author":[{"embeddable":true,"href":"https:\/\/blogsaverroes.juntadeandalucia.es\/ceipmariamoreno\/wp-json\/wp\/v2\/users\/13322"}],"replies":[{"embeddable":true,"href":"https:\/\/blogsaverroes.juntadeandalucia.es\/ceipmariamoreno\/wp-json\/wp\/v2\/comments?post=4351"}],"version-history":[{"count":6,"href":"https:\/\/blogsaverroes.juntadeandalucia.es\/ceipmariamoreno\/wp-json\/wp\/v2\/pages\/4351\/revisions"}],"predecessor-version":[{"id":5174,"href":"https:\/\/blogsaverroes.juntadeandalucia.es\/ceipmariamoreno\/wp-json\/wp\/v2\/pages\/4351\/revisions\/5174"}],"wp:attachment":[{"href":"https:\/\/blogsaverroes.juntadeandalucia.es\/ceipmariamoreno\/wp-json\/wp\/v2\/media?parent=4351"}],"curies":[{"name":"wp","href":"https:\/\/api.w.org\/{rel}","templated":true}]}}