{"id":4228,"date":"2022-08-16T11:47:49","date_gmt":"2022-08-16T11:47:49","guid":{"rendered":"https:\/\/blogsaverroes.juntadeandalucia.es\/unidadesdidacticasdeptval\/?page_id=4228"},"modified":"2022-08-16T11:47:49","modified_gmt":"2022-08-16T11:47:49","slug":"aula-matinal","status":"publish","type":"page","link":"https:\/\/blogsaverroes.juntadeandalucia.es\/ceipmariazambrano\/servicios-del-centro\/aula-matinal\/","title":{"rendered":"Aula matinal"},"content":{"rendered":"<p style=\"text-align: justify\"><span style=\"font-size: 12pt\"><strong>DOCUMENTACION A&nbsp; ADJUNTAR &nbsp;PARA ACREDITAR LAS SITUACIONES FAMILIARES<\/strong><\/span><\/p>\n<ol style=\"text-align: justify\">\n<li><span style=\"font-size: 12pt\">&nbsp;Las solicitudes,&nbsp; v\u00eda presencial, &nbsp;para los servicios complementarios ser\u00e1n&nbsp; &nbsp; &nbsp;presentadas y firmadas por el padre o la madre.<\/span><\/li>\n<li><span style=\"font-size: 12pt\">Para acreditar que la guardia y custodia es ejercida por una \u00fanica persona se adjuntara &nbsp;original y copia del Libro de Familia o documento judicial que lo acredite (Fotocopia a 1 cara).<\/span><\/li>\n<li><span style=\"font-size: 12pt\">Para acreditar la situaci\u00f3n laboral es necesario adjuntar un informe de la vida laboral y una certificaci\u00f3n de la duraci\u00f3n de la jornada laboral y el horario de trabajo, no anterior al 24 de mayo.<\/span><\/li>\n<li><span style=\"font-size: 12pt\">En caso de ser funcionario, para acreditar la situaci\u00f3n laboral, se adjuntar\u00e1 un certificado de la unidad de recursos humanos y certificaci\u00f3n de la duraci\u00f3n de la jornada y horario de trabajo.<\/span><\/li>\n<li><span style=\"font-size: 12pt\">En caso de &nbsp;ser empresario se debe adjuntar certificaci\u00f3n de alta en el impuesto de actividades econ\u00f3micas o alta en el censo de empresarios o copia autenticada de la licencia de apertura o alta en la seguridad social y declaraci\u00f3n responsable del horario de la actividad.<\/span><\/li>\n<li><span style=\"font-size: 12pt\">En caso de realizar estudios, alguno de los guardadores, que conduzcan a una titulaci\u00f3n oficial se tendr\u00e1 que acreditar mediante certificado que especifique dichos estudios y el horario de los mismos.<\/span><\/li>\n<li><span style=\"font-size: 12pt\">El alumnado incluido durante el presente curso en el Plan PRAI ser\u00e1 incluido tambi\u00e9n de oficio para el pr\u00f3ximo curso y por tanto, en el cupo de situaciones de dificultad social extrema. Para ser incluido en dicho plan por primera vez se debe aportar certificado de los servicios sociales comunitarios.<\/span><\/li>\n<li><span style=\"font-size: 12pt\">La situaci\u00f3n de tutela por la Consejer\u00eda competente en materia de protecci\u00f3n de menores se acreditar\u00e1 mediante certificado.<\/span><\/li>\n<li><span style=\"font-size: 12pt\">En el caso de hijos\/as de mujeres v\u00edctimas de violencia de g\u00e9nero y que se encuentren en centros de acogida se debe acreditar mediante certificado del titular del centro.<\/span><\/li>\n<li><span style=\"font-size: 12pt\">En caso de v\u00edctimas de terrorismo, tanto del hijo\/a como de sus guardadores, se acreditar\u00e1 mediante certificado de la Consejer\u00eda competente.<\/span><\/li>\n<li><span style=\"font-size: 12pt\">Certificado de la Consejer\u00eda competente en materia de dependencia para acreditar tal situaci\u00f3n de algunos de los guardadores.<\/span><\/li>\n<\/ol>\n<p style=\"text-align: justify\"><span style=\"font-size: 12pt\">Esta documentaci\u00f3n se podr\u00e1 presentar hasta el 8 de junio como \u00faltimo d\u00eda.<\/span><\/p>\n<p><span style=\"font-size: 12pt\">&nbsp;&nbsp;&nbsp;&nbsp;&nbsp;&nbsp;&nbsp;&nbsp;&nbsp;&nbsp;&nbsp;&nbsp;&nbsp;&nbsp;&nbsp;&nbsp;&nbsp;&nbsp;&nbsp;&nbsp;&nbsp;&nbsp;&nbsp;&nbsp;&nbsp;&nbsp;&nbsp;&nbsp;&nbsp;&nbsp;&nbsp;&nbsp;&nbsp;&nbsp;&nbsp;&nbsp;&nbsp;&nbsp;&nbsp;&nbsp;&nbsp;&nbsp;&nbsp;&nbsp;&nbsp;&nbsp;&nbsp;&nbsp;&nbsp;&nbsp;&nbsp;&nbsp;&nbsp;&nbsp;&nbsp;&nbsp;&nbsp;&nbsp;&nbsp;&nbsp;&nbsp;&nbsp;&nbsp;&nbsp;&nbsp;&nbsp;&nbsp;&nbsp; &nbsp;&nbsp;&nbsp;&nbsp;&nbsp;&nbsp;&nbsp;&nbsp;&nbsp;&nbsp;&nbsp;&nbsp;&nbsp;&nbsp;&nbsp;&nbsp;&nbsp;&nbsp;&nbsp;&nbsp;&nbsp;&nbsp;&nbsp;&nbsp;&nbsp;&nbsp;&nbsp;&nbsp;&nbsp;&nbsp;24\/05\/2021<\/span><\/p>\n<p><span style=\"font-size: 12pt\">&nbsp; &nbsp; &nbsp; &nbsp; &nbsp; &nbsp; &nbsp; &nbsp; &nbsp; &nbsp; &nbsp; &nbsp; &nbsp; &nbsp; &nbsp; &nbsp; &nbsp; &nbsp; &nbsp; &nbsp; &nbsp; &nbsp; &nbsp; &nbsp; &nbsp; &nbsp; &nbsp; &nbsp; &nbsp; &nbsp; &nbsp; &nbsp; &nbsp; &nbsp; &nbsp; &nbsp; &nbsp; &nbsp; &nbsp; &nbsp; &nbsp; &nbsp; &nbsp; &nbsp; &nbsp; &nbsp; &nbsp; &nbsp; &nbsp;LA DIRECCI\u00d3N<\/span><\/p>\n<p><span style=\"font-size: 12pt\"><strong>ATENCI\u00d3N. AVISO IMPORTANTE.<\/strong><\/span><\/p>\n<p><span style=\"font-size: 12pt\">Los documentos que se adjunten por v\u00eda telem\u00e1tica deber\u00e1n ser en formato pdf.<\/span><\/p>\n","protected":false},"excerpt":{"rendered":"<p>DOCUMENTACION A&nbsp; ADJUNTAR &nbsp;PARA ACREDITAR LAS SITUACIONES FAMILIARES &nbsp;Las solicitudes,&nbsp; v\u00eda presencial, &nbsp;para los servicios complementarios ser\u00e1n&nbsp; &nbsp; &nbsp;presentadas y&#46;&#46;&#46;<\/p>\n","protected":false},"author":15544,"featured_media":0,"parent":4226,"menu_order":0,"comment_status":"closed","ping_status":"closed","template":"","meta":{"ngg_post_thumbnail":0,"footnotes":""},"aioseo_notices":[],"_links":{"self":[{"href":"https:\/\/blogsaverroes.juntadeandalucia.es\/ceipmariazambrano\/wp-json\/wp\/v2\/pages\/4228"}],"collection":[{"href":"https:\/\/blogsaverroes.juntadeandalucia.es\/ceipmariazambrano\/wp-json\/wp\/v2\/pages"}],"about":[{"href":"https:\/\/blogsaverroes.juntadeandalucia.es\/ceipmariazambrano\/wp-json\/wp\/v2\/types\/page"}],"author":[{"embeddable":true,"href":"https:\/\/blogsaverroes.juntadeandalucia.es\/ceipmariazambrano\/wp-json\/wp\/v2\/users\/15544"}],"replies":[{"embeddable":true,"href":"https:\/\/blogsaverroes.juntadeandalucia.es\/ceipmariazambrano\/wp-json\/wp\/v2\/comments?post=4228"}],"version-history":[{"count":0,"href":"https:\/\/blogsaverroes.juntadeandalucia.es\/ceipmariazambrano\/wp-json\/wp\/v2\/pages\/4228\/revisions"}],"up":[{"embeddable":true,"href":"https:\/\/blogsaverroes.juntadeandalucia.es\/ceipmariazambrano\/wp-json\/wp\/v2\/pages\/4226"}],"wp:attachment":[{"href":"https:\/\/blogsaverroes.juntadeandalucia.es\/ceipmariazambrano\/wp-json\/wp\/v2\/media?parent=4228"}],"curies":[{"name":"wp","href":"https:\/\/api.w.org\/{rel}","templated":true}]}}

<p style="text-align: justify"><span style="font-size: 12pt"><strong>DOCUMENTACION A&nbsp; ADJUNTAR &nbsp;PARA ACREDITAR LAS SITUACIONES FAMILIARES</strong></span></p>
<ol style="text-align: justify">
<li><span style="font-size: 12pt">&nbsp;Las solicitudes,&nbsp; vía presencial, &nbsp;para los servicios complementarios serán&nbsp; &nbsp; &nbsp;presentadas y firmadas por el padre o la madre.</span></li>
<li><span style="font-size: 12pt">Para acreditar que la guardia y custodia es ejercida por una única persona se adjuntara &nbsp;original y copia del Libro de Familia o documento judicial que lo acredite (Fotocopia a 1 cara).</span></li>
<li><span style="font-size: 12pt">Para acreditar la situación laboral es necesario adjuntar un informe de la vida laboral y una certificación de la duración de la jornada laboral y el horario de trabajo, no anterior al 24 de mayo.</span></li>
<li><span style="font-size: 12pt">En caso de ser funcionario, para acreditar la situación laboral, se adjuntará un certificado de la unidad de recursos humanos y certificación de la duración de la jornada y horario de trabajo.</span></li>
<li><span style="font-size: 12pt">En caso de &nbsp;ser empresario se debe adjuntar certificación de alta en el impuesto de actividades económicas o alta en el censo de empresarios o copia autenticada de la licencia de apertura o alta en la seguridad social y declaración responsable del horario de la actividad.</span></li>
<li><span style="font-size: 12pt">En caso de realizar estudios, alguno de los guardadores, que conduzcan a una titulación oficial se tendrá que acreditar mediante certificado que especifique dichos estudios y el horario de los mismos.</span></li>
<li><span style="font-size: 12pt">El alumnado incluido durante el presente curso en el Plan PRAI será incluido también de oficio para el próximo curso y por tanto, en el cupo de situaciones de dificultad social extrema. Para ser incluido en dicho plan por primera vez se debe aportar certificado de los servicios sociales comunitarios.</span></li>
<li><span style="font-size: 12pt">La situación de tutela por la Consejería competente en materia de protección de menores se acreditará mediante certificado.</span></li>
<li><span style="font-size: 12pt">En el caso de hijos/as de mujeres víctimas de violencia de género y que se encuentren en centros de acogida se debe acreditar mediante certificado del titular del centro.</span></li>
<li><span style="font-size: 12pt">En caso de víctimas de terrorismo, tanto del hijo/a como de sus guardadores, se acreditará mediante certificado de la Consejería competente.</span></li>
<li><span style="font-size: 12pt">Certificado de la Consejería competente en materia de dependencia para acreditar tal situación de algunos de los guardadores.</span></li>
</ol>
<p style="text-align: justify"><span style="font-size: 12pt">Esta documentación se podrá presentar hasta el 8 de junio como último día.</span></p>
<p><span style="font-size: 12pt">&nbsp;&nbsp;&nbsp;&nbsp;&nbsp;&nbsp;&nbsp;&nbsp;&nbsp;&nbsp;&nbsp;&nbsp;&nbsp;&nbsp;&nbsp;&nbsp;&nbsp;&nbsp;&nbsp;&nbsp;&nbsp;&nbsp;&nbsp;&nbsp;&nbsp;&nbsp;&nbsp;&nbsp;&nbsp;&nbsp;&nbsp;&nbsp;&nbsp;&nbsp;&nbsp;&nbsp;&nbsp;&nbsp;&nbsp;&nbsp;&nbsp;&nbsp;&nbsp;&nbsp;&nbsp;&nbsp;&nbsp;&nbsp;&nbsp;&nbsp;&nbsp;&nbsp;&nbsp;&nbsp;&nbsp;&nbsp;&nbsp;&nbsp;&nbsp;&nbsp;&nbsp;&nbsp;&nbsp;&nbsp;&nbsp;&nbsp;&nbsp;&nbsp; &nbsp;&nbsp;&nbsp;&nbsp;&nbsp;&nbsp;&nbsp;&nbsp;&nbsp;&nbsp;&nbsp;&nbsp;&nbsp;&nbsp;&nbsp;&nbsp;&nbsp;&nbsp;&nbsp;&nbsp;&nbsp;&nbsp;&nbsp;&nbsp;&nbsp;&nbsp;&nbsp;&nbsp;&nbsp;&nbsp;24/05/2021</span></p>
<p><span style="font-size: 12pt">&nbsp; &nbsp; &nbsp; &nbsp; &nbsp; &nbsp; &nbsp; &nbsp; &nbsp; &nbsp; &nbsp; &nbsp; &nbsp; &nbsp; &nbsp; &nbsp; &nbsp; &nbsp; &nbsp; &nbsp; &nbsp; &nbsp; &nbsp; &nbsp; &nbsp; &nbsp; &nbsp; &nbsp; &nbsp; &nbsp; &nbsp; &nbsp; &nbsp; &nbsp; &nbsp; &nbsp; &nbsp; &nbsp; &nbsp; &nbsp; &nbsp; &nbsp; &nbsp; &nbsp; &nbsp; &nbsp; &nbsp; &nbsp; &nbsp;LA DIRECCIÓN</span></p>
<p><span style="font-size: 12pt"><strong>ATENCIÓN. AVISO IMPORTANTE.</strong></span></p>
<p><span style="font-size: 12pt">Los documentos que se adjunten por vía telemática deberán ser en formato pdf.</span></p>

<p>DOCUMENTACION A&nbsp; ADJUNTAR &nbsp;PARA ACREDITAR LAS SITUACIONES FAMILIARES &nbsp;Las solicitudes,&nbsp; vía presencial, &nbsp;para los servicios complementarios serán&nbsp; &nbsp; &nbsp;presentadas y&#46;&#46;&#46;</p>
