{"id":35,"date":"2015-03-13T08:21:43","date_gmt":"2015-03-13T08:21:43","guid":{"rendered":"http:\/\/blogsaverroes.juntadeandalucia.es\/pre\/ceip\/?page_id=35"},"modified":"2022-11-26T08:34:58","modified_gmt":"2022-11-26T06:34:58","slug":"el-centro-2","status":"publish","type":"page","link":"https:\/\/blogsaverroes.juntadeandalucia.es\/ceipmarquesdeguadalcazar\/el-centro-2\/","title":{"rendered":"Datos del centro"},"content":{"rendered":"<p>&nbsp;<\/p>\n<p><a href=\"https:\/\/www.google.es\/maps\/place\/Colegio+P%C3%BAblico+Marqu%C3%A9s+de+Guadalcazar\/@37.7592099,-4.937581,15z\/data=!4m5!3m4!1s0x0:0x633e685d2bf78901!8m2!3d37.7592099!4d-4.937581\">C.E.I.P. Marqu\u00e9s de Guadalc\u00e1zar<\/a><\/p>\n<p><strong>Direcci\u00f3n:<\/strong> &nbsp;C<em>\/ M\u00aa Isidra de Guzm\u00e1n s\/n &#8211; 14130- Guadalc\u00e1zar (C\u00f3rdoba).<\/em><\/p>\n<p>&nbsp;<br \/>\n<iframe loading=\"lazy\" src=\"https:\/\/www.google.com\/maps\/embed?pb=!1m18!1m12!1m3!1d3154.31396846377!2d-4.940515485190944!3d37.75923572082729!2m3!1f0!2f0!3f0!3m2!1i1024!2i768!4f13.1!3m3!1m2!1s0xd6d2ee4a837b60d%3A0x633e685d2bf78901!2sColegio%20P%C3%BAblico%20Marqu%C3%A9s%20de%20Guadalcazar!5e0!3m2!1ses!2ses!4v1669233748482!5m2!1ses!2ses\" width=\"600\" height=\"450\"><\/iframe><br \/>\n<strong>Tel\u00e9fono \/ FAX: 957734500\/957734501<\/strong><br \/>\n<strong>Email:<\/strong> 14004038.edu@juntadeandalucia.es<\/p>\n<h4><strong>Horarios<\/strong><\/h4>\n<p>Aula Matinal: de 7:30 h a 9:00 h.<\/p>\n<p>E.S.O.: de 8:30 h. a 15:00 h.<\/p>\n<p>Educ.Infantil y Primaria: de 9:00 h a 14:00 h.<\/p>\n<p>Comedor: de 14:00 h a 16:00 h.<\/p>\n<h4><strong>Oferta educativa<\/strong><\/h4>\n<p>El Centro imparte ense\u00f1anzas desde Educaci\u00f3n Infantil de 3 a\u00f1os hasta Primer Ciclo de ESO.<\/p>\n<p>&nbsp;<\/p>\n<h4>Instalaciones<\/h4>\n<p>&nbsp;&nbsp;&nbsp;&nbsp; <a href=\"https:\/\/blogsaverroes.juntadeandalucia.es\/ceipmarquesdeguadalcazar\/files\/2015\/03\/CAM00935.jpg\"><img loading=\"lazy\" decoding=\"async\" class=\"alignnone wp-image-2248\" src=\"https:\/\/blogsaverroes.juntadeandalucia.es\/ceipmarquesdeguadalcazar\/files\/2015\/03\/CAM00935-300x225.jpg\" alt=\"\" width=\"233\" height=\"175\" srcset=\"https:\/\/blogsaverroes.juntadeandalucia.es\/ceipmarquesdeguadalcazar\/files\/2015\/03\/CAM00935-300x225.jpg 300w, https:\/\/blogsaverroes.juntadeandalucia.es\/ceipmarquesdeguadalcazar\/files\/2015\/03\/CAM00935-1024x768.jpg 1024w, https:\/\/blogsaverroes.juntadeandalucia.es\/ceipmarquesdeguadalcazar\/files\/2015\/03\/CAM00935-24x18.jpg 24w, https:\/\/blogsaverroes.juntadeandalucia.es\/ceipmarquesdeguadalcazar\/files\/2015\/03\/CAM00935-36x27.jpg 36w, https:\/\/blogsaverroes.juntadeandalucia.es\/ceipmarquesdeguadalcazar\/files\/2015\/03\/CAM00935-48x36.jpg 48w\" sizes=\"(max-width: 233px) 100vw, 233px\" \/><\/a> <a href=\"https:\/\/blogsaverroes.juntadeandalucia.es\/ceipmarquesdeguadalcazar\/files\/2015\/03\/CAM00933.jpg\"><img loading=\"lazy\" decoding=\"async\" class=\"alignnone wp-image-2247\" src=\"https:\/\/blogsaverroes.juntadeandalucia.es\/ceipmarquesdeguadalcazar\/files\/2015\/03\/CAM00933-300x225.jpg\" alt=\"\" width=\"234\" height=\"176\" srcset=\"https:\/\/blogsaverroes.juntadeandalucia.es\/ceipmarquesdeguadalcazar\/files\/2015\/03\/CAM00933-300x225.jpg 300w, https:\/\/blogsaverroes.juntadeandalucia.es\/ceipmarquesdeguadalcazar\/files\/2015\/03\/CAM00933-1024x768.jpg 1024w, https:\/\/blogsaverroes.juntadeandalucia.es\/ceipmarquesdeguadalcazar\/files\/2015\/03\/CAM00933-24x18.jpg 24w, https:\/\/blogsaverroes.juntadeandalucia.es\/ceipmarquesdeguadalcazar\/files\/2015\/03\/CAM00933-36x27.jpg 36w, https:\/\/blogsaverroes.juntadeandalucia.es\/ceipmarquesdeguadalcazar\/files\/2015\/03\/CAM00933-48x36.jpg 48w\" sizes=\"(max-width: 234px) 100vw, 234px\" \/><\/a> <a href=\"https:\/\/blogsaverroes.juntadeandalucia.es\/ceipmarquesdeguadalcazar\/files\/2015\/03\/CAM00932.jpg\"><img loading=\"lazy\" decoding=\"async\" class=\"alignnone wp-image-2246\" src=\"https:\/\/blogsaverroes.juntadeandalucia.es\/ceipmarquesdeguadalcazar\/files\/2015\/03\/CAM00932-300x225.jpg\" alt=\"\" width=\"232\" height=\"174\" srcset=\"https:\/\/blogsaverroes.juntadeandalucia.es\/ceipmarquesdeguadalcazar\/files\/2015\/03\/CAM00932-300x225.jpg 300w, https:\/\/blogsaverroes.juntadeandalucia.es\/ceipmarquesdeguadalcazar\/files\/2015\/03\/CAM00932-1024x768.jpg 1024w, https:\/\/blogsaverroes.juntadeandalucia.es\/ceipmarquesdeguadalcazar\/files\/2015\/03\/CAM00932-24x18.jpg 24w, https:\/\/blogsaverroes.juntadeandalucia.es\/ceipmarquesdeguadalcazar\/files\/2015\/03\/CAM00932-36x27.jpg 36w, https:\/\/blogsaverroes.juntadeandalucia.es\/ceipmarquesdeguadalcazar\/files\/2015\/03\/CAM00932-48x36.jpg 48w\" sizes=\"(max-width: 232px) 100vw, 232px\" \/><\/a><a href=\"https:\/\/blogsaverroes.juntadeandalucia.es\/ceipmarquesdeguadalcazar\/files\/2015\/03\/CAM00929.jpg\"><img loading=\"lazy\" decoding=\"async\" class=\"alignnone wp-image-2244\" src=\"https:\/\/blogsaverroes.juntadeandalucia.es\/ceipmarquesdeguadalcazar\/files\/2015\/03\/CAM00929-300x225.jpg\" alt=\"\" width=\"272\" height=\"204\" srcset=\"https:\/\/blogsaverroes.juntadeandalucia.es\/ceipmarquesdeguadalcazar\/files\/2015\/03\/CAM00929-300x225.jpg 300w, https:\/\/blogsaverroes.juntadeandalucia.es\/ceipmarquesdeguadalcazar\/files\/2015\/03\/CAM00929-1024x768.jpg 1024w, https:\/\/blogsaverroes.juntadeandalucia.es\/ceipmarquesdeguadalcazar\/files\/2015\/03\/CAM00929-24x18.jpg 24w, https:\/\/blogsaverroes.juntadeandalucia.es\/ceipmarquesdeguadalcazar\/files\/2015\/03\/CAM00929-36x27.jpg 36w, https:\/\/blogsaverroes.juntadeandalucia.es\/ceipmarquesdeguadalcazar\/files\/2015\/03\/CAM00929-48x36.jpg 48w\" sizes=\"(max-width: 272px) 100vw, 272px\" \/><\/a><img loading=\"lazy\" decoding=\"async\" class=\"alignnone wp-image-2245\" src=\"https:\/\/blogsaverroes.juntadeandalucia.es\/ceipmarquesdeguadalcazar\/files\/2015\/03\/CAM00930-225x300.jpg\" alt=\"\" width=\"207\" height=\"276\" srcset=\"https:\/\/blogsaverroes.juntadeandalucia.es\/ceipmarquesdeguadalcazar\/files\/2015\/03\/CAM00930-225x300.jpg 225w, https:\/\/blogsaverroes.juntadeandalucia.es\/ceipmarquesdeguadalcazar\/files\/2015\/03\/CAM00930-768x1024.jpg 768w, https:\/\/blogsaverroes.juntadeandalucia.es\/ceipmarquesdeguadalcazar\/files\/2015\/03\/CAM00930-18x24.jpg 18w, https:\/\/blogsaverroes.juntadeandalucia.es\/ceipmarquesdeguadalcazar\/files\/2015\/03\/CAM00930-27x36.jpg 27w, https:\/\/blogsaverroes.juntadeandalucia.es\/ceipmarquesdeguadalcazar\/files\/2015\/03\/CAM00930-36x48.jpg 36w, https:\/\/blogsaverroes.juntadeandalucia.es\/ceipmarquesdeguadalcazar\/files\/2015\/03\/CAM00930.jpg 1920w\" sizes=\"(max-width: 207px) 100vw, 207px\" \/> &nbsp; <a href=\"https:\/\/blogsaverroes.juntadeandalucia.es\/ceipmarquesdeguadalcazar\/files\/2015\/03\/CAM00927.jpg\"><img loading=\"lazy\" decoding=\"async\" class=\"alignnone wp-image-2242\" src=\"https:\/\/blogsaverroes.juntadeandalucia.es\/ceipmarquesdeguadalcazar\/files\/2015\/03\/CAM00927-300x225.jpg\" alt=\"\" width=\"271\" height=\"203\" srcset=\"https:\/\/blogsaverroes.juntadeandalucia.es\/ceipmarquesdeguadalcazar\/files\/2015\/03\/CAM00927-300x225.jpg 300w, https:\/\/blogsaverroes.juntadeandalucia.es\/ceipmarquesdeguadalcazar\/files\/2015\/03\/CAM00927-1024x768.jpg 1024w, https:\/\/blogsaverroes.juntadeandalucia.es\/ceipmarquesdeguadalcazar\/files\/2015\/03\/CAM00927-24x18.jpg 24w, https:\/\/blogsaverroes.juntadeandalucia.es\/ceipmarquesdeguadalcazar\/files\/2015\/03\/CAM00927-36x27.jpg 36w, https:\/\/blogsaverroes.juntadeandalucia.es\/ceipmarquesdeguadalcazar\/files\/2015\/03\/CAM00927-48x36.jpg 48w\" sizes=\"(max-width: 271px) 100vw, 271px\" \/><\/a> <a href=\"https:\/\/blogsaverroes.juntadeandalucia.es\/ceipmarquesdeguadalcazar\/files\/2015\/03\/CAM00925.jpg\"><img loading=\"lazy\" decoding=\"async\" class=\"alignnone wp-image-2241\" src=\"https:\/\/blogsaverroes.juntadeandalucia.es\/ceipmarquesdeguadalcazar\/files\/2015\/03\/CAM00925-300x225.jpg\" alt=\"\" width=\"255\" height=\"191\" srcset=\"https:\/\/blogsaverroes.juntadeandalucia.es\/ceipmarquesdeguadalcazar\/files\/2015\/03\/CAM00925-300x225.jpg 300w, https:\/\/blogsaverroes.juntadeandalucia.es\/ceipmarquesdeguadalcazar\/files\/2015\/03\/CAM00925-1024x768.jpg 1024w, https:\/\/blogsaverroes.juntadeandalucia.es\/ceipmarquesdeguadalcazar\/files\/2015\/03\/CAM00925-24x18.jpg 24w, https:\/\/blogsaverroes.juntadeandalucia.es\/ceipmarquesdeguadalcazar\/files\/2015\/03\/CAM00925-36x27.jpg 36w, https:\/\/blogsaverroes.juntadeandalucia.es\/ceipmarquesdeguadalcazar\/files\/2015\/03\/CAM00925-48x36.jpg 48w\" sizes=\"(max-width: 255px) 100vw, 255px\" \/><\/a> <a href=\"https:\/\/blogsaverroes.juntadeandalucia.es\/ceipmarquesdeguadalcazar\/files\/2021\/11\/Escalera-cole.jpg\"><img loading=\"lazy\" decoding=\"async\" class=\"alignnone size-medium wp-image-2509\" src=\"https:\/\/blogsaverroes.juntadeandalucia.es\/ceipmarquesdeguadalcazar\/files\/2021\/11\/Escalera-cole-225x300.jpg\" alt=\"\" width=\"225\" height=\"300\" srcset=\"https:\/\/blogsaverroes.juntadeandalucia.es\/ceipmarquesdeguadalcazar\/files\/2021\/11\/Escalera-cole-225x300.jpg 225w, https:\/\/blogsaverroes.juntadeandalucia.es\/ceipmarquesdeguadalcazar\/files\/2021\/11\/Escalera-cole.jpg 480w\" sizes=\"(max-width: 225px) 100vw, 225px\" \/><\/a><a href=\"https:\/\/blogsaverroes.juntadeandalucia.es\/ceipmarquesdeguadalcazar\/files\/2015\/03\/CAM00918.jpg\"><img loading=\"lazy\" decoding=\"async\" class=\"alignnone wp-image-2239\" src=\"https:\/\/blogsaverroes.juntadeandalucia.es\/ceipmarquesdeguadalcazar\/files\/2015\/03\/CAM00918-225x300.jpg\" alt=\"\" width=\"200\" height=\"267\" srcset=\"https:\/\/blogsaverroes.juntadeandalucia.es\/ceipmarquesdeguadalcazar\/files\/2015\/03\/CAM00918-225x300.jpg 225w, https:\/\/blogsaverroes.juntadeandalucia.es\/ceipmarquesdeguadalcazar\/files\/2015\/03\/CAM00918-768x1024.jpg 768w, https:\/\/blogsaverroes.juntadeandalucia.es\/ceipmarquesdeguadalcazar\/files\/2015\/03\/CAM00918-18x24.jpg 18w, https:\/\/blogsaverroes.juntadeandalucia.es\/ceipmarquesdeguadalcazar\/files\/2015\/03\/CAM00918-27x36.jpg 27w, https:\/\/blogsaverroes.juntadeandalucia.es\/ceipmarquesdeguadalcazar\/files\/2015\/03\/CAM00918-36x48.jpg 36w, https:\/\/blogsaverroes.juntadeandalucia.es\/ceipmarquesdeguadalcazar\/files\/2015\/03\/CAM00918.jpg 1920w\" sizes=\"(max-width: 200px) 100vw, 200px\" \/><\/a><a href=\"https:\/\/blogsaverroes.juntadeandalucia.es\/ceipmarquesdeguadalcazar\/files\/2022\/11\/Captura-de-pantalla-2022-11-21-195344.png\"><img loading=\"lazy\" decoding=\"async\" class=\"alignnone size-medium wp-image-2690\" src=\"https:\/\/blogsaverroes.juntadeandalucia.es\/ceipmarquesdeguadalcazar\/files\/2022\/11\/Captura-de-pantalla-2022-11-21-195344-300x73.png\" alt=\"\" width=\"300\" height=\"73\" srcset=\"https:\/\/blogsaverroes.juntadeandalucia.es\/ceipmarquesdeguadalcazar\/files\/2022\/11\/Captura-de-pantalla-2022-11-21-195344-300x73.png 300w, https:\/\/blogsaverroes.juntadeandalucia.es\/ceipmarquesdeguadalcazar\/files\/2022\/11\/Captura-de-pantalla-2022-11-21-195344-768x187.png 768w, https:\/\/blogsaverroes.juntadeandalucia.es\/ceipmarquesdeguadalcazar\/files\/2022\/11\/Captura-de-pantalla-2022-11-21-195344.png 1004w\" sizes=\"(max-width: 300px) 100vw, 300px\" \/><\/a><\/p>\n<p><a href=\"https:\/\/blogsaverroes.juntadeandalucia.es\/ceipmarquesdeguadalcazar\/files\/2015\/03\/CAM00914.jpg\"><img loading=\"lazy\" decoding=\"async\" class=\" wp-image-2237 alignleft\" src=\"https:\/\/blogsaverroes.juntadeandalucia.es\/ceipmarquesdeguadalcazar\/files\/2015\/03\/CAM00914-300x225.jpg\" alt=\"\" width=\"248\" height=\"186\" srcset=\"https:\/\/blogsaverroes.juntadeandalucia.es\/ceipmarquesdeguadalcazar\/files\/2015\/03\/CAM00914-300x225.jpg 300w, https:\/\/blogsaverroes.juntadeandalucia.es\/ceipmarquesdeguadalcazar\/files\/2015\/03\/CAM00914-1024x768.jpg 1024w, https:\/\/blogsaverroes.juntadeandalucia.es\/ceipmarquesdeguadalcazar\/files\/2015\/03\/CAM00914-24x18.jpg 24w, https:\/\/blogsaverroes.juntadeandalucia.es\/ceipmarquesdeguadalcazar\/files\/2015\/03\/CAM00914-36x27.jpg 36w, https:\/\/blogsaverroes.juntadeandalucia.es\/ceipmarquesdeguadalcazar\/files\/2015\/03\/CAM00914-48x36.jpg 48w\" sizes=\"(max-width: 248px) 100vw, 248px\" \/><\/a><\/p>\n","protected":false},"excerpt":{"rendered":"<p>&nbsp; C.E.I.P. Marqu\u00e9s de Guadalc\u00e1zar Direcci\u00f3n: &nbsp;C\/ M\u00aa Isidra de Guzm\u00e1n s\/n &#8211; 14130- Guadalc\u00e1zar (C\u00f3rdoba). &nbsp; Tel\u00e9fono \/ FAX: 957734500\/957734501 Email: 14004038.edu@juntadeandalucia.es Horarios Aula Matinal: de 7:30 h a 9:00 h. E.S.O.: de 8:30 h. a 15:00 h. Educ.Infantil y Primaria: de 9:00 h a 14:00 h. Comedor: de 14:00 h a 16:00 h. &hellip; <\/p>\n<p><a class=\"more-link btn\" href=\"https:\/\/blogsaverroes.juntadeandalucia.es\/ceipmarquesdeguadalcazar\/el-centro-2\/\">Seguir leyendo<\/a><\/p>\n","protected":false},"author":1,"featured_media":0,"parent":0,"menu_order":0,"comment_status":"closed","ping_status":"open","template":"page-cs.php","meta":{"ngg_post_thumbnail":0,"footnotes":"","_mc_calendar":[]},"aioseo_notices":[],"_links":{"self":[{"href":"https:\/\/blogsaverroes.juntadeandalucia.es\/ceipmarquesdeguadalcazar\/wp-json\/wp\/v2\/pages\/35"}],"collection":[{"href":"https:\/\/blogsaverroes.juntadeandalucia.es\/ceipmarquesdeguadalcazar\/wp-json\/wp\/v2\/pages"}],"about":[{"href":"https:\/\/blogsaverroes.juntadeandalucia.es\/ceipmarquesdeguadalcazar\/wp-json\/wp\/v2\/types\/page"}],"author":[{"embeddable":true,"href":"https:\/\/blogsaverroes.juntadeandalucia.es\/ceipmarquesdeguadalcazar\/wp-json\/wp\/v2\/users\/1"}],"replies":[{"embeddable":true,"href":"https:\/\/blogsaverroes.juntadeandalucia.es\/ceipmarquesdeguadalcazar\/wp-json\/wp\/v2\/comments?post=35"}],"version-history":[{"count":36,"href":"https:\/\/blogsaverroes.juntadeandalucia.es\/ceipmarquesdeguadalcazar\/wp-json\/wp\/v2\/pages\/35\/revisions"}],"predecessor-version":[{"id":2726,"href":"https:\/\/blogsaverroes.juntadeandalucia.es\/ceipmarquesdeguadalcazar\/wp-json\/wp\/v2\/pages\/35\/revisions\/2726"}],"wp:attachment":[{"href":"https:\/\/blogsaverroes.juntadeandalucia.es\/ceipmarquesdeguadalcazar\/wp-json\/wp\/v2\/media?parent=35"}],"curies":[{"name":"wp","href":"https:\/\/api.w.org\/{rel}","templated":true}]}}