{"id":869,"date":"2017-04-16T07:03:52","date_gmt":"2017-04-16T05:03:52","guid":{"rendered":"http:\/\/blogsaverroes.juntadeandalucia.es\/pre\/ceip\/?page_id=84"},"modified":"2024-10-20T12:55:21","modified_gmt":"2024-10-20T10:55:21","slug":"calendario-escolar","status":"publish","type":"page","link":"https:\/\/blogsaverroes.juntadeandalucia.es\/ceipmarquesdeguadalcazar\/calendario-escolar\/","title":{"rendered":"Calendario escolar"},"content":{"rendered":"<h4 style=\"text-align: justify\"><strong>Los d\u00edas no lectivos y festivos de la localidad son: D\u00eda de La Candelaria (2 o 3 de febrero), lunes siguiente a la celebraci\u00f3n de la Romer\u00eda de San Isidro y viernes Feria de C\u00f3rdoba. Para ver el todos los d\u00edas no lectivos pincha en el siguiente enlace:<\/strong><\/h4>\n<p><a href=\"https:\/\/www.juntadeandalucia.es\/educacion\/secretariavirtual\/consulta\/calendario-escolar\/mostrar\/\">CALENDARIO ESCOLAR DEL CURSO<\/a><\/p>\n<p>&nbsp;<\/p>\n","protected":false},"excerpt":{"rendered":"<p>Los d\u00edas no lectivos y festivos de la localidad son: D\u00eda de La Candelaria (2 o 3 de febrero), lunes siguiente a la celebraci\u00f3n de la Romer\u00eda de San Isidro y viernes Feria de C\u00f3rdoba. Para ver el todos los d\u00edas no lectivos pincha en el siguiente enlace: CALENDARIO ESCOLAR DEL CURSO &nbsp;<\/p>\n","protected":false},"author":1,"featured_media":2957,"parent":0,"menu_order":0,"comment_status":"closed","ping_status":"open","template":"","meta":{"ngg_post_thumbnail":0,"footnotes":"","_mc_calendar":{"weekends":"true","shortcode":"[my_calendar weekends=&quot;true&quot;]","append":""}},"aioseo_notices":[],"_links":{"self":[{"href":"https:\/\/blogsaverroes.juntadeandalucia.es\/ceipmarquesdeguadalcazar\/wp-json\/wp\/v2\/pages\/869"}],"collection":[{"href":"https:\/\/blogsaverroes.juntadeandalucia.es\/ceipmarquesdeguadalcazar\/wp-json\/wp\/v2\/pages"}],"about":[{"href":"https:\/\/blogsaverroes.juntadeandalucia.es\/ceipmarquesdeguadalcazar\/wp-json\/wp\/v2\/types\/page"}],"author":[{"embeddable":true,"href":"https:\/\/blogsaverroes.juntadeandalucia.es\/ceipmarquesdeguadalcazar\/wp-json\/wp\/v2\/users\/1"}],"replies":[{"embeddable":true,"href":"https:\/\/blogsaverroes.juntadeandalucia.es\/ceipmarquesdeguadalcazar\/wp-json\/wp\/v2\/comments?post=869"}],"version-history":[{"count":18,"href":"https:\/\/blogsaverroes.juntadeandalucia.es\/ceipmarquesdeguadalcazar\/wp-json\/wp\/v2\/pages\/869\/revisions"}],"predecessor-version":[{"id":3099,"href":"https:\/\/blogsaverroes.juntadeandalucia.es\/ceipmarquesdeguadalcazar\/wp-json\/wp\/v2\/pages\/869\/revisions\/3099"}],"wp:featuredmedia":[{"embeddable":true,"href":"https:\/\/blogsaverroes.juntadeandalucia.es\/ceipmarquesdeguadalcazar\/wp-json\/wp\/v2\/media\/2957"}],"wp:attachment":[{"href":"https:\/\/blogsaverroes.juntadeandalucia.es\/ceipmarquesdeguadalcazar\/wp-json\/wp\/v2\/media?parent=869"}],"curies":[{"name":"wp","href":"https:\/\/api.w.org\/{rel}","templated":true}]}}

<h4 style="text-align: justify"><strong>Los días no lectivos y festivos de la localidad son: Día de La Candelaria (2 o 3 de febrero), lunes siguiente a la celebración de la Romería de San Isidro y viernes Feria de Córdoba. Para ver el todos los días no lectivos pincha en el siguiente enlace:</strong></h4>
<p><a href="https://www.juntadeandalucia.es/educacion/secretariavirtual/consulta/calendario-escolar/mostrar/">CALENDARIO ESCOLAR DEL CURSO</a></p>
<p>&nbsp;</p>

<p>Los días no lectivos y festivos de la localidad son: Día de La Candelaria (2 o 3 de febrero), lunes siguiente a la celebración de la Romería de San Isidro y viernes Feria de Córdoba. Para ver el todos los días no lectivos pincha en el siguiente enlace: CALENDARIO ESCOLAR DEL CURSO &nbsp;</p>
